{"id":193284,"date":"2021-02-23T13:45:24","date_gmt":"2021-02-23T10:45:24","guid":{"rendered":"https:\/\/sakipsabancimuzesi.org\/shop\/?post_type=product&#038;p=193284"},"modified":"2021-03-22T12:42:00","modified_gmt":"2021-03-22T09:42:00","slug":"cevat-capan-ile-cagdas-turk-tiyatrosu-modul-1-ve-modul-2","status":"publish","type":"product","link":"https:\/\/sakipsabancimuzesi.org\/shop\/urun\/kategorilenmemis\/cevat-capan-ile-cagdas-turk-tiyatrosu-modul-1-ve-modul-2\/","title":{"rendered":"Cevat \u00c7apan ile \u00c7a\u011fda\u015f T\u00fcrk Tiyatrosu (Mod\u00fcl-1 ve Mod\u00fcl-2)"},"content":{"rendered":"<p>SSM \u00d6\u011frenme Programlar\u0131\u2019n\u0131n yeti\u015fkinlere y\u00f6nelik \u00e7evrimi\u00e7i etkinlikleri edebiyat\u00e7\u0131, yazar, \u015fair ve \u00e7evirmen Prof. Dr. Cevat \u00c7apan\u2019\u0131n \u201c\u00c7a\u011fda\u015f T\u00fcrk Tiyatrosu\u201d konulu sekiz haftal\u0131k semineriyle devam ediyor. II. D\u00fcnya Sava\u015f\u0131 sonras\u0131 d\u00f6nemde T\u00fcrk tiyatrosunun edebi metinlerine dair genel bir \u00e7er\u00e7eve sunman\u0131n ama\u00e7land\u0131\u011f\u0131 programda; Haldun Taner, Turgut \u00d6zakman, Oktay Rifat, Melih Cevdet Anday, G\u00fcng\u00f6r Dilmen, Vas\u0131f \u00d6ng\u00f6ren, V\u00fcs\u2019at O. Bener, O\u011fuz Atay, Memet Baydur ve Sevim Burak\u2019\u0131n oyunlar\u0131 incelenecek.<\/p>\n<p>Mod\u00fcl-1: Haldun Taner, <em>Sersem Kocan\u0131n Kurnaz Kar\u0131s\u0131<\/em> \/ Turgut \u00d6zakman, <em>Sar\u0131p\u0131nar 1914<\/em> \/ Oktay Rifat, <em>\u00c7il Horoz<\/em> \/ Melih Cevdet Anday, <em>Mikadonun \u00c7\u00f6pleri<\/em> \/ G\u00fcng\u00f6r Dilmen, <em>Midas\u2019\u0131n Kulaklar\u0131<\/em><\/p>\n<p>Mod\u00fcl-2: Vas\u0131f \u00d6ng\u00f6ren, <em>Zengin Mutfa\u011f\u0131<\/em> \/ V\u00fcs\u2019at O. Bener, <em>Ihlamur A\u011fac\u0131<\/em> \/ O\u011fuz Atay, <em>Oyunlarla Ya\u015fayanlar<\/em> \/ Memet Baydur, <em>Cumhuriyet K\u0131z\u0131<\/em> \/ Sevim Burak, <em>Sahibinin Sesi<\/em><\/p>\n<p>\u00d6nemli bilgiler:<\/p>\n<p>&#8211; Seminer, Zoom servisi \u00fczerinden ger\u00e7ekle\u015ftirilir. Seminere kat\u0131l\u0131m linki, sat\u0131n alma i\u015flemi sonras\u0131 g\u00f6nderilecek e-postada payla\u015f\u0131laca\u011f\u0131 i\u00e7in e-posta adresinizi belirtmeniz gerekmektedir.<\/p>\n<p>&#8211; Tek mod\u00fcl (4 hafta) i\u00e7in kay\u0131t se\u00e7ene\u011finin yan\u0131 s\u0131ra iki mod\u00fcl\u00fc de i\u00e7eren avantajl\u0131 kay\u0131t imk\u00e2n\u0131 bulunmaktad\u0131r.<\/p>\n<p>&#8211; Program sonunda kat\u0131l\u0131m belgesi verilir.<\/p>\n<p>&#8211; \u0130nternet ba\u011flant\u0131s\u0131ndan do\u011fabilecek aksakl\u0131k ve ma\u011fduriyetlerden SSM sorumlu de\u011fildir.<\/p>\n<p>&#8211; Kat\u0131l\u0131mc\u0131lar\u0131n ki\u015fisel sebeplerle seminere kat\u0131lamamas\u0131 durumunda \u00fccret iadesi veya de\u011fi\u015fiklik yap\u0131lmaz.<\/p>\n<p>&#8211; Kat\u0131l\u0131mc\u0131lar\u0131n, \u00e7evrimi\u00e7i programlar\u0131 veya bu programlar s\u0131ras\u0131nda kullan\u0131lan her t\u00fcrden g\u00f6rsel, i\u015fitsel, yaz\u0131l\u0131 materyali kaydetme, kopyalama, \u00e7o\u011faltma ve \u00fc\u00e7\u00fcnc\u00fc ki\u015filerle payla\u015fma hakk\u0131 yoktur. Aksi davran\u0131\u015flarda yasal sorumluluk kat\u0131l\u0131mc\u0131ya aittir.<\/p>\n","protected":false},"excerpt":{"rendered":"<p>Mod\u00fcl-1: 14, 21, 28 Mart ve 4 Nisan 2021, Pazar<\/p>\n<p>Mod\u00fcl-2: 11, 18, 25 Nisan ve 2 May\u0131s 2021, Pazar<\/p>\n<p>14:00-16:00<\/p>\n","protected":false},"featured_media":193273,"template":"","meta":{"_exactmetrics_skip_tracking":false,"_exactmetrics_sitenote_active":false,"_exactmetrics_sitenote_note":"","_exactmetrics_sitenote_category":0},"product_brand":[],"product_cat":[],"product_tag":[563,375,425,426,373],"woo-feed-brand":[],"class_list":{"0":"post-193284","1":"product","2":"type-product","3":"status-publish","4":"has-post-thumbnail","6":"product_tag-cagdasturktiyatrosu","7":"product_tag-cevrimici","8":"product_tag-ogrenme","9":"product_tag-seminer","10":"product_tag-yetiskin","12":"first","13":"outofstock","14":"virtual","15":"taxable","16":"purchasable","17":"product-type-simple"},"yoast_head":"<!-- This site is optimized with the Yoast SEO plugin v27.1.1 - https:\/\/yoast.com\/product\/yoast-seo-wordpress\/ -->\n<title>Cevat \u00c7apan ile \u00c7a\u011fda\u015f T\u00fcrk Tiyatrosu (Mod\u00fcl-1 ve Mod\u00fcl-2) - SSM Shop<\/title>\n<meta name=\"robots\" content=\"index, follow, max-snippet:-1, max-image-preview:large, max-video-preview:-1\" \/>\n<link rel=\"canonical\" href=\"https:\/\/sakipsabancimuzesi.org\/shop\/urun\/egitim-ve-etkinlik\/ogrenme-programlari\/yetiskin-ogrenme-programlari\/cevat-capan-ile-cagdas-turk-tiyatrosu-modul-1-ve-modul-2\/\" \/>\n<meta property=\"og:locale\" content=\"tr_TR\" \/>\n<meta property=\"og:type\" content=\"article\" \/>\n<meta property=\"og:title\" content=\"Cevat \u00c7apan ile \u00c7a\u011fda\u015f T\u00fcrk Tiyatrosu (Mod\u00fcl-1 ve Mod\u00fcl-2) - SSM Shop\" \/>\n<meta property=\"og:description\" content=\"Mod\u00fcl-1: 14, 21, 28 Mart ve 4 Nisan 2021, Pazar  Mod\u00fcl-2: 11, 18, 25 Nisan ve 2 May\u0131s 2021, Pazar  14:00-16:00\" \/>\n<meta property=\"og:url\" content=\"https:\/\/sakipsabancimuzesi.org\/shop\/urun\/egitim-ve-etkinlik\/ogrenme-programlari\/yetiskin-ogrenme-programlari\/cevat-capan-ile-cagdas-turk-tiyatrosu-modul-1-ve-modul-2\/\" \/>\n<meta property=\"og:site_name\" content=\"SSM Shop\" \/>\n<meta property=\"article:publisher\" content=\"https:\/\/www.facebook.com\/SakipSabanciMuzesi\/\" \/>\n<meta property=\"article:modified_time\" content=\"2021-03-22T09:42:00+00:00\" \/>\n<meta property=\"og:image\" content=\"https:\/\/sakipsabancimuzesi.org\/shop\/wp-content\/uploads\/2021\/02\/1280x1280-etkinlik-sayfasi.png\" \/>\n\t<meta property=\"og:image:width\" content=\"1280\" \/>\n\t<meta property=\"og:image:height\" content=\"1280\" \/>\n\t<meta property=\"og:image:type\" content=\"image\/png\" \/>\n<meta name=\"twitter:card\" content=\"summary_large_image\" \/>\n<meta name=\"twitter:label1\" content=\"Tahmini okuma s\u00fcresi\" \/>\n\t<meta name=\"twitter:data1\" content=\"2 dakika\" \/>\n<script type=\"application\/ld+json\" class=\"yoast-schema-graph\">{\"@context\":\"https:\/\/schema.org\",\"@graph\":[{\"@type\":\"WebPage\",\"@id\":\"https:\/\/sakipsabancimuzesi.org\/shop\/urun\/egitim-ve-etkinlik\/ogrenme-programlari\/yetiskin-ogrenme-programlari\/cevat-capan-ile-cagdas-turk-tiyatrosu-modul-1-ve-modul-2\/\",\"url\":\"https:\/\/sakipsabancimuzesi.org\/shop\/urun\/egitim-ve-etkinlik\/ogrenme-programlari\/yetiskin-ogrenme-programlari\/cevat-capan-ile-cagdas-turk-tiyatrosu-modul-1-ve-modul-2\/\",\"name\":\"Cevat \u00c7apan ile \u00c7a\u011fda\u015f T\u00fcrk Tiyatrosu (Mod\u00fcl-1 ve Mod\u00fcl-2) - SSM Shop\",\"isPartOf\":{\"@id\":\"https:\/\/sakipsabancimuzesi.org\/shop\/#website\"},\"primaryImageOfPage\":{\"@id\":\"https:\/\/sakipsabancimuzesi.org\/shop\/urun\/egitim-ve-etkinlik\/ogrenme-programlari\/yetiskin-ogrenme-programlari\/cevat-capan-ile-cagdas-turk-tiyatrosu-modul-1-ve-modul-2\/#primaryimage\"},\"image\":{\"@id\":\"https:\/\/sakipsabancimuzesi.org\/shop\/urun\/egitim-ve-etkinlik\/ogrenme-programlari\/yetiskin-ogrenme-programlari\/cevat-capan-ile-cagdas-turk-tiyatrosu-modul-1-ve-modul-2\/#primaryimage\"},\"thumbnailUrl\":\"https:\/\/sakipsabancimuzesi.org\/shop\/wp-content\/uploads\/2021\/02\/1280x1280-etkinlik-sayfasi.png\",\"datePublished\":\"2021-02-23T10:45:24+00:00\",\"dateModified\":\"2021-03-22T09:42:00+00:00\",\"breadcrumb\":{\"@id\":\"https:\/\/sakipsabancimuzesi.org\/shop\/urun\/egitim-ve-etkinlik\/ogrenme-programlari\/yetiskin-ogrenme-programlari\/cevat-capan-ile-cagdas-turk-tiyatrosu-modul-1-ve-modul-2\/#breadcrumb\"},\"inLanguage\":\"tr\",\"potentialAction\":[{\"@type\":\"ReadAction\",\"target\":[\"https:\/\/sakipsabancimuzesi.org\/shop\/urun\/egitim-ve-etkinlik\/ogrenme-programlari\/yetiskin-ogrenme-programlari\/cevat-capan-ile-cagdas-turk-tiyatrosu-modul-1-ve-modul-2\/\"]}]},{\"@type\":\"ImageObject\",\"inLanguage\":\"tr\",\"@id\":\"https:\/\/sakipsabancimuzesi.org\/shop\/urun\/egitim-ve-etkinlik\/ogrenme-programlari\/yetiskin-ogrenme-programlari\/cevat-capan-ile-cagdas-turk-tiyatrosu-modul-1-ve-modul-2\/#primaryimage\",\"url\":\"https:\/\/sakipsabancimuzesi.org\/shop\/wp-content\/uploads\/2021\/02\/1280x1280-etkinlik-sayfasi.png\",\"contentUrl\":\"https:\/\/sakipsabancimuzesi.org\/shop\/wp-content\/uploads\/2021\/02\/1280x1280-etkinlik-sayfasi.png\",\"width\":1280,\"height\":1280},{\"@type\":\"BreadcrumbList\",\"@id\":\"https:\/\/sakipsabancimuzesi.org\/shop\/urun\/egitim-ve-etkinlik\/ogrenme-programlari\/yetiskin-ogrenme-programlari\/cevat-capan-ile-cagdas-turk-tiyatrosu-modul-1-ve-modul-2\/#breadcrumb\",\"itemListElement\":[{\"@type\":\"ListItem\",\"position\":1,\"name\":\"Ana sayfa\",\"item\":\"https:\/\/sakipsabancimuzesi.org\/shop\/\"},{\"@type\":\"ListItem\",\"position\":2,\"name\":\"Shop\",\"item\":\"https:\/\/sakipsabancimuzesi.org\/shop\/shop\/\"},{\"@type\":\"ListItem\",\"position\":3,\"name\":\"Cevat \u00c7apan ile \u00c7a\u011fda\u015f T\u00fcrk Tiyatrosu (Mod\u00fcl-1 ve Mod\u00fcl-2)\"}]},{\"@type\":\"WebSite\",\"@id\":\"https:\/\/sakipsabancimuzesi.org\/shop\/#website\",\"url\":\"https:\/\/sakipsabancimuzesi.org\/shop\/\",\"name\":\"SSM Shop\",\"description\":\"Sak\u0131p Sabanc\u0131 M\u00fczesi, Ma\u011faza\",\"publisher\":{\"@id\":\"https:\/\/sakipsabancimuzesi.org\/shop\/#organization\"},\"potentialAction\":[{\"@type\":\"SearchAction\",\"target\":{\"@type\":\"EntryPoint\",\"urlTemplate\":\"https:\/\/sakipsabancimuzesi.org\/shop\/?s={search_term_string}\"},\"query-input\":{\"@type\":\"PropertyValueSpecification\",\"valueRequired\":true,\"valueName\":\"search_term_string\"}}],\"inLanguage\":\"tr\"},{\"@type\":\"Organization\",\"@id\":\"https:\/\/sakipsabancimuzesi.org\/shop\/#organization\",\"name\":\"SSM Shop\",\"url\":\"https:\/\/sakipsabancimuzesi.org\/shop\/\",\"logo\":{\"@type\":\"ImageObject\",\"inLanguage\":\"tr\",\"@id\":\"https:\/\/sakipsabancimuzesi.org\/shop\/#\/schema\/logo\/image\/\",\"url\":\"https:\/\/sakipsabancimuzesi.org\/shop\/wp-content\/uploads\/2019\/11\/logo.png\",\"contentUrl\":\"https:\/\/sakipsabancimuzesi.org\/shop\/wp-content\/uploads\/2019\/11\/logo.png\",\"width\":227,\"height\":87,\"caption\":\"SSM Shop\"},\"image\":{\"@id\":\"https:\/\/sakipsabancimuzesi.org\/shop\/#\/schema\/logo\/image\/\"},\"sameAs\":[\"https:\/\/www.facebook.com\/SakipSabanciMuzesi\/\"]}]}<\/script>\n<!-- \/ Yoast SEO plugin. -->","yoast_head_json":{"title":"Cevat \u00c7apan ile \u00c7a\u011fda\u015f T\u00fcrk Tiyatrosu (Mod\u00fcl-1 ve Mod\u00fcl-2) - SSM Shop","robots":{"index":"index","follow":"follow","max-snippet":"max-snippet:-1","max-image-preview":"max-image-preview:large","max-video-preview":"max-video-preview:-1"},"canonical":"https:\/\/sakipsabancimuzesi.org\/shop\/urun\/egitim-ve-etkinlik\/ogrenme-programlari\/yetiskin-ogrenme-programlari\/cevat-capan-ile-cagdas-turk-tiyatrosu-modul-1-ve-modul-2\/","og_locale":"tr_TR","og_type":"article","og_title":"Cevat \u00c7apan ile \u00c7a\u011fda\u015f T\u00fcrk Tiyatrosu (Mod\u00fcl-1 ve Mod\u00fcl-2) - SSM Shop","og_description":"Mod\u00fcl-1: 14, 21, 28 Mart ve 4 Nisan 2021, Pazar  Mod\u00fcl-2: 11, 18, 25 Nisan ve 2 May\u0131s 2021, Pazar  14:00-16:00","og_url":"https:\/\/sakipsabancimuzesi.org\/shop\/urun\/egitim-ve-etkinlik\/ogrenme-programlari\/yetiskin-ogrenme-programlari\/cevat-capan-ile-cagdas-turk-tiyatrosu-modul-1-ve-modul-2\/","og_site_name":"SSM Shop","article_publisher":"https:\/\/www.facebook.com\/SakipSabanciMuzesi\/","article_modified_time":"2021-03-22T09:42:00+00:00","og_image":[{"width":1280,"height":1280,"url":"https:\/\/sakipsabancimuzesi.org\/shop\/wp-content\/uploads\/2021\/02\/1280x1280-etkinlik-sayfasi.png","type":"image\/png"}],"twitter_card":"summary_large_image","twitter_misc":{"Tahmini okuma s\u00fcresi":"2 dakika"},"schema":{"@context":"https:\/\/schema.org","@graph":[{"@type":"WebPage","@id":"https:\/\/sakipsabancimuzesi.org\/shop\/urun\/egitim-ve-etkinlik\/ogrenme-programlari\/yetiskin-ogrenme-programlari\/cevat-capan-ile-cagdas-turk-tiyatrosu-modul-1-ve-modul-2\/","url":"https:\/\/sakipsabancimuzesi.org\/shop\/urun\/egitim-ve-etkinlik\/ogrenme-programlari\/yetiskin-ogrenme-programlari\/cevat-capan-ile-cagdas-turk-tiyatrosu-modul-1-ve-modul-2\/","name":"Cevat \u00c7apan ile \u00c7a\u011fda\u015f T\u00fcrk Tiyatrosu (Mod\u00fcl-1 ve Mod\u00fcl-2) - SSM Shop","isPartOf":{"@id":"https:\/\/sakipsabancimuzesi.org\/shop\/#website"},"primaryImageOfPage":{"@id":"https:\/\/sakipsabancimuzesi.org\/shop\/urun\/egitim-ve-etkinlik\/ogrenme-programlari\/yetiskin-ogrenme-programlari\/cevat-capan-ile-cagdas-turk-tiyatrosu-modul-1-ve-modul-2\/#primaryimage"},"image":{"@id":"https:\/\/sakipsabancimuzesi.org\/shop\/urun\/egitim-ve-etkinlik\/ogrenme-programlari\/yetiskin-ogrenme-programlari\/cevat-capan-ile-cagdas-turk-tiyatrosu-modul-1-ve-modul-2\/#primaryimage"},"thumbnailUrl":"https:\/\/sakipsabancimuzesi.org\/shop\/wp-content\/uploads\/2021\/02\/1280x1280-etkinlik-sayfasi.png","datePublished":"2021-02-23T10:45:24+00:00","dateModified":"2021-03-22T09:42:00+00:00","breadcrumb":{"@id":"https:\/\/sakipsabancimuzesi.org\/shop\/urun\/egitim-ve-etkinlik\/ogrenme-programlari\/yetiskin-ogrenme-programlari\/cevat-capan-ile-cagdas-turk-tiyatrosu-modul-1-ve-modul-2\/#breadcrumb"},"inLanguage":"tr","potentialAction":[{"@type":"ReadAction","target":["https:\/\/sakipsabancimuzesi.org\/shop\/urun\/egitim-ve-etkinlik\/ogrenme-programlari\/yetiskin-ogrenme-programlari\/cevat-capan-ile-cagdas-turk-tiyatrosu-modul-1-ve-modul-2\/"]}]},{"@type":"ImageObject","inLanguage":"tr","@id":"https:\/\/sakipsabancimuzesi.org\/shop\/urun\/egitim-ve-etkinlik\/ogrenme-programlari\/yetiskin-ogrenme-programlari\/cevat-capan-ile-cagdas-turk-tiyatrosu-modul-1-ve-modul-2\/#primaryimage","url":"https:\/\/sakipsabancimuzesi.org\/shop\/wp-content\/uploads\/2021\/02\/1280x1280-etkinlik-sayfasi.png","contentUrl":"https:\/\/sakipsabancimuzesi.org\/shop\/wp-content\/uploads\/2021\/02\/1280x1280-etkinlik-sayfasi.png","width":1280,"height":1280},{"@type":"BreadcrumbList","@id":"https:\/\/sakipsabancimuzesi.org\/shop\/urun\/egitim-ve-etkinlik\/ogrenme-programlari\/yetiskin-ogrenme-programlari\/cevat-capan-ile-cagdas-turk-tiyatrosu-modul-1-ve-modul-2\/#breadcrumb","itemListElement":[{"@type":"ListItem","position":1,"name":"Ana sayfa","item":"https:\/\/sakipsabancimuzesi.org\/shop\/"},{"@type":"ListItem","position":2,"name":"Shop","item":"https:\/\/sakipsabancimuzesi.org\/shop\/shop\/"},{"@type":"ListItem","position":3,"name":"Cevat \u00c7apan ile \u00c7a\u011fda\u015f T\u00fcrk Tiyatrosu (Mod\u00fcl-1 ve Mod\u00fcl-2)"}]},{"@type":"WebSite","@id":"https:\/\/sakipsabancimuzesi.org\/shop\/#website","url":"https:\/\/sakipsabancimuzesi.org\/shop\/","name":"SSM Shop","description":"Sak\u0131p Sabanc\u0131 M\u00fczesi, Ma\u011faza","publisher":{"@id":"https:\/\/sakipsabancimuzesi.org\/shop\/#organization"},"potentialAction":[{"@type":"SearchAction","target":{"@type":"EntryPoint","urlTemplate":"https:\/\/sakipsabancimuzesi.org\/shop\/?s={search_term_string}"},"query-input":{"@type":"PropertyValueSpecification","valueRequired":true,"valueName":"search_term_string"}}],"inLanguage":"tr"},{"@type":"Organization","@id":"https:\/\/sakipsabancimuzesi.org\/shop\/#organization","name":"SSM Shop","url":"https:\/\/sakipsabancimuzesi.org\/shop\/","logo":{"@type":"ImageObject","inLanguage":"tr","@id":"https:\/\/sakipsabancimuzesi.org\/shop\/#\/schema\/logo\/image\/","url":"https:\/\/sakipsabancimuzesi.org\/shop\/wp-content\/uploads\/2019\/11\/logo.png","contentUrl":"https:\/\/sakipsabancimuzesi.org\/shop\/wp-content\/uploads\/2019\/11\/logo.png","width":227,"height":87,"caption":"SSM Shop"},"image":{"@id":"https:\/\/sakipsabancimuzesi.org\/shop\/#\/schema\/logo\/image\/"},"sameAs":["https:\/\/www.facebook.com\/SakipSabanciMuzesi\/"]}]}},"jetpack_sharing_enabled":true,"_links":{"self":[{"href":"https:\/\/sakipsabancimuzesi.org\/shop\/wp-json\/wp\/v2\/product\/193284","targetHints":{"allow":["GET"]}}],"collection":[{"href":"https:\/\/sakipsabancimuzesi.org\/shop\/wp-json\/wp\/v2\/product"}],"about":[{"href":"https:\/\/sakipsabancimuzesi.org\/shop\/wp-json\/wp\/v2\/types\/product"}],"wp:featuredmedia":[{"embeddable":true,"href":"https:\/\/sakipsabancimuzesi.org\/shop\/wp-json\/wp\/v2\/media\/193273"}],"wp:attachment":[{"href":"https:\/\/sakipsabancimuzesi.org\/shop\/wp-json\/wp\/v2\/media?parent=193284"}],"wp:term":[{"taxonomy":"product_brand","embeddable":true,"href":"https:\/\/sakipsabancimuzesi.org\/shop\/wp-json\/wp\/v2\/product_brand?post=193284"},{"taxonomy":"product_cat","embeddable":true,"href":"https:\/\/sakipsabancimuzesi.org\/shop\/wp-json\/wp\/v2\/product_cat?post=193284"},{"taxonomy":"product_tag","embeddable":true,"href":"https:\/\/sakipsabancimuzesi.org\/shop\/wp-json\/wp\/v2\/product_tag?post=193284"},{"taxonomy":"woo-feed-brand","embeddable":true,"href":"https:\/\/sakipsabancimuzesi.org\/shop\/wp-json\/wp\/v2\/woo-feed-brand?post=193284"}],"curies":[{"name":"wp","href":"https:\/\/api.w.org\/{rel}","templated":true}]}}