{"id":253843,"date":"2022-11-07T10:42:08","date_gmt":"2022-11-07T07:42:08","guid":{"rendered":"https:\/\/sakipsabancimuzesi.org\/shop\/?post_type=product&#038;p=253843"},"modified":"2026-02-09T10:33:26","modified_gmt":"2026-02-09T07:33:26","slug":"new-york-modern-sanat-dusuncesini-nasil-caldi","status":"publish","type":"product","link":"https:\/\/sakipsabancimuzesi.org\/shop\/urun\/yayin-ve-multimedya\/kitap\/new-york-modern-sanat-dusuncesini-nasil-caldi\/","title":{"rendered":"New York Modern Sanat D\u00fc\u015f\u00fcncesini Nas\u0131l \u00c7ald\u0131"},"content":{"rendered":"<p>D\u00fcnya sanat\u0131n\u0131n merkezi Paris&#8217;ten New York&#8217;a nas\u0131l ta\u015f\u0131nd\u0131? Amerikan Soyut D\u0131\u015favurumculu\u011fu&#8217;nun, \u0130kinci D\u00fcnya Sava\u015f\u0131&#8217;ndan sonra kazand\u0131\u011f\u0131 b\u00fcy\u00fck ba\u015far\u0131n\u0131n ard\u0131nda yaln\u0131zca sanatsal nedenler mi vard\u0131? Sava\u015f \u00f6ncesinde sanat\u0131 ve sanat\u00e7\u0131y\u0131 desteklemek i\u00e7in Federal Sanat Projesi&#8217;ni y\u00fcr\u00fcrl\u00fc\u011fe sokan Amerikan h\u00fck\u00fcmetinin So\u011fuk Sava\u015f d\u00f6neminde izledi\u011fi tutum bilin\u00e7li bir sanat politikas\u0131 m\u0131yd\u0131? &#8216;\u00d6zg\u00fcrl\u00fckler \u00fclkesi&#8217; liberal Amerika, soyut sanat\u0131 bilin\u00e7li olarak m\u0131 destekledi?<\/p>\n<p>Serge Guilbaut, bir d\u00f6nemin solcu sanat\u00e7\u0131 ve ele\u015ftirmenlerinin So\u011fuk Sava\u015f d\u00f6neminde ge\u00e7irdi\u011fi ideolojik de\u011fi\u015fime odakland\u0131\u011f\u0131 bu kitab\u0131nda, Amerikan k\u00fclt\u00fcr d\u00fcnyas\u0131n\u0131n sahne arkas\u0131ndaki sanat ve siyaset a\u011f\u0131n\u0131 irdeliyor. Avangard sanat\u0131n \u00f6zerklik iddias\u0131n\u0131n bir sorgusu niteli\u011findeki &#8220;New York Modern Sanat D\u00fc\u015f\u00fcncesini Nas\u0131l \u00c7ald\u0131&#8221;, Amerikan k\u00fclt\u00fcr ve sanat d\u00fcnyas\u0131nda Anti-Stalinizim ve Tro\u00e7kizmden &#8216;sanat i\u00e7in sanat&#8217;a uzanan s\u00fcrecin ilgin\u00e7 \u00f6yk\u00fcs\u00fc.<\/p>\n<p>Yak\u0131n d\u00f6nemin sanat tarihine tutulan bir ayna, s\u0131ra d\u0131\u015f\u0131 bir sanat tarihi okumas\u0131.<\/p>\n","protected":false},"excerpt":{"rendered":"<p>D\u00fcnya sanat\u0131n\u0131n merkezi Paris&#8217;ten New York&#8217;a nas\u0131l ta\u015f\u0131nd\u0131? Amerikan Soyut D\u0131\u015favurumculu\u011fu&#8217;nun, \u0130kinci D\u00fcnya Sava\u015f\u0131&#8217;ndan sonra kazand\u0131\u011f\u0131 b\u00fcy\u00fck ba\u015far\u0131n\u0131n ard\u0131nda yaln\u0131zca sanatsal nedenler mi vard\u0131? Sava\u015f \u00f6ncesinde sanat\u0131 ve sanat\u00e7\u0131y\u0131 desteklemek i\u00e7in Federal Sanat Projesi&#8217;ni y\u00fcr\u00fcrl\u00fc\u011fe sokan Amerikan h\u00fck\u00fcmetinin So\u011fuk Sava\u015f d\u00f6neminde izledi\u011fi tutum bilin\u00e7li bir sanat politikas\u0131 m\u0131yd\u0131? &#8216;\u00d6zg\u00fcrl\u00fckler \u00fclkesi&#8217; liberal Amerika, soyut sanat\u0131 bilin\u00e7li [&#8230;]\n","protected":false},"featured_media":259418,"template":"","meta":{"_exactmetrics_skip_tracking":false,"_exactmetrics_sitenote_active":false,"_exactmetrics_sitenote_note":"","_exactmetrics_sitenote_category":0},"product_brand":[],"product_cat":[662,663],"product_tag":[774],"woo-feed-brand":[],"class_list":{"0":"post-253843","1":"product","2":"type-product","3":"status-publish","4":"has-post-thumbnail","6":"product_cat-yayin-ve-multimedya","7":"product_cat-kitap","8":"product_tag-babalargunuseckisi","10":"first","11":"instock","12":"taxable","13":"shipping-taxable","14":"purchasable","15":"product-type-simple"},"yoast_head":"<!-- This site is optimized with the Yoast SEO plugin v27.1.1 - https:\/\/yoast.com\/product\/yoast-seo-wordpress\/ -->\n<title>New York Modern Sanat D\u00fc\u015f\u00fcncesini Nas\u0131l \u00c7ald\u0131 - SSM Shop<\/title>\n<meta name=\"robots\" content=\"index, follow, max-snippet:-1, max-image-preview:large, max-video-preview:-1\" \/>\n<link rel=\"canonical\" href=\"https:\/\/sakipsabancimuzesi.org\/shop\/urun\/yayin-ve-multimedya\/kitap\/new-york-modern-sanat-dusuncesini-nasil-caldi\/\" \/>\n<meta property=\"og:locale\" content=\"tr_TR\" \/>\n<meta property=\"og:type\" content=\"article\" \/>\n<meta property=\"og:title\" content=\"New York Modern Sanat D\u00fc\u015f\u00fcncesini Nas\u0131l \u00c7ald\u0131 - SSM Shop\" \/>\n<meta property=\"og:description\" content=\"D\u00fcnya sanat\u0131n\u0131n merkezi Paris&#8217;ten New York&#8217;a nas\u0131l ta\u015f\u0131nd\u0131? Amerikan Soyut D\u0131\u015favurumculu\u011fu&#8217;nun, \u0130kinci D\u00fcnya Sava\u015f\u0131&#8217;ndan sonra kazand\u0131\u011f\u0131 b\u00fcy\u00fck ba\u015far\u0131n\u0131n ard\u0131nda yaln\u0131zca sanatsal nedenler mi vard\u0131? Sava\u015f \u00f6ncesinde sanat\u0131 ve sanat\u00e7\u0131y\u0131 desteklemek i\u00e7in Federal Sanat Projesi&#8217;ni y\u00fcr\u00fcrl\u00fc\u011fe sokan Amerikan h\u00fck\u00fcmetinin So\u011fuk Sava\u015f d\u00f6neminde izledi\u011fi tutum bilin\u00e7li bir sanat politikas\u0131 m\u0131yd\u0131? &#8216;\u00d6zg\u00fcrl\u00fckler \u00fclkesi&#8217; liberal Amerika, soyut sanat\u0131 bilin\u00e7li [...]\" \/>\n<meta property=\"og:url\" content=\"https:\/\/sakipsabancimuzesi.org\/shop\/urun\/yayin-ve-multimedya\/kitap\/new-york-modern-sanat-dusuncesini-nasil-caldi\/\" \/>\n<meta property=\"og:site_name\" content=\"SSM Shop\" \/>\n<meta property=\"article:publisher\" content=\"https:\/\/www.facebook.com\/SakipSabanciMuzesi\/\" \/>\n<meta property=\"article:modified_time\" content=\"2026-02-09T07:33:26+00:00\" \/>\n<meta property=\"og:image\" content=\"https:\/\/sakipsabancimuzesi.org\/shop\/wp-content\/uploads\/2022\/11\/New-York-Modern-Sanat-1.jpg\" \/>\n\t<meta property=\"og:image:width\" content=\"1280\" \/>\n\t<meta property=\"og:image:height\" content=\"1600\" \/>\n\t<meta property=\"og:image:type\" content=\"image\/jpeg\" \/>\n<meta name=\"twitter:card\" content=\"summary_large_image\" \/>\n<meta name=\"twitter:label1\" content=\"Tahmini okuma s\u00fcresi\" \/>\n\t<meta name=\"twitter:data1\" content=\"1 dakika\" \/>\n<script type=\"application\/ld+json\" class=\"yoast-schema-graph\">{\"@context\":\"https:\/\/schema.org\",\"@graph\":[{\"@type\":\"WebPage\",\"@id\":\"https:\/\/sakipsabancimuzesi.org\/shop\/urun\/yayin-ve-multimedya\/kitap\/new-york-modern-sanat-dusuncesini-nasil-caldi\/\",\"url\":\"https:\/\/sakipsabancimuzesi.org\/shop\/urun\/yayin-ve-multimedya\/kitap\/new-york-modern-sanat-dusuncesini-nasil-caldi\/\",\"name\":\"New York Modern Sanat D\u00fc\u015f\u00fcncesini Nas\u0131l \u00c7ald\u0131 - SSM Shop\",\"isPartOf\":{\"@id\":\"https:\/\/sakipsabancimuzesi.org\/shop\/#website\"},\"primaryImageOfPage\":{\"@id\":\"https:\/\/sakipsabancimuzesi.org\/shop\/urun\/yayin-ve-multimedya\/kitap\/new-york-modern-sanat-dusuncesini-nasil-caldi\/#primaryimage\"},\"image\":{\"@id\":\"https:\/\/sakipsabancimuzesi.org\/shop\/urun\/yayin-ve-multimedya\/kitap\/new-york-modern-sanat-dusuncesini-nasil-caldi\/#primaryimage\"},\"thumbnailUrl\":\"https:\/\/sakipsabancimuzesi.org\/shop\/wp-content\/uploads\/2022\/11\/New-York-Modern-Sanat-1.jpg\",\"datePublished\":\"2022-11-07T07:42:08+00:00\",\"dateModified\":\"2026-02-09T07:33:26+00:00\",\"breadcrumb\":{\"@id\":\"https:\/\/sakipsabancimuzesi.org\/shop\/urun\/yayin-ve-multimedya\/kitap\/new-york-modern-sanat-dusuncesini-nasil-caldi\/#breadcrumb\"},\"inLanguage\":\"tr\",\"potentialAction\":[{\"@type\":\"ReadAction\",\"target\":[\"https:\/\/sakipsabancimuzesi.org\/shop\/urun\/yayin-ve-multimedya\/kitap\/new-york-modern-sanat-dusuncesini-nasil-caldi\/\"]}]},{\"@type\":\"ImageObject\",\"inLanguage\":\"tr\",\"@id\":\"https:\/\/sakipsabancimuzesi.org\/shop\/urun\/yayin-ve-multimedya\/kitap\/new-york-modern-sanat-dusuncesini-nasil-caldi\/#primaryimage\",\"url\":\"https:\/\/sakipsabancimuzesi.org\/shop\/wp-content\/uploads\/2022\/11\/New-York-Modern-Sanat-1.jpg\",\"contentUrl\":\"https:\/\/sakipsabancimuzesi.org\/shop\/wp-content\/uploads\/2022\/11\/New-York-Modern-Sanat-1.jpg\",\"width\":1280,\"height\":1600},{\"@type\":\"BreadcrumbList\",\"@id\":\"https:\/\/sakipsabancimuzesi.org\/shop\/urun\/yayin-ve-multimedya\/kitap\/new-york-modern-sanat-dusuncesini-nasil-caldi\/#breadcrumb\",\"itemListElement\":[{\"@type\":\"ListItem\",\"position\":1,\"name\":\"Ana sayfa\",\"item\":\"https:\/\/sakipsabancimuzesi.org\/shop\/\"},{\"@type\":\"ListItem\",\"position\":2,\"name\":\"Shop\",\"item\":\"https:\/\/sakipsabancimuzesi.org\/shop\/shop\/\"},{\"@type\":\"ListItem\",\"position\":3,\"name\":\"New York Modern Sanat D\u00fc\u015f\u00fcncesini Nas\u0131l \u00c7ald\u0131\"}]},{\"@type\":\"WebSite\",\"@id\":\"https:\/\/sakipsabancimuzesi.org\/shop\/#website\",\"url\":\"https:\/\/sakipsabancimuzesi.org\/shop\/\",\"name\":\"SSM Shop\",\"description\":\"Sak\u0131p Sabanc\u0131 M\u00fczesi, Ma\u011faza\",\"publisher\":{\"@id\":\"https:\/\/sakipsabancimuzesi.org\/shop\/#organization\"},\"potentialAction\":[{\"@type\":\"SearchAction\",\"target\":{\"@type\":\"EntryPoint\",\"urlTemplate\":\"https:\/\/sakipsabancimuzesi.org\/shop\/?s={search_term_string}\"},\"query-input\":{\"@type\":\"PropertyValueSpecification\",\"valueRequired\":true,\"valueName\":\"search_term_string\"}}],\"inLanguage\":\"tr\"},{\"@type\":\"Organization\",\"@id\":\"https:\/\/sakipsabancimuzesi.org\/shop\/#organization\",\"name\":\"SSM Shop\",\"url\":\"https:\/\/sakipsabancimuzesi.org\/shop\/\",\"logo\":{\"@type\":\"ImageObject\",\"inLanguage\":\"tr\",\"@id\":\"https:\/\/sakipsabancimuzesi.org\/shop\/#\/schema\/logo\/image\/\",\"url\":\"https:\/\/sakipsabancimuzesi.org\/shop\/wp-content\/uploads\/2019\/11\/logo.png\",\"contentUrl\":\"https:\/\/sakipsabancimuzesi.org\/shop\/wp-content\/uploads\/2019\/11\/logo.png\",\"width\":227,\"height\":87,\"caption\":\"SSM Shop\"},\"image\":{\"@id\":\"https:\/\/sakipsabancimuzesi.org\/shop\/#\/schema\/logo\/image\/\"},\"sameAs\":[\"https:\/\/www.facebook.com\/SakipSabanciMuzesi\/\"]}]}<\/script>\n<!-- \/ Yoast SEO plugin. -->","yoast_head_json":{"title":"New York Modern Sanat D\u00fc\u015f\u00fcncesini Nas\u0131l \u00c7ald\u0131 - SSM Shop","robots":{"index":"index","follow":"follow","max-snippet":"max-snippet:-1","max-image-preview":"max-image-preview:large","max-video-preview":"max-video-preview:-1"},"canonical":"https:\/\/sakipsabancimuzesi.org\/shop\/urun\/yayin-ve-multimedya\/kitap\/new-york-modern-sanat-dusuncesini-nasil-caldi\/","og_locale":"tr_TR","og_type":"article","og_title":"New York Modern Sanat D\u00fc\u015f\u00fcncesini Nas\u0131l \u00c7ald\u0131 - SSM Shop","og_description":"D\u00fcnya sanat\u0131n\u0131n merkezi Paris&#8217;ten New York&#8217;a nas\u0131l ta\u015f\u0131nd\u0131? Amerikan Soyut D\u0131\u015favurumculu\u011fu&#8217;nun, \u0130kinci D\u00fcnya Sava\u015f\u0131&#8217;ndan sonra kazand\u0131\u011f\u0131 b\u00fcy\u00fck ba\u015far\u0131n\u0131n ard\u0131nda yaln\u0131zca sanatsal nedenler mi vard\u0131? Sava\u015f \u00f6ncesinde sanat\u0131 ve sanat\u00e7\u0131y\u0131 desteklemek i\u00e7in Federal Sanat Projesi&#8217;ni y\u00fcr\u00fcrl\u00fc\u011fe sokan Amerikan h\u00fck\u00fcmetinin So\u011fuk Sava\u015f d\u00f6neminde izledi\u011fi tutum bilin\u00e7li bir sanat politikas\u0131 m\u0131yd\u0131? &#8216;\u00d6zg\u00fcrl\u00fckler \u00fclkesi&#8217; liberal Amerika, soyut sanat\u0131 bilin\u00e7li [...]","og_url":"https:\/\/sakipsabancimuzesi.org\/shop\/urun\/yayin-ve-multimedya\/kitap\/new-york-modern-sanat-dusuncesini-nasil-caldi\/","og_site_name":"SSM Shop","article_publisher":"https:\/\/www.facebook.com\/SakipSabanciMuzesi\/","article_modified_time":"2026-02-09T07:33:26+00:00","og_image":[{"width":1280,"height":1600,"url":"https:\/\/sakipsabancimuzesi.org\/shop\/wp-content\/uploads\/2022\/11\/New-York-Modern-Sanat-1.jpg","type":"image\/jpeg"}],"twitter_card":"summary_large_image","twitter_misc":{"Tahmini okuma s\u00fcresi":"1 dakika"},"schema":{"@context":"https:\/\/schema.org","@graph":[{"@type":"WebPage","@id":"https:\/\/sakipsabancimuzesi.org\/shop\/urun\/yayin-ve-multimedya\/kitap\/new-york-modern-sanat-dusuncesini-nasil-caldi\/","url":"https:\/\/sakipsabancimuzesi.org\/shop\/urun\/yayin-ve-multimedya\/kitap\/new-york-modern-sanat-dusuncesini-nasil-caldi\/","name":"New York Modern Sanat D\u00fc\u015f\u00fcncesini Nas\u0131l \u00c7ald\u0131 - SSM Shop","isPartOf":{"@id":"https:\/\/sakipsabancimuzesi.org\/shop\/#website"},"primaryImageOfPage":{"@id":"https:\/\/sakipsabancimuzesi.org\/shop\/urun\/yayin-ve-multimedya\/kitap\/new-york-modern-sanat-dusuncesini-nasil-caldi\/#primaryimage"},"image":{"@id":"https:\/\/sakipsabancimuzesi.org\/shop\/urun\/yayin-ve-multimedya\/kitap\/new-york-modern-sanat-dusuncesini-nasil-caldi\/#primaryimage"},"thumbnailUrl":"https:\/\/sakipsabancimuzesi.org\/shop\/wp-content\/uploads\/2022\/11\/New-York-Modern-Sanat-1.jpg","datePublished":"2022-11-07T07:42:08+00:00","dateModified":"2026-02-09T07:33:26+00:00","breadcrumb":{"@id":"https:\/\/sakipsabancimuzesi.org\/shop\/urun\/yayin-ve-multimedya\/kitap\/new-york-modern-sanat-dusuncesini-nasil-caldi\/#breadcrumb"},"inLanguage":"tr","potentialAction":[{"@type":"ReadAction","target":["https:\/\/sakipsabancimuzesi.org\/shop\/urun\/yayin-ve-multimedya\/kitap\/new-york-modern-sanat-dusuncesini-nasil-caldi\/"]}]},{"@type":"ImageObject","inLanguage":"tr","@id":"https:\/\/sakipsabancimuzesi.org\/shop\/urun\/yayin-ve-multimedya\/kitap\/new-york-modern-sanat-dusuncesini-nasil-caldi\/#primaryimage","url":"https:\/\/sakipsabancimuzesi.org\/shop\/wp-content\/uploads\/2022\/11\/New-York-Modern-Sanat-1.jpg","contentUrl":"https:\/\/sakipsabancimuzesi.org\/shop\/wp-content\/uploads\/2022\/11\/New-York-Modern-Sanat-1.jpg","width":1280,"height":1600},{"@type":"BreadcrumbList","@id":"https:\/\/sakipsabancimuzesi.org\/shop\/urun\/yayin-ve-multimedya\/kitap\/new-york-modern-sanat-dusuncesini-nasil-caldi\/#breadcrumb","itemListElement":[{"@type":"ListItem","position":1,"name":"Ana sayfa","item":"https:\/\/sakipsabancimuzesi.org\/shop\/"},{"@type":"ListItem","position":2,"name":"Shop","item":"https:\/\/sakipsabancimuzesi.org\/shop\/shop\/"},{"@type":"ListItem","position":3,"name":"New York Modern Sanat D\u00fc\u015f\u00fcncesini Nas\u0131l \u00c7ald\u0131"}]},{"@type":"WebSite","@id":"https:\/\/sakipsabancimuzesi.org\/shop\/#website","url":"https:\/\/sakipsabancimuzesi.org\/shop\/","name":"SSM Shop","description":"Sak\u0131p Sabanc\u0131 M\u00fczesi, Ma\u011faza","publisher":{"@id":"https:\/\/sakipsabancimuzesi.org\/shop\/#organization"},"potentialAction":[{"@type":"SearchAction","target":{"@type":"EntryPoint","urlTemplate":"https:\/\/sakipsabancimuzesi.org\/shop\/?s={search_term_string}"},"query-input":{"@type":"PropertyValueSpecification","valueRequired":true,"valueName":"search_term_string"}}],"inLanguage":"tr"},{"@type":"Organization","@id":"https:\/\/sakipsabancimuzesi.org\/shop\/#organization","name":"SSM Shop","url":"https:\/\/sakipsabancimuzesi.org\/shop\/","logo":{"@type":"ImageObject","inLanguage":"tr","@id":"https:\/\/sakipsabancimuzesi.org\/shop\/#\/schema\/logo\/image\/","url":"https:\/\/sakipsabancimuzesi.org\/shop\/wp-content\/uploads\/2019\/11\/logo.png","contentUrl":"https:\/\/sakipsabancimuzesi.org\/shop\/wp-content\/uploads\/2019\/11\/logo.png","width":227,"height":87,"caption":"SSM Shop"},"image":{"@id":"https:\/\/sakipsabancimuzesi.org\/shop\/#\/schema\/logo\/image\/"},"sameAs":["https:\/\/www.facebook.com\/SakipSabanciMuzesi\/"]}]}},"jetpack_sharing_enabled":true,"_links":{"self":[{"href":"https:\/\/sakipsabancimuzesi.org\/shop\/wp-json\/wp\/v2\/product\/253843","targetHints":{"allow":["GET"]}}],"collection":[{"href":"https:\/\/sakipsabancimuzesi.org\/shop\/wp-json\/wp\/v2\/product"}],"about":[{"href":"https:\/\/sakipsabancimuzesi.org\/shop\/wp-json\/wp\/v2\/types\/product"}],"wp:featuredmedia":[{"embeddable":true,"href":"https:\/\/sakipsabancimuzesi.org\/shop\/wp-json\/wp\/v2\/media\/259418"}],"wp:attachment":[{"href":"https:\/\/sakipsabancimuzesi.org\/shop\/wp-json\/wp\/v2\/media?parent=253843"}],"wp:term":[{"taxonomy":"product_brand","embeddable":true,"href":"https:\/\/sakipsabancimuzesi.org\/shop\/wp-json\/wp\/v2\/product_brand?post=253843"},{"taxonomy":"product_cat","embeddable":true,"href":"https:\/\/sakipsabancimuzesi.org\/shop\/wp-json\/wp\/v2\/product_cat?post=253843"},{"taxonomy":"product_tag","embeddable":true,"href":"https:\/\/sakipsabancimuzesi.org\/shop\/wp-json\/wp\/v2\/product_tag?post=253843"},{"taxonomy":"woo-feed-brand","embeddable":true,"href":"https:\/\/sakipsabancimuzesi.org\/shop\/wp-json\/wp\/v2\/woo-feed-brand?post=253843"}],"curies":[{"name":"wp","href":"https:\/\/api.w.org\/{rel}","templated":true}]}}