{"id":253872,"date":"2022-11-10T16:03:14","date_gmt":"2022-11-10T13:03:14","guid":{"rendered":"https:\/\/sakipsabancimuzesi.org\/shop\/?post_type=product&#038;p=253872"},"modified":"2025-04-11T15:19:19","modified_gmt":"2025-04-11T12:19:19","slug":"modern-sanat","status":"publish","type":"product","link":"https:\/\/sakipsabancimuzesi.org\/shop\/urun\/yayin-ve-multimedya\/kitap\/modern-sanat\/","title":{"rendered":"Modern Sanat"},"content":{"rendered":"<p>Bat\u0131 sanat\u0131nda on dokuzuncu y\u00fczy\u0131l\u0131n sonu ve yirminci y\u00fczy\u0131l\u0131n ba\u015f\u0131n\u0131 kapsayan d\u00f6nemde yap\u0131lan sanatsal \u00fcretimi ifade ederken genel ba\u015fl\u0131k olarak kullan\u0131lan *Modern Sanat*, ayr\u0131nt\u0131l\u0131 bir \u00fcslup, teknik ve yorum \u00e7e\u015fitlili\u011fi bar\u0131nd\u0131r\u0131yor. Sanatta modernizmden bahsedildi\u011finde \u00f6ne \u00e7\u0131kan \u0130zlenimcilik, yaln\u0131zca akademik sanat anlay\u0131\u015f\u0131nsa ba\u015fkald\u0131r\u0131y\u0131 de\u011fil, sanat\u00e7\u0131lar\u0131n ger\u00e7ekli\u011fi, d\u00fcnyay\u0131, ya\u015fam\u0131 ve sanat\u0131 alg\u0131lay\u0131\u015flar\u0131ndaki radikal de\u011fi\u015fimi de simgeliyor. S\u00f6z konusu de\u011fi\u015fim, Bat\u0131 sanat\u0131n\u0131n seyrini k\u00f6kten de\u011fi\u015ftiren, geleneksel estetik anlay\u0131\u015f\u0131na yeni bir yorum getiren bir s\u00fcrecin ba\u015flang\u0131c\u0131na i\u015faret ediyor. \u00d6zellikle yirminci y\u00fczy\u0131l\u0131n ba\u015f\u0131nda d\u00fcnya genelinde \u00f6ne \u00e7\u0131kan ideolojik, d\u00fc\u015f\u00fcnsel, ekonomik d\u00f6n\u00fc\u015f\u00fcm, g\u00fc\u00e7 dengelerini de\u011fi\u015ftirirken k\u00fclt\u00fcr-sanat d\u00fcnyas\u0131nda da tek merkezli bak\u0131\u015f a\u00e7\u0131s\u0131n\u0131 ortadan kald\u0131ran geli\u015fmelerin g\u00fcn\u00fcm\u00fcze ula\u015fan yans\u0131malar\u0131 *\u00e7a\u011fda\u015f Bat\u0131 sanat\u0131*n\u0131n ufkunu her ge\u00e7en g\u00fcn daha da geni\u015fletiyor.<\/p>\n<p>Sanat tarih\u00e7isi ve akademisyen Nil\u00fcfer \u00d6ndin\u2019in yazd\u0131\u011f\u0131 Modern Sanat, sanatta modernizmin geli\u015fim s\u00fcrecini her y\u00f6n\u00fcyle ve neden-sonu\u00e7 ili\u015fkisi kurarak ele al\u0131yor. Okura sanat tarihsel d\u00fczlemde takip edebilece\u011fi bir rota sunan \u00d6ndin, yirminci y\u00fczy\u0131l\u0131n ba\u015f\u0131nda ya\u015fanan *\u00fcslup ve teknik patlamas\u0131* i\u00e7inde yolunu kaybetmeksizin ilerlemesini ve b\u00f6ylece ge\u00e7en s\u00fcreci sade, b\u00fct\u00fcnc\u00fcl, anla\u015f\u0131l\u0131r, bilgi dolu bir \u00e7er\u00e7eve i\u00e7inde de\u011ferlendirebilmesini sa\u011fl\u0131yor.<\/p>\n<p>Modern Sanat, estetik yarg\u0131 kriterlerinin de\u011fi\u015fiminden iki d\u00fcnya sava\u015f\u0131n\u0131n *ger\u00e7ekli\u011fi* nas\u0131l d\u00f6n\u00fc\u015ft\u00fcrd\u00fc\u011f\u00fcne, imparatorluk d\u00fczeninin yerini alan yeni siyasi rejimlerin toplumsal ya\u015fam\u0131, bireylerin fikri d\u00fcnyas\u0131n\u0131 ve belle\u011fini nas\u0131l etkiledi\u011fine, sanayi devriminin etkilerinden biri olarak g\u00fcndeme gelen kapitalizmin \u00fcretim \u00fczerindeki yans\u0131malar\u0131na da de\u011finiyor. Okurun zihninde sosyolojik, tarihsel, ekonomik ve d\u00fc\u015f\u00fcnsel altyap\u0131s\u0131yla sa\u011flam bir *Modern Sanat* fikri geli\u015ftirmesine yard\u0131mc\u0131 oluyor.<\/p>\n","protected":false},"excerpt":{"rendered":"<p>Bat\u0131 sanat\u0131nda on dokuzuncu y\u00fczy\u0131l\u0131n sonu ve yirminci y\u00fczy\u0131l\u0131n ba\u015f\u0131n\u0131 kapsayan d\u00f6nemde yap\u0131lan sanatsal \u00fcretimi ifade ederken genel ba\u015fl\u0131k olarak kullan\u0131lan *Modern Sanat*, ayr\u0131nt\u0131l\u0131 bir \u00fcslup, teknik ve yorum \u00e7e\u015fitlili\u011fi bar\u0131nd\u0131r\u0131yor. Sanatta modernizmden bahsedildi\u011finde \u00f6ne \u00e7\u0131kan \u0130zlenimcilik, yaln\u0131zca akademik sanat anlay\u0131\u015f\u0131nsa ba\u015fkald\u0131r\u0131y\u0131 de\u011fil, sanat\u00e7\u0131lar\u0131n ger\u00e7ekli\u011fi, d\u00fcnyay\u0131, ya\u015fam\u0131 ve sanat\u0131 alg\u0131lay\u0131\u015flar\u0131ndaki radikal de\u011fi\u015fimi de simgeliyor. S\u00f6z [&#8230;]\n","protected":false},"featured_media":253886,"template":"","meta":{"_exactmetrics_skip_tracking":false,"_exactmetrics_sitenote_active":false,"_exactmetrics_sitenote_note":"","_exactmetrics_sitenote_category":0},"product_brand":[],"product_cat":[662,663],"product_tag":[],"woo-feed-brand":[],"class_list":{"0":"post-253872","1":"product","2":"type-product","3":"status-publish","4":"has-post-thumbnail","6":"product_cat-yayin-ve-multimedya","7":"product_cat-kitap","9":"first","10":"instock","11":"taxable","12":"shipping-taxable","13":"purchasable","14":"product-type-simple"},"yoast_head":"<!-- This site is optimized with the Yoast SEO plugin v27.1.1 - https:\/\/yoast.com\/product\/yoast-seo-wordpress\/ -->\n<title>Modern Sanat - SSM Shop<\/title>\n<meta name=\"robots\" content=\"index, follow, max-snippet:-1, max-image-preview:large, max-video-preview:-1\" \/>\n<link rel=\"canonical\" href=\"https:\/\/sakipsabancimuzesi.org\/shop\/urun\/yayin-ve-multimedya\/kitap\/modern-sanat\/\" \/>\n<meta property=\"og:locale\" content=\"tr_TR\" \/>\n<meta property=\"og:type\" content=\"article\" \/>\n<meta property=\"og:title\" content=\"Modern Sanat - SSM Shop\" \/>\n<meta property=\"og:description\" content=\"Bat\u0131 sanat\u0131nda on dokuzuncu y\u00fczy\u0131l\u0131n sonu ve yirminci y\u00fczy\u0131l\u0131n ba\u015f\u0131n\u0131 kapsayan d\u00f6nemde yap\u0131lan sanatsal \u00fcretimi ifade ederken genel ba\u015fl\u0131k olarak kullan\u0131lan *Modern Sanat*, ayr\u0131nt\u0131l\u0131 bir \u00fcslup, teknik ve yorum \u00e7e\u015fitlili\u011fi bar\u0131nd\u0131r\u0131yor. Sanatta modernizmden bahsedildi\u011finde \u00f6ne \u00e7\u0131kan \u0130zlenimcilik, yaln\u0131zca akademik sanat anlay\u0131\u015f\u0131nsa ba\u015fkald\u0131r\u0131y\u0131 de\u011fil, sanat\u00e7\u0131lar\u0131n ger\u00e7ekli\u011fi, d\u00fcnyay\u0131, ya\u015fam\u0131 ve sanat\u0131 alg\u0131lay\u0131\u015flar\u0131ndaki radikal de\u011fi\u015fimi de simgeliyor. S\u00f6z [...]\" \/>\n<meta property=\"og:url\" content=\"https:\/\/sakipsabancimuzesi.org\/shop\/urun\/yayin-ve-multimedya\/kitap\/modern-sanat\/\" \/>\n<meta property=\"og:site_name\" content=\"SSM Shop\" \/>\n<meta property=\"article:publisher\" content=\"https:\/\/www.facebook.com\/SakipSabanciMuzesi\/\" \/>\n<meta property=\"article:modified_time\" content=\"2025-04-11T12:19:19+00:00\" \/>\n<meta property=\"og:image\" content=\"https:\/\/sakipsabancimuzesi.org\/shop\/wp-content\/uploads\/2022\/11\/Modern-Sanat.jpeg\" \/>\n\t<meta property=\"og:image:width\" content=\"1280\" \/>\n\t<meta property=\"og:image:height\" content=\"1600\" \/>\n\t<meta property=\"og:image:type\" content=\"image\/jpeg\" \/>\n<meta name=\"twitter:card\" content=\"summary_large_image\" \/>\n<meta name=\"twitter:label1\" content=\"Tahmini okuma s\u00fcresi\" \/>\n\t<meta name=\"twitter:data1\" content=\"2 dakika\" \/>\n<script type=\"application\/ld+json\" class=\"yoast-schema-graph\">{\"@context\":\"https:\/\/schema.org\",\"@graph\":[{\"@type\":\"WebPage\",\"@id\":\"https:\/\/sakipsabancimuzesi.org\/shop\/urun\/yayin-ve-multimedya\/kitap\/modern-sanat\/\",\"url\":\"https:\/\/sakipsabancimuzesi.org\/shop\/urun\/yayin-ve-multimedya\/kitap\/modern-sanat\/\",\"name\":\"Modern Sanat - SSM Shop\",\"isPartOf\":{\"@id\":\"https:\/\/sakipsabancimuzesi.org\/shop\/#website\"},\"primaryImageOfPage\":{\"@id\":\"https:\/\/sakipsabancimuzesi.org\/shop\/urun\/yayin-ve-multimedya\/kitap\/modern-sanat\/#primaryimage\"},\"image\":{\"@id\":\"https:\/\/sakipsabancimuzesi.org\/shop\/urun\/yayin-ve-multimedya\/kitap\/modern-sanat\/#primaryimage\"},\"thumbnailUrl\":\"https:\/\/sakipsabancimuzesi.org\/shop\/wp-content\/uploads\/2022\/11\/Modern-Sanat.jpeg\",\"datePublished\":\"2022-11-10T13:03:14+00:00\",\"dateModified\":\"2025-04-11T12:19:19+00:00\",\"breadcrumb\":{\"@id\":\"https:\/\/sakipsabancimuzesi.org\/shop\/urun\/yayin-ve-multimedya\/kitap\/modern-sanat\/#breadcrumb\"},\"inLanguage\":\"tr\",\"potentialAction\":[{\"@type\":\"ReadAction\",\"target\":[\"https:\/\/sakipsabancimuzesi.org\/shop\/urun\/yayin-ve-multimedya\/kitap\/modern-sanat\/\"]}]},{\"@type\":\"ImageObject\",\"inLanguage\":\"tr\",\"@id\":\"https:\/\/sakipsabancimuzesi.org\/shop\/urun\/yayin-ve-multimedya\/kitap\/modern-sanat\/#primaryimage\",\"url\":\"https:\/\/sakipsabancimuzesi.org\/shop\/wp-content\/uploads\/2022\/11\/Modern-Sanat.jpeg\",\"contentUrl\":\"https:\/\/sakipsabancimuzesi.org\/shop\/wp-content\/uploads\/2022\/11\/Modern-Sanat.jpeg\",\"width\":1280,\"height\":1600},{\"@type\":\"BreadcrumbList\",\"@id\":\"https:\/\/sakipsabancimuzesi.org\/shop\/urun\/yayin-ve-multimedya\/kitap\/modern-sanat\/#breadcrumb\",\"itemListElement\":[{\"@type\":\"ListItem\",\"position\":1,\"name\":\"Ana sayfa\",\"item\":\"https:\/\/sakipsabancimuzesi.org\/shop\/\"},{\"@type\":\"ListItem\",\"position\":2,\"name\":\"Shop\",\"item\":\"https:\/\/sakipsabancimuzesi.org\/shop\/shop\/\"},{\"@type\":\"ListItem\",\"position\":3,\"name\":\"Modern Sanat\"}]},{\"@type\":\"WebSite\",\"@id\":\"https:\/\/sakipsabancimuzesi.org\/shop\/#website\",\"url\":\"https:\/\/sakipsabancimuzesi.org\/shop\/\",\"name\":\"SSM Shop\",\"description\":\"Sak\u0131p Sabanc\u0131 M\u00fczesi, Ma\u011faza\",\"publisher\":{\"@id\":\"https:\/\/sakipsabancimuzesi.org\/shop\/#organization\"},\"potentialAction\":[{\"@type\":\"SearchAction\",\"target\":{\"@type\":\"EntryPoint\",\"urlTemplate\":\"https:\/\/sakipsabancimuzesi.org\/shop\/?s={search_term_string}\"},\"query-input\":{\"@type\":\"PropertyValueSpecification\",\"valueRequired\":true,\"valueName\":\"search_term_string\"}}],\"inLanguage\":\"tr\"},{\"@type\":\"Organization\",\"@id\":\"https:\/\/sakipsabancimuzesi.org\/shop\/#organization\",\"name\":\"SSM Shop\",\"url\":\"https:\/\/sakipsabancimuzesi.org\/shop\/\",\"logo\":{\"@type\":\"ImageObject\",\"inLanguage\":\"tr\",\"@id\":\"https:\/\/sakipsabancimuzesi.org\/shop\/#\/schema\/logo\/image\/\",\"url\":\"https:\/\/sakipsabancimuzesi.org\/shop\/wp-content\/uploads\/2019\/11\/logo.png\",\"contentUrl\":\"https:\/\/sakipsabancimuzesi.org\/shop\/wp-content\/uploads\/2019\/11\/logo.png\",\"width\":227,\"height\":87,\"caption\":\"SSM Shop\"},\"image\":{\"@id\":\"https:\/\/sakipsabancimuzesi.org\/shop\/#\/schema\/logo\/image\/\"},\"sameAs\":[\"https:\/\/www.facebook.com\/SakipSabanciMuzesi\/\"]}]}<\/script>\n<!-- \/ Yoast SEO plugin. -->","yoast_head_json":{"title":"Modern Sanat - SSM Shop","robots":{"index":"index","follow":"follow","max-snippet":"max-snippet:-1","max-image-preview":"max-image-preview:large","max-video-preview":"max-video-preview:-1"},"canonical":"https:\/\/sakipsabancimuzesi.org\/shop\/urun\/yayin-ve-multimedya\/kitap\/modern-sanat\/","og_locale":"tr_TR","og_type":"article","og_title":"Modern Sanat - SSM Shop","og_description":"Bat\u0131 sanat\u0131nda on dokuzuncu y\u00fczy\u0131l\u0131n sonu ve yirminci y\u00fczy\u0131l\u0131n ba\u015f\u0131n\u0131 kapsayan d\u00f6nemde yap\u0131lan sanatsal \u00fcretimi ifade ederken genel ba\u015fl\u0131k olarak kullan\u0131lan *Modern Sanat*, ayr\u0131nt\u0131l\u0131 bir \u00fcslup, teknik ve yorum \u00e7e\u015fitlili\u011fi bar\u0131nd\u0131r\u0131yor. Sanatta modernizmden bahsedildi\u011finde \u00f6ne \u00e7\u0131kan \u0130zlenimcilik, yaln\u0131zca akademik sanat anlay\u0131\u015f\u0131nsa ba\u015fkald\u0131r\u0131y\u0131 de\u011fil, sanat\u00e7\u0131lar\u0131n ger\u00e7ekli\u011fi, d\u00fcnyay\u0131, ya\u015fam\u0131 ve sanat\u0131 alg\u0131lay\u0131\u015flar\u0131ndaki radikal de\u011fi\u015fimi de simgeliyor. S\u00f6z [...]","og_url":"https:\/\/sakipsabancimuzesi.org\/shop\/urun\/yayin-ve-multimedya\/kitap\/modern-sanat\/","og_site_name":"SSM Shop","article_publisher":"https:\/\/www.facebook.com\/SakipSabanciMuzesi\/","article_modified_time":"2025-04-11T12:19:19+00:00","og_image":[{"width":1280,"height":1600,"url":"https:\/\/sakipsabancimuzesi.org\/shop\/wp-content\/uploads\/2022\/11\/Modern-Sanat.jpeg","type":"image\/jpeg"}],"twitter_card":"summary_large_image","twitter_misc":{"Tahmini okuma s\u00fcresi":"2 dakika"},"schema":{"@context":"https:\/\/schema.org","@graph":[{"@type":"WebPage","@id":"https:\/\/sakipsabancimuzesi.org\/shop\/urun\/yayin-ve-multimedya\/kitap\/modern-sanat\/","url":"https:\/\/sakipsabancimuzesi.org\/shop\/urun\/yayin-ve-multimedya\/kitap\/modern-sanat\/","name":"Modern Sanat - SSM Shop","isPartOf":{"@id":"https:\/\/sakipsabancimuzesi.org\/shop\/#website"},"primaryImageOfPage":{"@id":"https:\/\/sakipsabancimuzesi.org\/shop\/urun\/yayin-ve-multimedya\/kitap\/modern-sanat\/#primaryimage"},"image":{"@id":"https:\/\/sakipsabancimuzesi.org\/shop\/urun\/yayin-ve-multimedya\/kitap\/modern-sanat\/#primaryimage"},"thumbnailUrl":"https:\/\/sakipsabancimuzesi.org\/shop\/wp-content\/uploads\/2022\/11\/Modern-Sanat.jpeg","datePublished":"2022-11-10T13:03:14+00:00","dateModified":"2025-04-11T12:19:19+00:00","breadcrumb":{"@id":"https:\/\/sakipsabancimuzesi.org\/shop\/urun\/yayin-ve-multimedya\/kitap\/modern-sanat\/#breadcrumb"},"inLanguage":"tr","potentialAction":[{"@type":"ReadAction","target":["https:\/\/sakipsabancimuzesi.org\/shop\/urun\/yayin-ve-multimedya\/kitap\/modern-sanat\/"]}]},{"@type":"ImageObject","inLanguage":"tr","@id":"https:\/\/sakipsabancimuzesi.org\/shop\/urun\/yayin-ve-multimedya\/kitap\/modern-sanat\/#primaryimage","url":"https:\/\/sakipsabancimuzesi.org\/shop\/wp-content\/uploads\/2022\/11\/Modern-Sanat.jpeg","contentUrl":"https:\/\/sakipsabancimuzesi.org\/shop\/wp-content\/uploads\/2022\/11\/Modern-Sanat.jpeg","width":1280,"height":1600},{"@type":"BreadcrumbList","@id":"https:\/\/sakipsabancimuzesi.org\/shop\/urun\/yayin-ve-multimedya\/kitap\/modern-sanat\/#breadcrumb","itemListElement":[{"@type":"ListItem","position":1,"name":"Ana sayfa","item":"https:\/\/sakipsabancimuzesi.org\/shop\/"},{"@type":"ListItem","position":2,"name":"Shop","item":"https:\/\/sakipsabancimuzesi.org\/shop\/shop\/"},{"@type":"ListItem","position":3,"name":"Modern Sanat"}]},{"@type":"WebSite","@id":"https:\/\/sakipsabancimuzesi.org\/shop\/#website","url":"https:\/\/sakipsabancimuzesi.org\/shop\/","name":"SSM Shop","description":"Sak\u0131p Sabanc\u0131 M\u00fczesi, Ma\u011faza","publisher":{"@id":"https:\/\/sakipsabancimuzesi.org\/shop\/#organization"},"potentialAction":[{"@type":"SearchAction","target":{"@type":"EntryPoint","urlTemplate":"https:\/\/sakipsabancimuzesi.org\/shop\/?s={search_term_string}"},"query-input":{"@type":"PropertyValueSpecification","valueRequired":true,"valueName":"search_term_string"}}],"inLanguage":"tr"},{"@type":"Organization","@id":"https:\/\/sakipsabancimuzesi.org\/shop\/#organization","name":"SSM Shop","url":"https:\/\/sakipsabancimuzesi.org\/shop\/","logo":{"@type":"ImageObject","inLanguage":"tr","@id":"https:\/\/sakipsabancimuzesi.org\/shop\/#\/schema\/logo\/image\/","url":"https:\/\/sakipsabancimuzesi.org\/shop\/wp-content\/uploads\/2019\/11\/logo.png","contentUrl":"https:\/\/sakipsabancimuzesi.org\/shop\/wp-content\/uploads\/2019\/11\/logo.png","width":227,"height":87,"caption":"SSM Shop"},"image":{"@id":"https:\/\/sakipsabancimuzesi.org\/shop\/#\/schema\/logo\/image\/"},"sameAs":["https:\/\/www.facebook.com\/SakipSabanciMuzesi\/"]}]}},"jetpack_sharing_enabled":true,"_links":{"self":[{"href":"https:\/\/sakipsabancimuzesi.org\/shop\/wp-json\/wp\/v2\/product\/253872","targetHints":{"allow":["GET"]}}],"collection":[{"href":"https:\/\/sakipsabancimuzesi.org\/shop\/wp-json\/wp\/v2\/product"}],"about":[{"href":"https:\/\/sakipsabancimuzesi.org\/shop\/wp-json\/wp\/v2\/types\/product"}],"wp:featuredmedia":[{"embeddable":true,"href":"https:\/\/sakipsabancimuzesi.org\/shop\/wp-json\/wp\/v2\/media\/253886"}],"wp:attachment":[{"href":"https:\/\/sakipsabancimuzesi.org\/shop\/wp-json\/wp\/v2\/media?parent=253872"}],"wp:term":[{"taxonomy":"product_brand","embeddable":true,"href":"https:\/\/sakipsabancimuzesi.org\/shop\/wp-json\/wp\/v2\/product_brand?post=253872"},{"taxonomy":"product_cat","embeddable":true,"href":"https:\/\/sakipsabancimuzesi.org\/shop\/wp-json\/wp\/v2\/product_cat?post=253872"},{"taxonomy":"product_tag","embeddable":true,"href":"https:\/\/sakipsabancimuzesi.org\/shop\/wp-json\/wp\/v2\/product_tag?post=253872"},{"taxonomy":"woo-feed-brand","embeddable":true,"href":"https:\/\/sakipsabancimuzesi.org\/shop\/wp-json\/wp\/v2\/woo-feed-brand?post=253872"}],"curies":[{"name":"wp","href":"https:\/\/api.w.org\/{rel}","templated":true}]}}