{"id":253878,"date":"2022-11-10T16:15:14","date_gmt":"2022-11-10T13:15:14","guid":{"rendered":"https:\/\/sakipsabancimuzesi.org\/shop\/?post_type=product&#038;p=253878"},"modified":"2025-09-18T16:26:31","modified_gmt":"2025-09-18T13:26:31","slug":"hollanda-resminde-grup-portreciligi","status":"publish","type":"product","link":"https:\/\/sakipsabancimuzesi.org\/shop\/urun\/yayin-ve-multimedya\/kitap\/hollanda-resminde-grup-portreciligi\/","title":{"rendered":"Hollanda Resminde Grup Portrecili\u011fi"},"content":{"rendered":"<p>Sanat tarihinin akademik bir disiplin haline gelmesinde Erwin Panofsky ve Heinrich W\u00f6lfflin ile birlikte \u00f6nemli rol \u00fcstlenen Alois Riegl\u2019\u0131n yap\u0131salc\u0131 ele\u015ftiri y\u00f6ntemine yapt\u0131\u011f\u0131 katk\u0131lar, onu g\u00fcn\u00fcm\u00fczde de s\u0131k s\u0131k ba\u015fvurulan de\u011ferli bir kaynak k\u0131l\u0131yor. Yirminci y\u00fczy\u0131l\u0131n ba\u015f\u0131nda yapt\u0131\u011f\u0131 \u00e7al\u0131\u015fmalarla geli\u015ftirdi\u011fi sanat terimleri ve yazd\u0131\u011f\u0131 metinler, sanatta \u00fcslup ara\u015ft\u0131rmalar\u0131ndan kavramsal sanat\u0131n yap\u0131sal \u00e7\u00f6z\u00fcmlemesine kadar pek \u00e7ok konuda kilit ta\u015f\u0131 olmaya devam ediyor.<\/p>\n<p>47 ya\u015f\u0131nda hayata veda eden Riegl\u2019\u0131n k\u00fclt eserlerinden Hollanda Resminde Grup Portrecili\u011fi ba\u015fl\u0131kl\u0131 kitab\u0131, on yedinci y\u00fczy\u0131l Hollanda resminde \u00f6nemli bir yeri olan grup portrecili\u011fine odaklan\u0131yor. Rembrandt, Frans Hals ve Bartholomeus van der Helst gibi sanat\u00e7\u0131lar\u0131n yapt\u0131klar\u0131 grup portrelerinden yola \u00e7\u0131karak izleyicinin sanat eserleriyle ili\u015fkisine dair yorum getiren, izleyici \u00f6znenin varl\u0131\u011f\u0131ndan yola \u00e7\u0131karak i\u00e7 ve d\u0131\u015f tutarl\u0131l\u0131k kavramlar\u0131n\u0131 temel alan Riegl sanat tarihine yepyeni bir bak\u0131\u015f a\u00e7\u0131s\u0131 kazand\u0131ran tespitleri, \u00e7o\u011funlukla izleyiciyi merkeze alan g\u00fcn\u00fcm\u00fcz sanat\u0131n\u0131n de\u011ferlendirilmesine de \u0131\u015f\u0131k tutan bilgiler veriyor. Hem portredeki fig\u00fcrlerin hem de resmin izleyicisinin kompozisyonun tamamlanmas\u0131 i\u00e7in birbirlerine ihtiya\u00e7 duyduklar\u0131n\u0131 belirten Riegl, grup portrecili\u011fi gelene\u011fini \u00fc\u00e7 ana d\u00f6neme ay\u0131rarak bu ayr\u0131mlar\u0131n nas\u0131l olu\u015ftu\u011funu ve evrildi\u011fini de ayr\u0131nt\u0131yla a\u00e7\u0131kl\u0131yor.<\/p>\n<p>Sanat tarih\u00e7isi U\u015fun T\u00fckel\u2019in sunu\u015f yaz\u0131s\u0131nda belirtti\u011fi gibi etkisi disiplinin s\u0131n\u0131rlar\u0131n\u0131 a\u015fan yakla\u015f\u0131m\u0131yla Riegl\u2019\u0131n Hollanda Resminde Grup Portrecili\u011fi metni, portre betimi, a\u00e7\u0131k yap\u0131t ve al\u0131mlama esteti\u011fi ba\u015fta olmak \u00fczere sanat\u0131n dilini anlamak isteyen her okura hitap ediyor.<\/p>\n<p>(Tan\u0131t\u0131m B\u00fclteninden<\/p>\n","protected":false},"excerpt":{"rendered":"<p>Sanat tarihinin akademik bir disiplin haline gelmesinde Erwin Panofsky ve Heinrich W\u00f6lfflin ile birlikte \u00f6nemli rol \u00fcstlenen Alois Riegl\u2019\u0131n yap\u0131salc\u0131 ele\u015ftiri y\u00f6ntemine yapt\u0131\u011f\u0131 katk\u0131lar, onu g\u00fcn\u00fcm\u00fczde de s\u0131k s\u0131k ba\u015fvurulan de\u011ferli bir kaynak k\u0131l\u0131yor. Yirminci y\u00fczy\u0131l\u0131n ba\u015f\u0131nda yapt\u0131\u011f\u0131 \u00e7al\u0131\u015fmalarla geli\u015ftirdi\u011fi sanat terimleri ve yazd\u0131\u011f\u0131 metinler, sanatta \u00fcslup ara\u015ft\u0131rmalar\u0131ndan kavramsal sanat\u0131n yap\u0131sal \u00e7\u00f6z\u00fcmlemesine kadar pek \u00e7ok [&#8230;]\n","protected":false},"featured_media":253884,"template":"","meta":{"_exactmetrics_skip_tracking":false,"_exactmetrics_sitenote_active":false,"_exactmetrics_sitenote_note":"","_exactmetrics_sitenote_category":0},"product_brand":[],"product_cat":[662,663],"product_tag":[],"woo-feed-brand":[],"class_list":{"0":"post-253878","1":"product","2":"type-product","3":"status-publish","4":"has-post-thumbnail","6":"product_cat-yayin-ve-multimedya","7":"product_cat-kitap","9":"first","10":"instock","11":"taxable","12":"shipping-taxable","13":"purchasable","14":"product-type-simple"},"yoast_head":"<!-- This site is optimized with the Yoast SEO plugin v27.1.1 - https:\/\/yoast.com\/product\/yoast-seo-wordpress\/ -->\n<title>Hollanda Resminde Grup Portrecili\u011fi - SSM Shop<\/title>\n<meta name=\"robots\" content=\"index, follow, max-snippet:-1, max-image-preview:large, max-video-preview:-1\" \/>\n<link rel=\"canonical\" href=\"https:\/\/sakipsabancimuzesi.org\/shop\/urun\/yayin-ve-multimedya\/kitap\/hollanda-resminde-grup-portreciligi\/\" \/>\n<meta property=\"og:locale\" content=\"tr_TR\" \/>\n<meta property=\"og:type\" content=\"article\" \/>\n<meta property=\"og:title\" content=\"Hollanda Resminde Grup Portrecili\u011fi - SSM Shop\" \/>\n<meta property=\"og:description\" content=\"Sanat tarihinin akademik bir disiplin haline gelmesinde Erwin Panofsky ve Heinrich W\u00f6lfflin ile birlikte \u00f6nemli rol \u00fcstlenen Alois Riegl\u2019\u0131n yap\u0131salc\u0131 ele\u015ftiri y\u00f6ntemine yapt\u0131\u011f\u0131 katk\u0131lar, onu g\u00fcn\u00fcm\u00fczde de s\u0131k s\u0131k ba\u015fvurulan de\u011ferli bir kaynak k\u0131l\u0131yor. Yirminci y\u00fczy\u0131l\u0131n ba\u015f\u0131nda yapt\u0131\u011f\u0131 \u00e7al\u0131\u015fmalarla geli\u015ftirdi\u011fi sanat terimleri ve yazd\u0131\u011f\u0131 metinler, sanatta \u00fcslup ara\u015ft\u0131rmalar\u0131ndan kavramsal sanat\u0131n yap\u0131sal \u00e7\u00f6z\u00fcmlemesine kadar pek \u00e7ok [...]\" \/>\n<meta property=\"og:url\" content=\"https:\/\/sakipsabancimuzesi.org\/shop\/urun\/yayin-ve-multimedya\/kitap\/hollanda-resminde-grup-portreciligi\/\" \/>\n<meta property=\"og:site_name\" content=\"SSM Shop\" \/>\n<meta property=\"article:publisher\" content=\"https:\/\/www.facebook.com\/SakipSabanciMuzesi\/\" \/>\n<meta property=\"article:modified_time\" content=\"2025-09-18T13:26:31+00:00\" \/>\n<meta property=\"og:image\" content=\"https:\/\/sakipsabancimuzesi.org\/shop\/wp-content\/uploads\/2022\/11\/Grup-Portreciligi.jpg\" \/>\n\t<meta property=\"og:image:width\" content=\"1280\" \/>\n\t<meta property=\"og:image:height\" content=\"1600\" \/>\n\t<meta property=\"og:image:type\" content=\"image\/jpeg\" \/>\n<meta name=\"twitter:card\" content=\"summary_large_image\" \/>\n<meta name=\"twitter:label1\" content=\"Tahmini okuma s\u00fcresi\" \/>\n\t<meta name=\"twitter:data1\" content=\"2 dakika\" \/>\n<script type=\"application\/ld+json\" class=\"yoast-schema-graph\">{\"@context\":\"https:\/\/schema.org\",\"@graph\":[{\"@type\":\"WebPage\",\"@id\":\"https:\/\/sakipsabancimuzesi.org\/shop\/urun\/yayin-ve-multimedya\/kitap\/hollanda-resminde-grup-portreciligi\/\",\"url\":\"https:\/\/sakipsabancimuzesi.org\/shop\/urun\/yayin-ve-multimedya\/kitap\/hollanda-resminde-grup-portreciligi\/\",\"name\":\"Hollanda Resminde Grup Portrecili\u011fi - SSM Shop\",\"isPartOf\":{\"@id\":\"https:\/\/sakipsabancimuzesi.org\/shop\/#website\"},\"primaryImageOfPage\":{\"@id\":\"https:\/\/sakipsabancimuzesi.org\/shop\/urun\/yayin-ve-multimedya\/kitap\/hollanda-resminde-grup-portreciligi\/#primaryimage\"},\"image\":{\"@id\":\"https:\/\/sakipsabancimuzesi.org\/shop\/urun\/yayin-ve-multimedya\/kitap\/hollanda-resminde-grup-portreciligi\/#primaryimage\"},\"thumbnailUrl\":\"https:\/\/sakipsabancimuzesi.org\/shop\/wp-content\/uploads\/2022\/11\/Grup-Portreciligi.jpg\",\"datePublished\":\"2022-11-10T13:15:14+00:00\",\"dateModified\":\"2025-09-18T13:26:31+00:00\",\"breadcrumb\":{\"@id\":\"https:\/\/sakipsabancimuzesi.org\/shop\/urun\/yayin-ve-multimedya\/kitap\/hollanda-resminde-grup-portreciligi\/#breadcrumb\"},\"inLanguage\":\"tr\",\"potentialAction\":[{\"@type\":\"ReadAction\",\"target\":[\"https:\/\/sakipsabancimuzesi.org\/shop\/urun\/yayin-ve-multimedya\/kitap\/hollanda-resminde-grup-portreciligi\/\"]}]},{\"@type\":\"ImageObject\",\"inLanguage\":\"tr\",\"@id\":\"https:\/\/sakipsabancimuzesi.org\/shop\/urun\/yayin-ve-multimedya\/kitap\/hollanda-resminde-grup-portreciligi\/#primaryimage\",\"url\":\"https:\/\/sakipsabancimuzesi.org\/shop\/wp-content\/uploads\/2022\/11\/Grup-Portreciligi.jpg\",\"contentUrl\":\"https:\/\/sakipsabancimuzesi.org\/shop\/wp-content\/uploads\/2022\/11\/Grup-Portreciligi.jpg\",\"width\":1280,\"height\":1600},{\"@type\":\"BreadcrumbList\",\"@id\":\"https:\/\/sakipsabancimuzesi.org\/shop\/urun\/yayin-ve-multimedya\/kitap\/hollanda-resminde-grup-portreciligi\/#breadcrumb\",\"itemListElement\":[{\"@type\":\"ListItem\",\"position\":1,\"name\":\"Ana sayfa\",\"item\":\"https:\/\/sakipsabancimuzesi.org\/shop\/\"},{\"@type\":\"ListItem\",\"position\":2,\"name\":\"Shop\",\"item\":\"https:\/\/sakipsabancimuzesi.org\/shop\/shop\/\"},{\"@type\":\"ListItem\",\"position\":3,\"name\":\"Hollanda Resminde Grup Portrecili\u011fi\"}]},{\"@type\":\"WebSite\",\"@id\":\"https:\/\/sakipsabancimuzesi.org\/shop\/#website\",\"url\":\"https:\/\/sakipsabancimuzesi.org\/shop\/\",\"name\":\"SSM Shop\",\"description\":\"Sak\u0131p Sabanc\u0131 M\u00fczesi, Ma\u011faza\",\"publisher\":{\"@id\":\"https:\/\/sakipsabancimuzesi.org\/shop\/#organization\"},\"potentialAction\":[{\"@type\":\"SearchAction\",\"target\":{\"@type\":\"EntryPoint\",\"urlTemplate\":\"https:\/\/sakipsabancimuzesi.org\/shop\/?s={search_term_string}\"},\"query-input\":{\"@type\":\"PropertyValueSpecification\",\"valueRequired\":true,\"valueName\":\"search_term_string\"}}],\"inLanguage\":\"tr\"},{\"@type\":\"Organization\",\"@id\":\"https:\/\/sakipsabancimuzesi.org\/shop\/#organization\",\"name\":\"SSM Shop\",\"url\":\"https:\/\/sakipsabancimuzesi.org\/shop\/\",\"logo\":{\"@type\":\"ImageObject\",\"inLanguage\":\"tr\",\"@id\":\"https:\/\/sakipsabancimuzesi.org\/shop\/#\/schema\/logo\/image\/\",\"url\":\"https:\/\/sakipsabancimuzesi.org\/shop\/wp-content\/uploads\/2019\/11\/logo.png\",\"contentUrl\":\"https:\/\/sakipsabancimuzesi.org\/shop\/wp-content\/uploads\/2019\/11\/logo.png\",\"width\":227,\"height\":87,\"caption\":\"SSM Shop\"},\"image\":{\"@id\":\"https:\/\/sakipsabancimuzesi.org\/shop\/#\/schema\/logo\/image\/\"},\"sameAs\":[\"https:\/\/www.facebook.com\/SakipSabanciMuzesi\/\"]}]}<\/script>\n<!-- \/ Yoast SEO plugin. -->","yoast_head_json":{"title":"Hollanda Resminde Grup Portrecili\u011fi - SSM Shop","robots":{"index":"index","follow":"follow","max-snippet":"max-snippet:-1","max-image-preview":"max-image-preview:large","max-video-preview":"max-video-preview:-1"},"canonical":"https:\/\/sakipsabancimuzesi.org\/shop\/urun\/yayin-ve-multimedya\/kitap\/hollanda-resminde-grup-portreciligi\/","og_locale":"tr_TR","og_type":"article","og_title":"Hollanda Resminde Grup Portrecili\u011fi - SSM Shop","og_description":"Sanat tarihinin akademik bir disiplin haline gelmesinde Erwin Panofsky ve Heinrich W\u00f6lfflin ile birlikte \u00f6nemli rol \u00fcstlenen Alois Riegl\u2019\u0131n yap\u0131salc\u0131 ele\u015ftiri y\u00f6ntemine yapt\u0131\u011f\u0131 katk\u0131lar, onu g\u00fcn\u00fcm\u00fczde de s\u0131k s\u0131k ba\u015fvurulan de\u011ferli bir kaynak k\u0131l\u0131yor. Yirminci y\u00fczy\u0131l\u0131n ba\u015f\u0131nda yapt\u0131\u011f\u0131 \u00e7al\u0131\u015fmalarla geli\u015ftirdi\u011fi sanat terimleri ve yazd\u0131\u011f\u0131 metinler, sanatta \u00fcslup ara\u015ft\u0131rmalar\u0131ndan kavramsal sanat\u0131n yap\u0131sal \u00e7\u00f6z\u00fcmlemesine kadar pek \u00e7ok [...]","og_url":"https:\/\/sakipsabancimuzesi.org\/shop\/urun\/yayin-ve-multimedya\/kitap\/hollanda-resminde-grup-portreciligi\/","og_site_name":"SSM Shop","article_publisher":"https:\/\/www.facebook.com\/SakipSabanciMuzesi\/","article_modified_time":"2025-09-18T13:26:31+00:00","og_image":[{"width":1280,"height":1600,"url":"https:\/\/sakipsabancimuzesi.org\/shop\/wp-content\/uploads\/2022\/11\/Grup-Portreciligi.jpg","type":"image\/jpeg"}],"twitter_card":"summary_large_image","twitter_misc":{"Tahmini okuma s\u00fcresi":"2 dakika"},"schema":{"@context":"https:\/\/schema.org","@graph":[{"@type":"WebPage","@id":"https:\/\/sakipsabancimuzesi.org\/shop\/urun\/yayin-ve-multimedya\/kitap\/hollanda-resminde-grup-portreciligi\/","url":"https:\/\/sakipsabancimuzesi.org\/shop\/urun\/yayin-ve-multimedya\/kitap\/hollanda-resminde-grup-portreciligi\/","name":"Hollanda Resminde Grup Portrecili\u011fi - SSM Shop","isPartOf":{"@id":"https:\/\/sakipsabancimuzesi.org\/shop\/#website"},"primaryImageOfPage":{"@id":"https:\/\/sakipsabancimuzesi.org\/shop\/urun\/yayin-ve-multimedya\/kitap\/hollanda-resminde-grup-portreciligi\/#primaryimage"},"image":{"@id":"https:\/\/sakipsabancimuzesi.org\/shop\/urun\/yayin-ve-multimedya\/kitap\/hollanda-resminde-grup-portreciligi\/#primaryimage"},"thumbnailUrl":"https:\/\/sakipsabancimuzesi.org\/shop\/wp-content\/uploads\/2022\/11\/Grup-Portreciligi.jpg","datePublished":"2022-11-10T13:15:14+00:00","dateModified":"2025-09-18T13:26:31+00:00","breadcrumb":{"@id":"https:\/\/sakipsabancimuzesi.org\/shop\/urun\/yayin-ve-multimedya\/kitap\/hollanda-resminde-grup-portreciligi\/#breadcrumb"},"inLanguage":"tr","potentialAction":[{"@type":"ReadAction","target":["https:\/\/sakipsabancimuzesi.org\/shop\/urun\/yayin-ve-multimedya\/kitap\/hollanda-resminde-grup-portreciligi\/"]}]},{"@type":"ImageObject","inLanguage":"tr","@id":"https:\/\/sakipsabancimuzesi.org\/shop\/urun\/yayin-ve-multimedya\/kitap\/hollanda-resminde-grup-portreciligi\/#primaryimage","url":"https:\/\/sakipsabancimuzesi.org\/shop\/wp-content\/uploads\/2022\/11\/Grup-Portreciligi.jpg","contentUrl":"https:\/\/sakipsabancimuzesi.org\/shop\/wp-content\/uploads\/2022\/11\/Grup-Portreciligi.jpg","width":1280,"height":1600},{"@type":"BreadcrumbList","@id":"https:\/\/sakipsabancimuzesi.org\/shop\/urun\/yayin-ve-multimedya\/kitap\/hollanda-resminde-grup-portreciligi\/#breadcrumb","itemListElement":[{"@type":"ListItem","position":1,"name":"Ana sayfa","item":"https:\/\/sakipsabancimuzesi.org\/shop\/"},{"@type":"ListItem","position":2,"name":"Shop","item":"https:\/\/sakipsabancimuzesi.org\/shop\/shop\/"},{"@type":"ListItem","position":3,"name":"Hollanda Resminde Grup Portrecili\u011fi"}]},{"@type":"WebSite","@id":"https:\/\/sakipsabancimuzesi.org\/shop\/#website","url":"https:\/\/sakipsabancimuzesi.org\/shop\/","name":"SSM Shop","description":"Sak\u0131p Sabanc\u0131 M\u00fczesi, Ma\u011faza","publisher":{"@id":"https:\/\/sakipsabancimuzesi.org\/shop\/#organization"},"potentialAction":[{"@type":"SearchAction","target":{"@type":"EntryPoint","urlTemplate":"https:\/\/sakipsabancimuzesi.org\/shop\/?s={search_term_string}"},"query-input":{"@type":"PropertyValueSpecification","valueRequired":true,"valueName":"search_term_string"}}],"inLanguage":"tr"},{"@type":"Organization","@id":"https:\/\/sakipsabancimuzesi.org\/shop\/#organization","name":"SSM Shop","url":"https:\/\/sakipsabancimuzesi.org\/shop\/","logo":{"@type":"ImageObject","inLanguage":"tr","@id":"https:\/\/sakipsabancimuzesi.org\/shop\/#\/schema\/logo\/image\/","url":"https:\/\/sakipsabancimuzesi.org\/shop\/wp-content\/uploads\/2019\/11\/logo.png","contentUrl":"https:\/\/sakipsabancimuzesi.org\/shop\/wp-content\/uploads\/2019\/11\/logo.png","width":227,"height":87,"caption":"SSM Shop"},"image":{"@id":"https:\/\/sakipsabancimuzesi.org\/shop\/#\/schema\/logo\/image\/"},"sameAs":["https:\/\/www.facebook.com\/SakipSabanciMuzesi\/"]}]}},"jetpack_sharing_enabled":true,"_links":{"self":[{"href":"https:\/\/sakipsabancimuzesi.org\/shop\/wp-json\/wp\/v2\/product\/253878","targetHints":{"allow":["GET"]}}],"collection":[{"href":"https:\/\/sakipsabancimuzesi.org\/shop\/wp-json\/wp\/v2\/product"}],"about":[{"href":"https:\/\/sakipsabancimuzesi.org\/shop\/wp-json\/wp\/v2\/types\/product"}],"wp:featuredmedia":[{"embeddable":true,"href":"https:\/\/sakipsabancimuzesi.org\/shop\/wp-json\/wp\/v2\/media\/253884"}],"wp:attachment":[{"href":"https:\/\/sakipsabancimuzesi.org\/shop\/wp-json\/wp\/v2\/media?parent=253878"}],"wp:term":[{"taxonomy":"product_brand","embeddable":true,"href":"https:\/\/sakipsabancimuzesi.org\/shop\/wp-json\/wp\/v2\/product_brand?post=253878"},{"taxonomy":"product_cat","embeddable":true,"href":"https:\/\/sakipsabancimuzesi.org\/shop\/wp-json\/wp\/v2\/product_cat?post=253878"},{"taxonomy":"product_tag","embeddable":true,"href":"https:\/\/sakipsabancimuzesi.org\/shop\/wp-json\/wp\/v2\/product_tag?post=253878"},{"taxonomy":"woo-feed-brand","embeddable":true,"href":"https:\/\/sakipsabancimuzesi.org\/shop\/wp-json\/wp\/v2\/woo-feed-brand?post=253878"}],"curies":[{"name":"wp","href":"https:\/\/api.w.org\/{rel}","templated":true}]}}