{"id":253903,"date":"2022-11-12T14:37:36","date_gmt":"2022-11-12T11:37:36","guid":{"rendered":"https:\/\/sakipsabancimuzesi.org\/shop\/?post_type=product&#038;p=253903"},"modified":"2025-12-24T13:16:40","modified_gmt":"2025-12-24T10:16:40","slug":"sanatin-sonundan-sonra","status":"publish","type":"product","link":"https:\/\/sakipsabancimuzesi.org\/shop\/urun\/yayin-ve-multimedya\/kitap\/sanatin-sonundan-sonra\/","title":{"rendered":"Sanat\u0131n Sonundan Sonra"},"content":{"rendered":"<p>1984\u2019te sanat ele\u015ftirmeni ve d\u00fc\u015f\u00fcn\u00fcr Arthur C. Danto altm\u0131\u015fl\u0131 y\u0131llarda sanat\u0131n bitti\u011fini ilan etti. O tarihten beri g\u00fcn\u00fcm\u00fcz sanat\u0131n\u0131n do\u011fas\u0131na y\u00f6nelik en radikal ele\u015ftiriler de Danto\u2019dan geldi. Sanat\u0131n Sonundan Sonra\u2019da yazar bu g\u00f6r\u00fc\u015f\u00fcn\u00fc ilk kez eksiksiz olarak ortaya koyarak, sanat\u0131n nas\u0131l daha \u00f6nce izledi\u011fi anlat\u0131 yolunu terk etti\u011fini g\u00f6steriyor. Dahas\u0131, Danto bize geleneksel teorilerin bir manav tezgah\u0131yla bir modern sanat yap\u0131t\u0131n\u0131n fark\u0131n\u0131 a\u00e7\u0131klamakta zorland\u0131\u011f\u0131 tarih-sonras\u0131 bir \u00e7a\u011fda sanat\u0131 anlamam\u0131za yard\u0131mc\u0131 olabilecek yeni bir ele\u015ftiri t\u00fcr\u00fcn\u00fc sunuyor.<br \/>\nDanto bu kitab\u0131nda \u00e7a\u011fda\u015f sanat\u0131n belki de en \u015fa\u015f\u0131rt\u0131c\u0131 \u00f6zelli\u011fiyle, her \u015feyin m\u00fcmk\u00fcn oldu\u011fu g\u00f6r\u00fc\u015f\u00fcyle ba\u015f edebilecek bir sanat ele\u015ftirisi felsefesi \u00fczerinde yo\u011funla\u015f\u0131yor. Bu kitapta sanat tarihi, pop art, \u201chalk\u201d sanat\u0131, gelecekte m\u00fczelerin rol\u00fc, estetik ve sanat felsefesi alanlar\u0131nda ufuk a\u00e7\u0131ca tart\u0131\u015fmalar bulacaks\u0131n\u0131z.<\/p>\n","protected":false},"excerpt":{"rendered":"<p>1984\u2019te sanat ele\u015ftirmeni ve d\u00fc\u015f\u00fcn\u00fcr Arthur C. Danto altm\u0131\u015fl\u0131 y\u0131llarda sanat\u0131n bitti\u011fini ilan etti. O tarihten beri g\u00fcn\u00fcm\u00fcz sanat\u0131n\u0131n do\u011fas\u0131na y\u00f6nelik en radikal ele\u015ftiriler de Danto\u2019dan geldi. Sanat\u0131n Sonundan Sonra\u2019da yazar bu g\u00f6r\u00fc\u015f\u00fcn\u00fc ilk kez eksiksiz olarak ortaya koyarak, sanat\u0131n nas\u0131l daha \u00f6nce izledi\u011fi anlat\u0131 yolunu terk etti\u011fini g\u00f6steriyor. Dahas\u0131, Danto bize geleneksel teorilerin bir [&#8230;]\n","protected":false},"featured_media":253909,"template":"","meta":{"_exactmetrics_skip_tracking":false,"_exactmetrics_sitenote_active":false,"_exactmetrics_sitenote_note":"","_exactmetrics_sitenote_category":0},"product_brand":[],"product_cat":[662,663],"product_tag":[],"woo-feed-brand":[],"class_list":{"0":"post-253903","1":"product","2":"type-product","3":"status-publish","4":"has-post-thumbnail","6":"product_cat-yayin-ve-multimedya","7":"product_cat-kitap","9":"first","10":"outofstock","11":"taxable","12":"shipping-taxable","13":"purchasable","14":"product-type-simple"},"yoast_head":"<!-- This site is optimized with the Yoast SEO plugin v27.1.1 - https:\/\/yoast.com\/product\/yoast-seo-wordpress\/ -->\n<title>Sanat\u0131n Sonundan Sonra - SSM Shop<\/title>\n<meta name=\"robots\" content=\"index, follow, max-snippet:-1, max-image-preview:large, max-video-preview:-1\" \/>\n<link rel=\"canonical\" href=\"https:\/\/sakipsabancimuzesi.org\/shop\/urun\/yayin-ve-multimedya\/kitap\/sanatin-sonundan-sonra\/\" \/>\n<meta property=\"og:locale\" content=\"tr_TR\" \/>\n<meta property=\"og:type\" content=\"article\" \/>\n<meta property=\"og:title\" content=\"Sanat\u0131n Sonundan Sonra - SSM Shop\" \/>\n<meta property=\"og:description\" content=\"1984\u2019te sanat ele\u015ftirmeni ve d\u00fc\u015f\u00fcn\u00fcr Arthur C. Danto altm\u0131\u015fl\u0131 y\u0131llarda sanat\u0131n bitti\u011fini ilan etti. O tarihten beri g\u00fcn\u00fcm\u00fcz sanat\u0131n\u0131n do\u011fas\u0131na y\u00f6nelik en radikal ele\u015ftiriler de Danto\u2019dan geldi. Sanat\u0131n Sonundan Sonra\u2019da yazar bu g\u00f6r\u00fc\u015f\u00fcn\u00fc ilk kez eksiksiz olarak ortaya koyarak, sanat\u0131n nas\u0131l daha \u00f6nce izledi\u011fi anlat\u0131 yolunu terk etti\u011fini g\u00f6steriyor. Dahas\u0131, Danto bize geleneksel teorilerin bir [...]\" \/>\n<meta property=\"og:url\" content=\"https:\/\/sakipsabancimuzesi.org\/shop\/urun\/yayin-ve-multimedya\/kitap\/sanatin-sonundan-sonra\/\" \/>\n<meta property=\"og:site_name\" content=\"SSM Shop\" \/>\n<meta property=\"article:publisher\" content=\"https:\/\/www.facebook.com\/SakipSabanciMuzesi\/\" \/>\n<meta property=\"article:modified_time\" content=\"2025-12-24T10:16:40+00:00\" \/>\n<meta property=\"og:image\" content=\"https:\/\/sakipsabancimuzesi.org\/shop\/wp-content\/uploads\/2022\/11\/Sanatin-Sonundan-Sonra.jpg\" \/>\n\t<meta property=\"og:image:width\" content=\"1278\" \/>\n\t<meta property=\"og:image:height\" content=\"1600\" \/>\n\t<meta property=\"og:image:type\" content=\"image\/jpeg\" \/>\n<meta name=\"twitter:card\" content=\"summary_large_image\" \/>\n<meta name=\"twitter:label1\" content=\"Tahmini okuma s\u00fcresi\" \/>\n\t<meta name=\"twitter:data1\" content=\"1 dakika\" \/>\n<script type=\"application\/ld+json\" class=\"yoast-schema-graph\">{\"@context\":\"https:\/\/schema.org\",\"@graph\":[{\"@type\":\"WebPage\",\"@id\":\"https:\/\/sakipsabancimuzesi.org\/shop\/urun\/yayin-ve-multimedya\/kitap\/sanatin-sonundan-sonra\/\",\"url\":\"https:\/\/sakipsabancimuzesi.org\/shop\/urun\/yayin-ve-multimedya\/kitap\/sanatin-sonundan-sonra\/\",\"name\":\"Sanat\u0131n Sonundan Sonra - SSM Shop\",\"isPartOf\":{\"@id\":\"https:\/\/sakipsabancimuzesi.org\/shop\/#website\"},\"primaryImageOfPage\":{\"@id\":\"https:\/\/sakipsabancimuzesi.org\/shop\/urun\/yayin-ve-multimedya\/kitap\/sanatin-sonundan-sonra\/#primaryimage\"},\"image\":{\"@id\":\"https:\/\/sakipsabancimuzesi.org\/shop\/urun\/yayin-ve-multimedya\/kitap\/sanatin-sonundan-sonra\/#primaryimage\"},\"thumbnailUrl\":\"https:\/\/sakipsabancimuzesi.org\/shop\/wp-content\/uploads\/2022\/11\/Sanatin-Sonundan-Sonra.jpg\",\"datePublished\":\"2022-11-12T11:37:36+00:00\",\"dateModified\":\"2025-12-24T10:16:40+00:00\",\"breadcrumb\":{\"@id\":\"https:\/\/sakipsabancimuzesi.org\/shop\/urun\/yayin-ve-multimedya\/kitap\/sanatin-sonundan-sonra\/#breadcrumb\"},\"inLanguage\":\"tr\",\"potentialAction\":[{\"@type\":\"ReadAction\",\"target\":[\"https:\/\/sakipsabancimuzesi.org\/shop\/urun\/yayin-ve-multimedya\/kitap\/sanatin-sonundan-sonra\/\"]}]},{\"@type\":\"ImageObject\",\"inLanguage\":\"tr\",\"@id\":\"https:\/\/sakipsabancimuzesi.org\/shop\/urun\/yayin-ve-multimedya\/kitap\/sanatin-sonundan-sonra\/#primaryimage\",\"url\":\"https:\/\/sakipsabancimuzesi.org\/shop\/wp-content\/uploads\/2022\/11\/Sanatin-Sonundan-Sonra.jpg\",\"contentUrl\":\"https:\/\/sakipsabancimuzesi.org\/shop\/wp-content\/uploads\/2022\/11\/Sanatin-Sonundan-Sonra.jpg\",\"width\":1278,\"height\":1600},{\"@type\":\"BreadcrumbList\",\"@id\":\"https:\/\/sakipsabancimuzesi.org\/shop\/urun\/yayin-ve-multimedya\/kitap\/sanatin-sonundan-sonra\/#breadcrumb\",\"itemListElement\":[{\"@type\":\"ListItem\",\"position\":1,\"name\":\"Ana sayfa\",\"item\":\"https:\/\/sakipsabancimuzesi.org\/shop\/\"},{\"@type\":\"ListItem\",\"position\":2,\"name\":\"Shop\",\"item\":\"https:\/\/sakipsabancimuzesi.org\/shop\/shop\/\"},{\"@type\":\"ListItem\",\"position\":3,\"name\":\"Sanat\u0131n Sonundan Sonra\"}]},{\"@type\":\"WebSite\",\"@id\":\"https:\/\/sakipsabancimuzesi.org\/shop\/#website\",\"url\":\"https:\/\/sakipsabancimuzesi.org\/shop\/\",\"name\":\"SSM Shop\",\"description\":\"Sak\u0131p Sabanc\u0131 M\u00fczesi, Ma\u011faza\",\"publisher\":{\"@id\":\"https:\/\/sakipsabancimuzesi.org\/shop\/#organization\"},\"potentialAction\":[{\"@type\":\"SearchAction\",\"target\":{\"@type\":\"EntryPoint\",\"urlTemplate\":\"https:\/\/sakipsabancimuzesi.org\/shop\/?s={search_term_string}\"},\"query-input\":{\"@type\":\"PropertyValueSpecification\",\"valueRequired\":true,\"valueName\":\"search_term_string\"}}],\"inLanguage\":\"tr\"},{\"@type\":\"Organization\",\"@id\":\"https:\/\/sakipsabancimuzesi.org\/shop\/#organization\",\"name\":\"SSM Shop\",\"url\":\"https:\/\/sakipsabancimuzesi.org\/shop\/\",\"logo\":{\"@type\":\"ImageObject\",\"inLanguage\":\"tr\",\"@id\":\"https:\/\/sakipsabancimuzesi.org\/shop\/#\/schema\/logo\/image\/\",\"url\":\"https:\/\/sakipsabancimuzesi.org\/shop\/wp-content\/uploads\/2019\/11\/logo.png\",\"contentUrl\":\"https:\/\/sakipsabancimuzesi.org\/shop\/wp-content\/uploads\/2019\/11\/logo.png\",\"width\":227,\"height\":87,\"caption\":\"SSM Shop\"},\"image\":{\"@id\":\"https:\/\/sakipsabancimuzesi.org\/shop\/#\/schema\/logo\/image\/\"},\"sameAs\":[\"https:\/\/www.facebook.com\/SakipSabanciMuzesi\/\"]}]}<\/script>\n<!-- \/ Yoast SEO plugin. -->","yoast_head_json":{"title":"Sanat\u0131n Sonundan Sonra - SSM Shop","robots":{"index":"index","follow":"follow","max-snippet":"max-snippet:-1","max-image-preview":"max-image-preview:large","max-video-preview":"max-video-preview:-1"},"canonical":"https:\/\/sakipsabancimuzesi.org\/shop\/urun\/yayin-ve-multimedya\/kitap\/sanatin-sonundan-sonra\/","og_locale":"tr_TR","og_type":"article","og_title":"Sanat\u0131n Sonundan Sonra - SSM Shop","og_description":"1984\u2019te sanat ele\u015ftirmeni ve d\u00fc\u015f\u00fcn\u00fcr Arthur C. Danto altm\u0131\u015fl\u0131 y\u0131llarda sanat\u0131n bitti\u011fini ilan etti. O tarihten beri g\u00fcn\u00fcm\u00fcz sanat\u0131n\u0131n do\u011fas\u0131na y\u00f6nelik en radikal ele\u015ftiriler de Danto\u2019dan geldi. Sanat\u0131n Sonundan Sonra\u2019da yazar bu g\u00f6r\u00fc\u015f\u00fcn\u00fc ilk kez eksiksiz olarak ortaya koyarak, sanat\u0131n nas\u0131l daha \u00f6nce izledi\u011fi anlat\u0131 yolunu terk etti\u011fini g\u00f6steriyor. Dahas\u0131, Danto bize geleneksel teorilerin bir [...]","og_url":"https:\/\/sakipsabancimuzesi.org\/shop\/urun\/yayin-ve-multimedya\/kitap\/sanatin-sonundan-sonra\/","og_site_name":"SSM Shop","article_publisher":"https:\/\/www.facebook.com\/SakipSabanciMuzesi\/","article_modified_time":"2025-12-24T10:16:40+00:00","og_image":[{"width":1278,"height":1600,"url":"https:\/\/sakipsabancimuzesi.org\/shop\/wp-content\/uploads\/2022\/11\/Sanatin-Sonundan-Sonra.jpg","type":"image\/jpeg"}],"twitter_card":"summary_large_image","twitter_misc":{"Tahmini okuma s\u00fcresi":"1 dakika"},"schema":{"@context":"https:\/\/schema.org","@graph":[{"@type":"WebPage","@id":"https:\/\/sakipsabancimuzesi.org\/shop\/urun\/yayin-ve-multimedya\/kitap\/sanatin-sonundan-sonra\/","url":"https:\/\/sakipsabancimuzesi.org\/shop\/urun\/yayin-ve-multimedya\/kitap\/sanatin-sonundan-sonra\/","name":"Sanat\u0131n Sonundan Sonra - SSM Shop","isPartOf":{"@id":"https:\/\/sakipsabancimuzesi.org\/shop\/#website"},"primaryImageOfPage":{"@id":"https:\/\/sakipsabancimuzesi.org\/shop\/urun\/yayin-ve-multimedya\/kitap\/sanatin-sonundan-sonra\/#primaryimage"},"image":{"@id":"https:\/\/sakipsabancimuzesi.org\/shop\/urun\/yayin-ve-multimedya\/kitap\/sanatin-sonundan-sonra\/#primaryimage"},"thumbnailUrl":"https:\/\/sakipsabancimuzesi.org\/shop\/wp-content\/uploads\/2022\/11\/Sanatin-Sonundan-Sonra.jpg","datePublished":"2022-11-12T11:37:36+00:00","dateModified":"2025-12-24T10:16:40+00:00","breadcrumb":{"@id":"https:\/\/sakipsabancimuzesi.org\/shop\/urun\/yayin-ve-multimedya\/kitap\/sanatin-sonundan-sonra\/#breadcrumb"},"inLanguage":"tr","potentialAction":[{"@type":"ReadAction","target":["https:\/\/sakipsabancimuzesi.org\/shop\/urun\/yayin-ve-multimedya\/kitap\/sanatin-sonundan-sonra\/"]}]},{"@type":"ImageObject","inLanguage":"tr","@id":"https:\/\/sakipsabancimuzesi.org\/shop\/urun\/yayin-ve-multimedya\/kitap\/sanatin-sonundan-sonra\/#primaryimage","url":"https:\/\/sakipsabancimuzesi.org\/shop\/wp-content\/uploads\/2022\/11\/Sanatin-Sonundan-Sonra.jpg","contentUrl":"https:\/\/sakipsabancimuzesi.org\/shop\/wp-content\/uploads\/2022\/11\/Sanatin-Sonundan-Sonra.jpg","width":1278,"height":1600},{"@type":"BreadcrumbList","@id":"https:\/\/sakipsabancimuzesi.org\/shop\/urun\/yayin-ve-multimedya\/kitap\/sanatin-sonundan-sonra\/#breadcrumb","itemListElement":[{"@type":"ListItem","position":1,"name":"Ana sayfa","item":"https:\/\/sakipsabancimuzesi.org\/shop\/"},{"@type":"ListItem","position":2,"name":"Shop","item":"https:\/\/sakipsabancimuzesi.org\/shop\/shop\/"},{"@type":"ListItem","position":3,"name":"Sanat\u0131n Sonundan Sonra"}]},{"@type":"WebSite","@id":"https:\/\/sakipsabancimuzesi.org\/shop\/#website","url":"https:\/\/sakipsabancimuzesi.org\/shop\/","name":"SSM Shop","description":"Sak\u0131p Sabanc\u0131 M\u00fczesi, Ma\u011faza","publisher":{"@id":"https:\/\/sakipsabancimuzesi.org\/shop\/#organization"},"potentialAction":[{"@type":"SearchAction","target":{"@type":"EntryPoint","urlTemplate":"https:\/\/sakipsabancimuzesi.org\/shop\/?s={search_term_string}"},"query-input":{"@type":"PropertyValueSpecification","valueRequired":true,"valueName":"search_term_string"}}],"inLanguage":"tr"},{"@type":"Organization","@id":"https:\/\/sakipsabancimuzesi.org\/shop\/#organization","name":"SSM Shop","url":"https:\/\/sakipsabancimuzesi.org\/shop\/","logo":{"@type":"ImageObject","inLanguage":"tr","@id":"https:\/\/sakipsabancimuzesi.org\/shop\/#\/schema\/logo\/image\/","url":"https:\/\/sakipsabancimuzesi.org\/shop\/wp-content\/uploads\/2019\/11\/logo.png","contentUrl":"https:\/\/sakipsabancimuzesi.org\/shop\/wp-content\/uploads\/2019\/11\/logo.png","width":227,"height":87,"caption":"SSM Shop"},"image":{"@id":"https:\/\/sakipsabancimuzesi.org\/shop\/#\/schema\/logo\/image\/"},"sameAs":["https:\/\/www.facebook.com\/SakipSabanciMuzesi\/"]}]}},"jetpack_sharing_enabled":true,"_links":{"self":[{"href":"https:\/\/sakipsabancimuzesi.org\/shop\/wp-json\/wp\/v2\/product\/253903","targetHints":{"allow":["GET"]}}],"collection":[{"href":"https:\/\/sakipsabancimuzesi.org\/shop\/wp-json\/wp\/v2\/product"}],"about":[{"href":"https:\/\/sakipsabancimuzesi.org\/shop\/wp-json\/wp\/v2\/types\/product"}],"wp:featuredmedia":[{"embeddable":true,"href":"https:\/\/sakipsabancimuzesi.org\/shop\/wp-json\/wp\/v2\/media\/253909"}],"wp:attachment":[{"href":"https:\/\/sakipsabancimuzesi.org\/shop\/wp-json\/wp\/v2\/media?parent=253903"}],"wp:term":[{"taxonomy":"product_brand","embeddable":true,"href":"https:\/\/sakipsabancimuzesi.org\/shop\/wp-json\/wp\/v2\/product_brand?post=253903"},{"taxonomy":"product_cat","embeddable":true,"href":"https:\/\/sakipsabancimuzesi.org\/shop\/wp-json\/wp\/v2\/product_cat?post=253903"},{"taxonomy":"product_tag","embeddable":true,"href":"https:\/\/sakipsabancimuzesi.org\/shop\/wp-json\/wp\/v2\/product_tag?post=253903"},{"taxonomy":"woo-feed-brand","embeddable":true,"href":"https:\/\/sakipsabancimuzesi.org\/shop\/wp-json\/wp\/v2\/woo-feed-brand?post=253903"}],"curies":[{"name":"wp","href":"https:\/\/api.w.org\/{rel}","templated":true}]}}