{"id":262024,"date":"2023-10-27T15:57:20","date_gmt":"2023-10-27T12:57:20","guid":{"rendered":"https:\/\/sakipsabancimuzesi.org\/shop\/?post_type=product&#038;p=262024"},"modified":"2025-08-11T14:42:07","modified_gmt":"2025-08-11T11:42:07","slug":"mariko-bird-toy","status":"publish","type":"product","link":"https:\/\/sakipsabancimuzesi.org\/shop\/urun\/moda\/pet-urunleri\/mariko-bird-toy\/","title":{"rendered":"Mariko Bird Toy"},"content":{"rendered":"<p>%100 pamuklu kuma\u015f ile elde \u00fcretti\u011fimiz Marico oyuncaklar\u0131n dolgu malzemesi, sesi ve k\u0131t\u0131r k\u0131t\u0131r dokusu ile patili dostlar\u0131n\u0131z\u0131n oynamaya doyamayaca\u011f\u0131 plastik \u015fi\u015fe! Bu oyuncaklar ile minik dostunuzu \u00f6d\u00fcllendirmenin yan\u0131s\u0131ra, plastik su \u015fi\u015felerinizi geri d\u00f6n\u00fc\u015ft\u00fcrmeden evvel ikinci bir hayat da verebilirsiniz. Bol bol oynad\u0131ktan sonra, Marico\u2019nun i\u00e7ine yeni bir pet \u015fi\u015fe koyarak k\u0131t\u0131rl\u0131\u011f\u0131n\u0131 geri kazand\u0131rabilirsiniz.<\/p>\n","protected":false},"excerpt":{"rendered":"<p>%100 pamuklu kuma\u015f ile elde \u00fcretti\u011fimiz Marico oyuncaklar\u0131n dolgu malzemesi, sesi ve k\u0131t\u0131r k\u0131t\u0131r dokusu ile patili dostlar\u0131n\u0131z\u0131n oynamaya doyamayaca\u011f\u0131 plastik \u015fi\u015fe! Bu oyuncaklar ile minik dostunuzu \u00f6d\u00fcllendirmenin yan\u0131s\u0131ra, plastik su \u015fi\u015felerinizi geri d\u00f6n\u00fc\u015ft\u00fcrmeden evvel ikinci bir hayat da verebilirsiniz. Bol bol oynad\u0131ktan sonra, Marico\u2019nun i\u00e7ine yeni bir pet \u015fi\u015fe koyarak k\u0131t\u0131rl\u0131\u011f\u0131n\u0131 geri kazand\u0131rabilirsiniz.<\/p>\n","protected":false},"featured_media":262045,"template":"","meta":{"_exactmetrics_skip_tracking":false,"_exactmetrics_sitenote_active":false,"_exactmetrics_sitenote_note":"","_exactmetrics_sitenote_category":0},"product_brand":[],"product_cat":[649,783],"product_tag":[784],"woo-feed-brand":[],"class_list":{"0":"post-262024","1":"product","2":"type-product","3":"status-publish","4":"has-post-thumbnail","6":"product_cat-moda","7":"product_cat-pet-urunleri","8":"product_tag-pet-urunleri","10":"first","11":"instock","12":"taxable","13":"shipping-taxable","14":"purchasable","15":"product-type-variable"},"yoast_head":"<!-- This site is optimized with the Yoast SEO plugin v27.1.1 - https:\/\/yoast.com\/product\/yoast-seo-wordpress\/ -->\n<title>Mariko Bird Toy - SSM Shop<\/title>\n<meta name=\"robots\" content=\"index, follow, max-snippet:-1, max-image-preview:large, max-video-preview:-1\" \/>\n<link rel=\"canonical\" href=\"https:\/\/sakipsabancimuzesi.org\/shop\/urun\/moda\/pet-urunleri\/mariko-bird-toy\/\" \/>\n<meta property=\"og:locale\" content=\"tr_TR\" \/>\n<meta property=\"og:type\" content=\"article\" \/>\n<meta property=\"og:title\" content=\"Mariko Bird Toy - SSM Shop\" \/>\n<meta property=\"og:description\" content=\"%100 pamuklu kuma\u015f ile elde \u00fcretti\u011fimiz Marico oyuncaklar\u0131n dolgu malzemesi, sesi ve k\u0131t\u0131r k\u0131t\u0131r dokusu ile patili dostlar\u0131n\u0131z\u0131n oynamaya doyamayaca\u011f\u0131 plastik \u015fi\u015fe! Bu oyuncaklar ile minik dostunuzu \u00f6d\u00fcllendirmenin yan\u0131s\u0131ra, plastik su \u015fi\u015felerinizi geri d\u00f6n\u00fc\u015ft\u00fcrmeden evvel ikinci bir hayat da verebilirsiniz. Bol bol oynad\u0131ktan sonra, Marico\u2019nun i\u00e7ine yeni bir pet \u015fi\u015fe koyarak k\u0131t\u0131rl\u0131\u011f\u0131n\u0131 geri kazand\u0131rabilirsiniz.\" \/>\n<meta property=\"og:url\" content=\"https:\/\/sakipsabancimuzesi.org\/shop\/urun\/moda\/pet-urunleri\/mariko-bird-toy\/\" \/>\n<meta property=\"og:site_name\" content=\"SSM Shop\" \/>\n<meta property=\"article:publisher\" content=\"https:\/\/www.facebook.com\/SakipSabanciMuzesi\/\" \/>\n<meta property=\"article:modified_time\" content=\"2025-08-11T11:42:07+00:00\" \/>\n<meta property=\"og:image\" content=\"https:\/\/sakipsabancimuzesi.org\/shop\/wp-content\/uploads\/2023\/10\/Mariko-Dark-Brown-SSM.jpg\" \/>\n\t<meta property=\"og:image:width\" content=\"1280\" \/>\n\t<meta property=\"og:image:height\" content=\"1600\" \/>\n\t<meta property=\"og:image:type\" content=\"image\/jpeg\" \/>\n<meta name=\"twitter:card\" content=\"summary_large_image\" \/>\n<script type=\"application\/ld+json\" class=\"yoast-schema-graph\">{\"@context\":\"https:\/\/schema.org\",\"@graph\":[{\"@type\":\"WebPage\",\"@id\":\"https:\/\/sakipsabancimuzesi.org\/shop\/urun\/moda\/pet-urunleri\/mariko-bird-toy\/\",\"url\":\"https:\/\/sakipsabancimuzesi.org\/shop\/urun\/moda\/pet-urunleri\/mariko-bird-toy\/\",\"name\":\"Mariko Bird Toy - SSM Shop\",\"isPartOf\":{\"@id\":\"https:\/\/sakipsabancimuzesi.org\/shop\/#website\"},\"primaryImageOfPage\":{\"@id\":\"https:\/\/sakipsabancimuzesi.org\/shop\/urun\/moda\/pet-urunleri\/mariko-bird-toy\/#primaryimage\"},\"image\":{\"@id\":\"https:\/\/sakipsabancimuzesi.org\/shop\/urun\/moda\/pet-urunleri\/mariko-bird-toy\/#primaryimage\"},\"thumbnailUrl\":\"https:\/\/sakipsabancimuzesi.org\/shop\/wp-content\/uploads\/2023\/10\/Mariko-Dark-Brown-SSM.jpg\",\"datePublished\":\"2023-10-27T12:57:20+00:00\",\"dateModified\":\"2025-08-11T11:42:07+00:00\",\"breadcrumb\":{\"@id\":\"https:\/\/sakipsabancimuzesi.org\/shop\/urun\/moda\/pet-urunleri\/mariko-bird-toy\/#breadcrumb\"},\"inLanguage\":\"tr\",\"potentialAction\":[{\"@type\":\"ReadAction\",\"target\":[\"https:\/\/sakipsabancimuzesi.org\/shop\/urun\/moda\/pet-urunleri\/mariko-bird-toy\/\"]}]},{\"@type\":\"ImageObject\",\"inLanguage\":\"tr\",\"@id\":\"https:\/\/sakipsabancimuzesi.org\/shop\/urun\/moda\/pet-urunleri\/mariko-bird-toy\/#primaryimage\",\"url\":\"https:\/\/sakipsabancimuzesi.org\/shop\/wp-content\/uploads\/2023\/10\/Mariko-Dark-Brown-SSM.jpg\",\"contentUrl\":\"https:\/\/sakipsabancimuzesi.org\/shop\/wp-content\/uploads\/2023\/10\/Mariko-Dark-Brown-SSM.jpg\",\"width\":1280,\"height\":1600},{\"@type\":\"BreadcrumbList\",\"@id\":\"https:\/\/sakipsabancimuzesi.org\/shop\/urun\/moda\/pet-urunleri\/mariko-bird-toy\/#breadcrumb\",\"itemListElement\":[{\"@type\":\"ListItem\",\"position\":1,\"name\":\"Ana sayfa\",\"item\":\"https:\/\/sakipsabancimuzesi.org\/shop\/\"},{\"@type\":\"ListItem\",\"position\":2,\"name\":\"Shop\",\"item\":\"https:\/\/sakipsabancimuzesi.org\/shop\/shop\/\"},{\"@type\":\"ListItem\",\"position\":3,\"name\":\"Mariko Bird Toy\"}]},{\"@type\":\"WebSite\",\"@id\":\"https:\/\/sakipsabancimuzesi.org\/shop\/#website\",\"url\":\"https:\/\/sakipsabancimuzesi.org\/shop\/\",\"name\":\"SSM Shop\",\"description\":\"Sak\u0131p Sabanc\u0131 M\u00fczesi, Ma\u011faza\",\"publisher\":{\"@id\":\"https:\/\/sakipsabancimuzesi.org\/shop\/#organization\"},\"potentialAction\":[{\"@type\":\"SearchAction\",\"target\":{\"@type\":\"EntryPoint\",\"urlTemplate\":\"https:\/\/sakipsabancimuzesi.org\/shop\/?s={search_term_string}\"},\"query-input\":{\"@type\":\"PropertyValueSpecification\",\"valueRequired\":true,\"valueName\":\"search_term_string\"}}],\"inLanguage\":\"tr\"},{\"@type\":\"Organization\",\"@id\":\"https:\/\/sakipsabancimuzesi.org\/shop\/#organization\",\"name\":\"SSM Shop\",\"url\":\"https:\/\/sakipsabancimuzesi.org\/shop\/\",\"logo\":{\"@type\":\"ImageObject\",\"inLanguage\":\"tr\",\"@id\":\"https:\/\/sakipsabancimuzesi.org\/shop\/#\/schema\/logo\/image\/\",\"url\":\"https:\/\/sakipsabancimuzesi.org\/shop\/wp-content\/uploads\/2019\/11\/logo.png\",\"contentUrl\":\"https:\/\/sakipsabancimuzesi.org\/shop\/wp-content\/uploads\/2019\/11\/logo.png\",\"width\":227,\"height\":87,\"caption\":\"SSM Shop\"},\"image\":{\"@id\":\"https:\/\/sakipsabancimuzesi.org\/shop\/#\/schema\/logo\/image\/\"},\"sameAs\":[\"https:\/\/www.facebook.com\/SakipSabanciMuzesi\/\"]}]}<\/script>\n<!-- \/ Yoast SEO plugin. -->","yoast_head_json":{"title":"Mariko Bird Toy - SSM Shop","robots":{"index":"index","follow":"follow","max-snippet":"max-snippet:-1","max-image-preview":"max-image-preview:large","max-video-preview":"max-video-preview:-1"},"canonical":"https:\/\/sakipsabancimuzesi.org\/shop\/urun\/moda\/pet-urunleri\/mariko-bird-toy\/","og_locale":"tr_TR","og_type":"article","og_title":"Mariko Bird Toy - SSM Shop","og_description":"%100 pamuklu kuma\u015f ile elde \u00fcretti\u011fimiz Marico oyuncaklar\u0131n dolgu malzemesi, sesi ve k\u0131t\u0131r k\u0131t\u0131r dokusu ile patili dostlar\u0131n\u0131z\u0131n oynamaya doyamayaca\u011f\u0131 plastik \u015fi\u015fe! Bu oyuncaklar ile minik dostunuzu \u00f6d\u00fcllendirmenin yan\u0131s\u0131ra, plastik su \u015fi\u015felerinizi geri d\u00f6n\u00fc\u015ft\u00fcrmeden evvel ikinci bir hayat da verebilirsiniz. Bol bol oynad\u0131ktan sonra, Marico\u2019nun i\u00e7ine yeni bir pet \u015fi\u015fe koyarak k\u0131t\u0131rl\u0131\u011f\u0131n\u0131 geri kazand\u0131rabilirsiniz.","og_url":"https:\/\/sakipsabancimuzesi.org\/shop\/urun\/moda\/pet-urunleri\/mariko-bird-toy\/","og_site_name":"SSM Shop","article_publisher":"https:\/\/www.facebook.com\/SakipSabanciMuzesi\/","article_modified_time":"2025-08-11T11:42:07+00:00","og_image":[{"width":1280,"height":1600,"url":"https:\/\/sakipsabancimuzesi.org\/shop\/wp-content\/uploads\/2023\/10\/Mariko-Dark-Brown-SSM.jpg","type":"image\/jpeg"}],"twitter_card":"summary_large_image","schema":{"@context":"https:\/\/schema.org","@graph":[{"@type":"WebPage","@id":"https:\/\/sakipsabancimuzesi.org\/shop\/urun\/moda\/pet-urunleri\/mariko-bird-toy\/","url":"https:\/\/sakipsabancimuzesi.org\/shop\/urun\/moda\/pet-urunleri\/mariko-bird-toy\/","name":"Mariko Bird Toy - SSM Shop","isPartOf":{"@id":"https:\/\/sakipsabancimuzesi.org\/shop\/#website"},"primaryImageOfPage":{"@id":"https:\/\/sakipsabancimuzesi.org\/shop\/urun\/moda\/pet-urunleri\/mariko-bird-toy\/#primaryimage"},"image":{"@id":"https:\/\/sakipsabancimuzesi.org\/shop\/urun\/moda\/pet-urunleri\/mariko-bird-toy\/#primaryimage"},"thumbnailUrl":"https:\/\/sakipsabancimuzesi.org\/shop\/wp-content\/uploads\/2023\/10\/Mariko-Dark-Brown-SSM.jpg","datePublished":"2023-10-27T12:57:20+00:00","dateModified":"2025-08-11T11:42:07+00:00","breadcrumb":{"@id":"https:\/\/sakipsabancimuzesi.org\/shop\/urun\/moda\/pet-urunleri\/mariko-bird-toy\/#breadcrumb"},"inLanguage":"tr","potentialAction":[{"@type":"ReadAction","target":["https:\/\/sakipsabancimuzesi.org\/shop\/urun\/moda\/pet-urunleri\/mariko-bird-toy\/"]}]},{"@type":"ImageObject","inLanguage":"tr","@id":"https:\/\/sakipsabancimuzesi.org\/shop\/urun\/moda\/pet-urunleri\/mariko-bird-toy\/#primaryimage","url":"https:\/\/sakipsabancimuzesi.org\/shop\/wp-content\/uploads\/2023\/10\/Mariko-Dark-Brown-SSM.jpg","contentUrl":"https:\/\/sakipsabancimuzesi.org\/shop\/wp-content\/uploads\/2023\/10\/Mariko-Dark-Brown-SSM.jpg","width":1280,"height":1600},{"@type":"BreadcrumbList","@id":"https:\/\/sakipsabancimuzesi.org\/shop\/urun\/moda\/pet-urunleri\/mariko-bird-toy\/#breadcrumb","itemListElement":[{"@type":"ListItem","position":1,"name":"Ana sayfa","item":"https:\/\/sakipsabancimuzesi.org\/shop\/"},{"@type":"ListItem","position":2,"name":"Shop","item":"https:\/\/sakipsabancimuzesi.org\/shop\/shop\/"},{"@type":"ListItem","position":3,"name":"Mariko Bird Toy"}]},{"@type":"WebSite","@id":"https:\/\/sakipsabancimuzesi.org\/shop\/#website","url":"https:\/\/sakipsabancimuzesi.org\/shop\/","name":"SSM Shop","description":"Sak\u0131p Sabanc\u0131 M\u00fczesi, Ma\u011faza","publisher":{"@id":"https:\/\/sakipsabancimuzesi.org\/shop\/#organization"},"potentialAction":[{"@type":"SearchAction","target":{"@type":"EntryPoint","urlTemplate":"https:\/\/sakipsabancimuzesi.org\/shop\/?s={search_term_string}"},"query-input":{"@type":"PropertyValueSpecification","valueRequired":true,"valueName":"search_term_string"}}],"inLanguage":"tr"},{"@type":"Organization","@id":"https:\/\/sakipsabancimuzesi.org\/shop\/#organization","name":"SSM Shop","url":"https:\/\/sakipsabancimuzesi.org\/shop\/","logo":{"@type":"ImageObject","inLanguage":"tr","@id":"https:\/\/sakipsabancimuzesi.org\/shop\/#\/schema\/logo\/image\/","url":"https:\/\/sakipsabancimuzesi.org\/shop\/wp-content\/uploads\/2019\/11\/logo.png","contentUrl":"https:\/\/sakipsabancimuzesi.org\/shop\/wp-content\/uploads\/2019\/11\/logo.png","width":227,"height":87,"caption":"SSM Shop"},"image":{"@id":"https:\/\/sakipsabancimuzesi.org\/shop\/#\/schema\/logo\/image\/"},"sameAs":["https:\/\/www.facebook.com\/SakipSabanciMuzesi\/"]}]}},"jetpack_sharing_enabled":true,"_links":{"self":[{"href":"https:\/\/sakipsabancimuzesi.org\/shop\/wp-json\/wp\/v2\/product\/262024","targetHints":{"allow":["GET"]}}],"collection":[{"href":"https:\/\/sakipsabancimuzesi.org\/shop\/wp-json\/wp\/v2\/product"}],"about":[{"href":"https:\/\/sakipsabancimuzesi.org\/shop\/wp-json\/wp\/v2\/types\/product"}],"wp:featuredmedia":[{"embeddable":true,"href":"https:\/\/sakipsabancimuzesi.org\/shop\/wp-json\/wp\/v2\/media\/262045"}],"wp:attachment":[{"href":"https:\/\/sakipsabancimuzesi.org\/shop\/wp-json\/wp\/v2\/media?parent=262024"}],"wp:term":[{"taxonomy":"product_brand","embeddable":true,"href":"https:\/\/sakipsabancimuzesi.org\/shop\/wp-json\/wp\/v2\/product_brand?post=262024"},{"taxonomy":"product_cat","embeddable":true,"href":"https:\/\/sakipsabancimuzesi.org\/shop\/wp-json\/wp\/v2\/product_cat?post=262024"},{"taxonomy":"product_tag","embeddable":true,"href":"https:\/\/sakipsabancimuzesi.org\/shop\/wp-json\/wp\/v2\/product_tag?post=262024"},{"taxonomy":"woo-feed-brand","embeddable":true,"href":"https:\/\/sakipsabancimuzesi.org\/shop\/wp-json\/wp\/v2\/woo-feed-brand?post=262024"}],"curies":[{"name":"wp","href":"https:\/\/api.w.org\/{rel}","templated":true}]}}