{"id":262766,"date":"2024-01-04T12:25:14","date_gmt":"2024-01-04T09:25:14","guid":{"rendered":"https:\/\/sakipsabancimuzesi.org\/shop\/?post_type=product&#038;p=262766"},"modified":"2025-09-25T11:30:42","modified_gmt":"2025-09-25T08:30:42","slug":"ssm-modal-sal","status":"publish","type":"product","link":"https:\/\/sakipsabancimuzesi.org\/shop\/urun\/moda\/aksesuar\/ssm-modal-sal\/","title":{"rendered":"SSM Modal \u015eal"},"content":{"rendered":"<p>Sak\u0131p Sabanc\u0131 M\u00fczesi i\u00e7in \u00f6zel olarak tasarlanan bu \u00fcr\u00fcn de di\u011fer t\u00fcm To\u2019s \u00fcr\u00fcnleri gibi s\u00fcrd\u00fcr\u00fclebilir, %100 do\u011fal i\u00e7eriklerden olu\u015fan ve \u00f6zg\u00fcn bir tasar\u0131md\u0131r. To\u2019s W\u0130th Us, ilham\u0131n\u0131 kurucular\u0131n\u0131n dostlu\u011fundan, do\u011fadan, rengarenk ve \u00f6zg\u00fcn olmaktan al\u0131yor. Mekanlar\u0131n ruhuna, birlik olmaya ve \u00f6zg\u00fcr bir \u00f6zg\u00fcnl\u00fc\u011f\u00fcn sihrine inan\u0131r buna katk\u0131 sunmay\u0131 ama\u00e7lar.<br \/>\nSak\u0131p Sabanc\u0131 M\u00fczesi i\u00e7in tasarlanan bu \u015fal, en g\u00fczel g\u00fcnlerinde yol arkada\u015f\u0131n olmaya haz\u0131r. %100 Modal (kay\u0131n a\u011fac\u0131n\u0131n lifleri) yani %100 do\u011fal bir kuma\u015f ve s\u00fcrd\u00fcr\u00fclebilirlik sertifikas\u0131yla \u00fcretilmi\u015ftir.<\/p>\n<p>\u00d6l\u00e7\u00fc: 70 x 70cm<\/p>\n","protected":false},"excerpt":{"rendered":"<p>Sak\u0131p Sabanc\u0131 M\u00fczesi i\u00e7in \u00f6zel olarak tasarlanan bu \u00fcr\u00fcn de di\u011fer t\u00fcm To\u2019s \u00fcr\u00fcnleri gibi s\u00fcrd\u00fcr\u00fclebilir, %100 do\u011fal i\u00e7eriklerden olu\u015fan ve \u00f6zg\u00fcn bir tasar\u0131md\u0131r. To\u2019s W\u0130th Us, ilham\u0131n\u0131 kurucular\u0131n\u0131n dostlu\u011fundan, do\u011fadan, rengarenk ve \u00f6zg\u00fcn olmaktan al\u0131yor. Mekanlar\u0131n ruhuna, birlik olmaya ve \u00f6zg\u00fcr bir \u00f6zg\u00fcnl\u00fc\u011f\u00fcn sihrine inan\u0131r buna katk\u0131 sunmay\u0131 ama\u00e7lar. Sak\u0131p Sabanc\u0131 M\u00fczesi i\u00e7in tasarlanan [&#8230;]\n","protected":false},"featured_media":262773,"template":"","meta":{"_exactmetrics_skip_tracking":false,"_exactmetrics_sitenote_active":false,"_exactmetrics_sitenote_note":"","_exactmetrics_sitenote_category":0},"product_brand":[],"product_cat":[649,650,652,654],"product_tag":[],"woo-feed-brand":[],"class_list":{"0":"post-262766","1":"product","2":"type-product","3":"status-publish","4":"has-post-thumbnail","6":"product_cat-moda","7":"product_cat-aksesuar","8":"product_cat-ipek","9":"product_cat-tekstil-moda","11":"first","12":"instock","13":"taxable","14":"shipping-taxable","15":"purchasable","16":"product-type-simple"},"yoast_head":"<!-- This site is optimized with the Yoast SEO plugin v27.1.1 - https:\/\/yoast.com\/product\/yoast-seo-wordpress\/ -->\n<title>SSM Modal \u015eal - SSM Shop<\/title>\n<meta name=\"robots\" content=\"index, follow, max-snippet:-1, max-image-preview:large, max-video-preview:-1\" \/>\n<link rel=\"canonical\" href=\"https:\/\/sakipsabancimuzesi.org\/shop\/urun\/moda\/aksesuar\/ssm-modal-sal\/\" \/>\n<meta property=\"og:locale\" content=\"tr_TR\" \/>\n<meta property=\"og:type\" content=\"article\" \/>\n<meta property=\"og:title\" content=\"SSM Modal \u015eal - SSM Shop\" \/>\n<meta property=\"og:description\" content=\"Sak\u0131p Sabanc\u0131 M\u00fczesi i\u00e7in \u00f6zel olarak tasarlanan bu \u00fcr\u00fcn de di\u011fer t\u00fcm To\u2019s \u00fcr\u00fcnleri gibi s\u00fcrd\u00fcr\u00fclebilir, %100 do\u011fal i\u00e7eriklerden olu\u015fan ve \u00f6zg\u00fcn bir tasar\u0131md\u0131r. To\u2019s W\u0130th Us, ilham\u0131n\u0131 kurucular\u0131n\u0131n dostlu\u011fundan, do\u011fadan, rengarenk ve \u00f6zg\u00fcn olmaktan al\u0131yor. Mekanlar\u0131n ruhuna, birlik olmaya ve \u00f6zg\u00fcr bir \u00f6zg\u00fcnl\u00fc\u011f\u00fcn sihrine inan\u0131r buna katk\u0131 sunmay\u0131 ama\u00e7lar. Sak\u0131p Sabanc\u0131 M\u00fczesi i\u00e7in tasarlanan [...]\" \/>\n<meta property=\"og:url\" content=\"https:\/\/sakipsabancimuzesi.org\/shop\/urun\/moda\/aksesuar\/ssm-modal-sal\/\" \/>\n<meta property=\"og:site_name\" content=\"SSM Shop\" \/>\n<meta property=\"article:publisher\" content=\"https:\/\/www.facebook.com\/SakipSabanciMuzesi\/\" \/>\n<meta property=\"article:modified_time\" content=\"2025-09-25T08:30:42+00:00\" \/>\n<meta property=\"og:image\" content=\"https:\/\/sakipsabancimuzesi.org\/shop\/wp-content\/uploads\/2024\/01\/Modal-Sall-1.jpg\" \/>\n\t<meta property=\"og:image:width\" content=\"1280\" \/>\n\t<meta property=\"og:image:height\" content=\"1600\" \/>\n\t<meta property=\"og:image:type\" content=\"image\/jpeg\" \/>\n<meta name=\"twitter:card\" content=\"summary_large_image\" \/>\n<meta name=\"twitter:label1\" content=\"Tahmini okuma s\u00fcresi\" \/>\n\t<meta name=\"twitter:data1\" content=\"1 dakika\" \/>\n<script type=\"application\/ld+json\" class=\"yoast-schema-graph\">{\"@context\":\"https:\/\/schema.org\",\"@graph\":[{\"@type\":\"WebPage\",\"@id\":\"https:\/\/sakipsabancimuzesi.org\/shop\/urun\/moda\/aksesuar\/ssm-modal-sal\/\",\"url\":\"https:\/\/sakipsabancimuzesi.org\/shop\/urun\/moda\/aksesuar\/ssm-modal-sal\/\",\"name\":\"SSM Modal \u015eal - SSM Shop\",\"isPartOf\":{\"@id\":\"https:\/\/sakipsabancimuzesi.org\/shop\/#website\"},\"primaryImageOfPage\":{\"@id\":\"https:\/\/sakipsabancimuzesi.org\/shop\/urun\/moda\/aksesuar\/ssm-modal-sal\/#primaryimage\"},\"image\":{\"@id\":\"https:\/\/sakipsabancimuzesi.org\/shop\/urun\/moda\/aksesuar\/ssm-modal-sal\/#primaryimage\"},\"thumbnailUrl\":\"https:\/\/sakipsabancimuzesi.org\/shop\/wp-content\/uploads\/2024\/01\/Modal-Sall-1.jpg\",\"datePublished\":\"2024-01-04T09:25:14+00:00\",\"dateModified\":\"2025-09-25T08:30:42+00:00\",\"breadcrumb\":{\"@id\":\"https:\/\/sakipsabancimuzesi.org\/shop\/urun\/moda\/aksesuar\/ssm-modal-sal\/#breadcrumb\"},\"inLanguage\":\"tr\",\"potentialAction\":[{\"@type\":\"ReadAction\",\"target\":[\"https:\/\/sakipsabancimuzesi.org\/shop\/urun\/moda\/aksesuar\/ssm-modal-sal\/\"]}]},{\"@type\":\"ImageObject\",\"inLanguage\":\"tr\",\"@id\":\"https:\/\/sakipsabancimuzesi.org\/shop\/urun\/moda\/aksesuar\/ssm-modal-sal\/#primaryimage\",\"url\":\"https:\/\/sakipsabancimuzesi.org\/shop\/wp-content\/uploads\/2024\/01\/Modal-Sall-1.jpg\",\"contentUrl\":\"https:\/\/sakipsabancimuzesi.org\/shop\/wp-content\/uploads\/2024\/01\/Modal-Sall-1.jpg\",\"width\":1280,\"height\":1600},{\"@type\":\"BreadcrumbList\",\"@id\":\"https:\/\/sakipsabancimuzesi.org\/shop\/urun\/moda\/aksesuar\/ssm-modal-sal\/#breadcrumb\",\"itemListElement\":[{\"@type\":\"ListItem\",\"position\":1,\"name\":\"Ana sayfa\",\"item\":\"https:\/\/sakipsabancimuzesi.org\/shop\/\"},{\"@type\":\"ListItem\",\"position\":2,\"name\":\"Shop\",\"item\":\"https:\/\/sakipsabancimuzesi.org\/shop\/shop\/\"},{\"@type\":\"ListItem\",\"position\":3,\"name\":\"SSM Modal \u015eal\"}]},{\"@type\":\"WebSite\",\"@id\":\"https:\/\/sakipsabancimuzesi.org\/shop\/#website\",\"url\":\"https:\/\/sakipsabancimuzesi.org\/shop\/\",\"name\":\"SSM Shop\",\"description\":\"Sak\u0131p Sabanc\u0131 M\u00fczesi, Ma\u011faza\",\"publisher\":{\"@id\":\"https:\/\/sakipsabancimuzesi.org\/shop\/#organization\"},\"potentialAction\":[{\"@type\":\"SearchAction\",\"target\":{\"@type\":\"EntryPoint\",\"urlTemplate\":\"https:\/\/sakipsabancimuzesi.org\/shop\/?s={search_term_string}\"},\"query-input\":{\"@type\":\"PropertyValueSpecification\",\"valueRequired\":true,\"valueName\":\"search_term_string\"}}],\"inLanguage\":\"tr\"},{\"@type\":\"Organization\",\"@id\":\"https:\/\/sakipsabancimuzesi.org\/shop\/#organization\",\"name\":\"SSM Shop\",\"url\":\"https:\/\/sakipsabancimuzesi.org\/shop\/\",\"logo\":{\"@type\":\"ImageObject\",\"inLanguage\":\"tr\",\"@id\":\"https:\/\/sakipsabancimuzesi.org\/shop\/#\/schema\/logo\/image\/\",\"url\":\"https:\/\/sakipsabancimuzesi.org\/shop\/wp-content\/uploads\/2019\/11\/logo.png\",\"contentUrl\":\"https:\/\/sakipsabancimuzesi.org\/shop\/wp-content\/uploads\/2019\/11\/logo.png\",\"width\":227,\"height\":87,\"caption\":\"SSM Shop\"},\"image\":{\"@id\":\"https:\/\/sakipsabancimuzesi.org\/shop\/#\/schema\/logo\/image\/\"},\"sameAs\":[\"https:\/\/www.facebook.com\/SakipSabanciMuzesi\/\"]}]}<\/script>\n<!-- \/ Yoast SEO plugin. -->","yoast_head_json":{"title":"SSM Modal \u015eal - SSM Shop","robots":{"index":"index","follow":"follow","max-snippet":"max-snippet:-1","max-image-preview":"max-image-preview:large","max-video-preview":"max-video-preview:-1"},"canonical":"https:\/\/sakipsabancimuzesi.org\/shop\/urun\/moda\/aksesuar\/ssm-modal-sal\/","og_locale":"tr_TR","og_type":"article","og_title":"SSM Modal \u015eal - SSM Shop","og_description":"Sak\u0131p Sabanc\u0131 M\u00fczesi i\u00e7in \u00f6zel olarak tasarlanan bu \u00fcr\u00fcn de di\u011fer t\u00fcm To\u2019s \u00fcr\u00fcnleri gibi s\u00fcrd\u00fcr\u00fclebilir, %100 do\u011fal i\u00e7eriklerden olu\u015fan ve \u00f6zg\u00fcn bir tasar\u0131md\u0131r. To\u2019s W\u0130th Us, ilham\u0131n\u0131 kurucular\u0131n\u0131n dostlu\u011fundan, do\u011fadan, rengarenk ve \u00f6zg\u00fcn olmaktan al\u0131yor. Mekanlar\u0131n ruhuna, birlik olmaya ve \u00f6zg\u00fcr bir \u00f6zg\u00fcnl\u00fc\u011f\u00fcn sihrine inan\u0131r buna katk\u0131 sunmay\u0131 ama\u00e7lar. Sak\u0131p Sabanc\u0131 M\u00fczesi i\u00e7in tasarlanan [...]","og_url":"https:\/\/sakipsabancimuzesi.org\/shop\/urun\/moda\/aksesuar\/ssm-modal-sal\/","og_site_name":"SSM Shop","article_publisher":"https:\/\/www.facebook.com\/SakipSabanciMuzesi\/","article_modified_time":"2025-09-25T08:30:42+00:00","og_image":[{"width":1280,"height":1600,"url":"https:\/\/sakipsabancimuzesi.org\/shop\/wp-content\/uploads\/2024\/01\/Modal-Sall-1.jpg","type":"image\/jpeg"}],"twitter_card":"summary_large_image","twitter_misc":{"Tahmini okuma s\u00fcresi":"1 dakika"},"schema":{"@context":"https:\/\/schema.org","@graph":[{"@type":"WebPage","@id":"https:\/\/sakipsabancimuzesi.org\/shop\/urun\/moda\/aksesuar\/ssm-modal-sal\/","url":"https:\/\/sakipsabancimuzesi.org\/shop\/urun\/moda\/aksesuar\/ssm-modal-sal\/","name":"SSM Modal \u015eal - SSM Shop","isPartOf":{"@id":"https:\/\/sakipsabancimuzesi.org\/shop\/#website"},"primaryImageOfPage":{"@id":"https:\/\/sakipsabancimuzesi.org\/shop\/urun\/moda\/aksesuar\/ssm-modal-sal\/#primaryimage"},"image":{"@id":"https:\/\/sakipsabancimuzesi.org\/shop\/urun\/moda\/aksesuar\/ssm-modal-sal\/#primaryimage"},"thumbnailUrl":"https:\/\/sakipsabancimuzesi.org\/shop\/wp-content\/uploads\/2024\/01\/Modal-Sall-1.jpg","datePublished":"2024-01-04T09:25:14+00:00","dateModified":"2025-09-25T08:30:42+00:00","breadcrumb":{"@id":"https:\/\/sakipsabancimuzesi.org\/shop\/urun\/moda\/aksesuar\/ssm-modal-sal\/#breadcrumb"},"inLanguage":"tr","potentialAction":[{"@type":"ReadAction","target":["https:\/\/sakipsabancimuzesi.org\/shop\/urun\/moda\/aksesuar\/ssm-modal-sal\/"]}]},{"@type":"ImageObject","inLanguage":"tr","@id":"https:\/\/sakipsabancimuzesi.org\/shop\/urun\/moda\/aksesuar\/ssm-modal-sal\/#primaryimage","url":"https:\/\/sakipsabancimuzesi.org\/shop\/wp-content\/uploads\/2024\/01\/Modal-Sall-1.jpg","contentUrl":"https:\/\/sakipsabancimuzesi.org\/shop\/wp-content\/uploads\/2024\/01\/Modal-Sall-1.jpg","width":1280,"height":1600},{"@type":"BreadcrumbList","@id":"https:\/\/sakipsabancimuzesi.org\/shop\/urun\/moda\/aksesuar\/ssm-modal-sal\/#breadcrumb","itemListElement":[{"@type":"ListItem","position":1,"name":"Ana sayfa","item":"https:\/\/sakipsabancimuzesi.org\/shop\/"},{"@type":"ListItem","position":2,"name":"Shop","item":"https:\/\/sakipsabancimuzesi.org\/shop\/shop\/"},{"@type":"ListItem","position":3,"name":"SSM Modal \u015eal"}]},{"@type":"WebSite","@id":"https:\/\/sakipsabancimuzesi.org\/shop\/#website","url":"https:\/\/sakipsabancimuzesi.org\/shop\/","name":"SSM Shop","description":"Sak\u0131p Sabanc\u0131 M\u00fczesi, Ma\u011faza","publisher":{"@id":"https:\/\/sakipsabancimuzesi.org\/shop\/#organization"},"potentialAction":[{"@type":"SearchAction","target":{"@type":"EntryPoint","urlTemplate":"https:\/\/sakipsabancimuzesi.org\/shop\/?s={search_term_string}"},"query-input":{"@type":"PropertyValueSpecification","valueRequired":true,"valueName":"search_term_string"}}],"inLanguage":"tr"},{"@type":"Organization","@id":"https:\/\/sakipsabancimuzesi.org\/shop\/#organization","name":"SSM Shop","url":"https:\/\/sakipsabancimuzesi.org\/shop\/","logo":{"@type":"ImageObject","inLanguage":"tr","@id":"https:\/\/sakipsabancimuzesi.org\/shop\/#\/schema\/logo\/image\/","url":"https:\/\/sakipsabancimuzesi.org\/shop\/wp-content\/uploads\/2019\/11\/logo.png","contentUrl":"https:\/\/sakipsabancimuzesi.org\/shop\/wp-content\/uploads\/2019\/11\/logo.png","width":227,"height":87,"caption":"SSM Shop"},"image":{"@id":"https:\/\/sakipsabancimuzesi.org\/shop\/#\/schema\/logo\/image\/"},"sameAs":["https:\/\/www.facebook.com\/SakipSabanciMuzesi\/"]}]}},"jetpack_sharing_enabled":true,"_links":{"self":[{"href":"https:\/\/sakipsabancimuzesi.org\/shop\/wp-json\/wp\/v2\/product\/262766","targetHints":{"allow":["GET"]}}],"collection":[{"href":"https:\/\/sakipsabancimuzesi.org\/shop\/wp-json\/wp\/v2\/product"}],"about":[{"href":"https:\/\/sakipsabancimuzesi.org\/shop\/wp-json\/wp\/v2\/types\/product"}],"wp:featuredmedia":[{"embeddable":true,"href":"https:\/\/sakipsabancimuzesi.org\/shop\/wp-json\/wp\/v2\/media\/262773"}],"wp:attachment":[{"href":"https:\/\/sakipsabancimuzesi.org\/shop\/wp-json\/wp\/v2\/media?parent=262766"}],"wp:term":[{"taxonomy":"product_brand","embeddable":true,"href":"https:\/\/sakipsabancimuzesi.org\/shop\/wp-json\/wp\/v2\/product_brand?post=262766"},{"taxonomy":"product_cat","embeddable":true,"href":"https:\/\/sakipsabancimuzesi.org\/shop\/wp-json\/wp\/v2\/product_cat?post=262766"},{"taxonomy":"product_tag","embeddable":true,"href":"https:\/\/sakipsabancimuzesi.org\/shop\/wp-json\/wp\/v2\/product_tag?post=262766"},{"taxonomy":"woo-feed-brand","embeddable":true,"href":"https:\/\/sakipsabancimuzesi.org\/shop\/wp-json\/wp\/v2\/woo-feed-brand?post=262766"}],"curies":[{"name":"wp","href":"https:\/\/api.w.org\/{rel}","templated":true}]}}