{"id":263134,"date":"2024-03-04T10:18:14","date_gmt":"2024-03-04T07:18:14","guid":{"rendered":"https:\/\/sakipsabancimuzesi.org\/shop\/?post_type=product&#038;p=263134"},"modified":"2026-03-07T23:03:19","modified_gmt":"2026-03-07T20:03:19","slug":"8-mart-dunya-kadinlar-gunu-rehberli-turlari","status":"publish","type":"product","link":"https:\/\/sakipsabancimuzesi.org\/shop\/urun\/egitim-ve-etkinlik\/etkinlikler\/8-mart-dunya-kadinlar-gunu-rehberli-turlari\/","title":{"rendered":"8 Mart D\u00fcnya Kad\u0131nlar G\u00fcn\u00fc Rehberli Turlar\u0131"},"content":{"rendered":"<p><strong>Sak\u0131p Sabanc\u0131 M\u00fczesi, 8 Mart D\u00fcnya Kad\u0131nlar G\u00fcn\u00fc\u2019n\u00fc<\/strong><br \/>\n<em><strong>Unutulmu\u015f Bir Cumhuriyet Kad\u0131n\u0131: B\u00fct\u00fcn Y\u00f6nleriyle Melek Cel\u00e2l<\/strong><\/em><br \/>\n<strong>sergisi ile kutluyor!<\/strong><br \/>\n19. y\u00fczy\u0131l\u0131n sonunda Osmanl\u0131 \u0130mparatorlu\u011fu\u2019nda do\u011fan ve hayat\u0131na T\u00fcrkiye Cumhuriyeti\u2019nde devam eden ilk modern sanat\u00e7\u0131 ku\u015fa\u011f\u0131n\u0131n \u00f6nc\u00fc kad\u0131n temsilcilerinden Melek Cel\u00e2l\u2019in hayat\u0131 ve sanat\u0131n\u0131 daha yak\u0131ndan tan\u0131mak, radikal de\u011fi\u015fikliklerden ge\u00e7en bir \u00fclkenin modernle\u015fme s\u00fcrecini takip etmek i\u00e7in 8 Mart D\u00fcnya Kad\u0131nlar G\u00fcn\u00fc\u2019nde\u00a0<strong>SSM\u2019yi \u00fccretsiz ziyaret edebilir<\/strong>\u00a0ve\u00a0<strong>rehber e\u015fli\u011finde \u00fccretsiz sergi turlar\u0131na kat\u0131labilirsiniz.\u00a0<\/strong><\/p>\n","protected":false},"excerpt":{"rendered":"<p><strong>Rehberli sergi turlar\u0131 kontenjanla s\u0131n\u0131rl\u0131d\u0131r. Saat 11.00, 14.00 ve 17.00\u2019de d\u00fczenlenecektir.<\/strong><\/p>\n","protected":false},"featured_media":263135,"template":"","meta":{"_exactmetrics_skip_tracking":false,"_exactmetrics_sitenote_active":false,"_exactmetrics_sitenote_note":"","_exactmetrics_sitenote_category":0},"product_brand":[],"product_cat":[581],"product_tag":[],"woo-feed-brand":[],"class_list":{"0":"post-263134","1":"product","2":"type-product","3":"status-publish","4":"has-post-thumbnail","6":"product_cat-etkinlikler","8":"first","9":"outofstock","10":"sold-individually","11":"taxable","12":"shipping-taxable","13":"purchasable","14":"product-type-variable"},"yoast_head":"<!-- This site is optimized with the Yoast SEO plugin v27.1.1 - https:\/\/yoast.com\/product\/yoast-seo-wordpress\/ -->\n<title>8 Mart D\u00fcnya Kad\u0131nlar G\u00fcn\u00fc Rehberli Turlar\u0131 - SSM Shop<\/title>\n<meta name=\"robots\" content=\"index, follow, max-snippet:-1, max-image-preview:large, max-video-preview:-1\" \/>\n<link rel=\"canonical\" href=\"https:\/\/sakipsabancimuzesi.org\/shop\/urun\/egitim-ve-etkinlik\/etkinlikler\/8-mart-dunya-kadinlar-gunu-rehberli-turlari\/\" \/>\n<meta property=\"og:locale\" content=\"tr_TR\" \/>\n<meta property=\"og:type\" content=\"article\" \/>\n<meta property=\"og:title\" content=\"8 Mart D\u00fcnya Kad\u0131nlar G\u00fcn\u00fc Rehberli Turlar\u0131 - SSM Shop\" \/>\n<meta property=\"og:description\" content=\"Rehberli sergi turlar\u0131 kontenjanla s\u0131n\u0131rl\u0131d\u0131r. Saat 11.00, 14.00 ve 17.00\u2019de d\u00fczenlenecektir.\" \/>\n<meta property=\"og:url\" content=\"https:\/\/sakipsabancimuzesi.org\/shop\/urun\/egitim-ve-etkinlik\/etkinlikler\/8-mart-dunya-kadinlar-gunu-rehberli-turlari\/\" \/>\n<meta property=\"og:site_name\" content=\"SSM Shop\" \/>\n<meta property=\"article:publisher\" content=\"https:\/\/www.facebook.com\/SakipSabanciMuzesi\/\" \/>\n<meta property=\"article:modified_time\" content=\"2026-03-07T20:03:19+00:00\" \/>\n<meta property=\"og:image\" content=\"https:\/\/sakipsabancimuzesi.org\/shop\/wp-content\/uploads\/2024\/03\/mcs_8mart.jpg\" \/>\n\t<meta property=\"og:image:width\" content=\"1200\" \/>\n\t<meta property=\"og:image:height\" content=\"785\" \/>\n\t<meta property=\"og:image:type\" content=\"image\/jpeg\" \/>\n<meta name=\"twitter:card\" content=\"summary_large_image\" \/>\n<meta name=\"twitter:label1\" content=\"Tahmini okuma s\u00fcresi\" \/>\n\t<meta name=\"twitter:data1\" content=\"1 dakika\" \/>\n<script type=\"application\/ld+json\" class=\"yoast-schema-graph\">{\"@context\":\"https:\/\/schema.org\",\"@graph\":[{\"@type\":\"WebPage\",\"@id\":\"https:\/\/sakipsabancimuzesi.org\/shop\/urun\/egitim-ve-etkinlik\/etkinlikler\/8-mart-dunya-kadinlar-gunu-rehberli-turlari\/\",\"url\":\"https:\/\/sakipsabancimuzesi.org\/shop\/urun\/egitim-ve-etkinlik\/etkinlikler\/8-mart-dunya-kadinlar-gunu-rehberli-turlari\/\",\"name\":\"8 Mart D\u00fcnya Kad\u0131nlar G\u00fcn\u00fc Rehberli Turlar\u0131 - SSM Shop\",\"isPartOf\":{\"@id\":\"https:\/\/sakipsabancimuzesi.org\/shop\/#website\"},\"primaryImageOfPage\":{\"@id\":\"https:\/\/sakipsabancimuzesi.org\/shop\/urun\/egitim-ve-etkinlik\/etkinlikler\/8-mart-dunya-kadinlar-gunu-rehberli-turlari\/#primaryimage\"},\"image\":{\"@id\":\"https:\/\/sakipsabancimuzesi.org\/shop\/urun\/egitim-ve-etkinlik\/etkinlikler\/8-mart-dunya-kadinlar-gunu-rehberli-turlari\/#primaryimage\"},\"thumbnailUrl\":\"https:\/\/sakipsabancimuzesi.org\/shop\/wp-content\/uploads\/2024\/03\/mcs_8mart.jpg\",\"datePublished\":\"2024-03-04T07:18:14+00:00\",\"dateModified\":\"2026-03-07T20:03:19+00:00\",\"breadcrumb\":{\"@id\":\"https:\/\/sakipsabancimuzesi.org\/shop\/urun\/egitim-ve-etkinlik\/etkinlikler\/8-mart-dunya-kadinlar-gunu-rehberli-turlari\/#breadcrumb\"},\"inLanguage\":\"tr\",\"potentialAction\":[{\"@type\":\"ReadAction\",\"target\":[\"https:\/\/sakipsabancimuzesi.org\/shop\/urun\/egitim-ve-etkinlik\/etkinlikler\/8-mart-dunya-kadinlar-gunu-rehberli-turlari\/\"]}]},{\"@type\":\"ImageObject\",\"inLanguage\":\"tr\",\"@id\":\"https:\/\/sakipsabancimuzesi.org\/shop\/urun\/egitim-ve-etkinlik\/etkinlikler\/8-mart-dunya-kadinlar-gunu-rehberli-turlari\/#primaryimage\",\"url\":\"https:\/\/sakipsabancimuzesi.org\/shop\/wp-content\/uploads\/2024\/03\/mcs_8mart.jpg\",\"contentUrl\":\"https:\/\/sakipsabancimuzesi.org\/shop\/wp-content\/uploads\/2024\/03\/mcs_8mart.jpg\",\"width\":1200,\"height\":785},{\"@type\":\"BreadcrumbList\",\"@id\":\"https:\/\/sakipsabancimuzesi.org\/shop\/urun\/egitim-ve-etkinlik\/etkinlikler\/8-mart-dunya-kadinlar-gunu-rehberli-turlari\/#breadcrumb\",\"itemListElement\":[{\"@type\":\"ListItem\",\"position\":1,\"name\":\"Ana sayfa\",\"item\":\"https:\/\/sakipsabancimuzesi.org\/shop\/\"},{\"@type\":\"ListItem\",\"position\":2,\"name\":\"Shop\",\"item\":\"https:\/\/sakipsabancimuzesi.org\/shop\/shop\/\"},{\"@type\":\"ListItem\",\"position\":3,\"name\":\"8 Mart D\u00fcnya Kad\u0131nlar G\u00fcn\u00fc Rehberli Turlar\u0131\"}]},{\"@type\":\"WebSite\",\"@id\":\"https:\/\/sakipsabancimuzesi.org\/shop\/#website\",\"url\":\"https:\/\/sakipsabancimuzesi.org\/shop\/\",\"name\":\"SSM Shop\",\"description\":\"Sak\u0131p Sabanc\u0131 M\u00fczesi, Ma\u011faza\",\"publisher\":{\"@id\":\"https:\/\/sakipsabancimuzesi.org\/shop\/#organization\"},\"potentialAction\":[{\"@type\":\"SearchAction\",\"target\":{\"@type\":\"EntryPoint\",\"urlTemplate\":\"https:\/\/sakipsabancimuzesi.org\/shop\/?s={search_term_string}\"},\"query-input\":{\"@type\":\"PropertyValueSpecification\",\"valueRequired\":true,\"valueName\":\"search_term_string\"}}],\"inLanguage\":\"tr\"},{\"@type\":\"Organization\",\"@id\":\"https:\/\/sakipsabancimuzesi.org\/shop\/#organization\",\"name\":\"SSM Shop\",\"url\":\"https:\/\/sakipsabancimuzesi.org\/shop\/\",\"logo\":{\"@type\":\"ImageObject\",\"inLanguage\":\"tr\",\"@id\":\"https:\/\/sakipsabancimuzesi.org\/shop\/#\/schema\/logo\/image\/\",\"url\":\"https:\/\/sakipsabancimuzesi.org\/shop\/wp-content\/uploads\/2019\/11\/logo.png\",\"contentUrl\":\"https:\/\/sakipsabancimuzesi.org\/shop\/wp-content\/uploads\/2019\/11\/logo.png\",\"width\":227,\"height\":87,\"caption\":\"SSM Shop\"},\"image\":{\"@id\":\"https:\/\/sakipsabancimuzesi.org\/shop\/#\/schema\/logo\/image\/\"},\"sameAs\":[\"https:\/\/www.facebook.com\/SakipSabanciMuzesi\/\"]}]}<\/script>\n<!-- \/ Yoast SEO plugin. -->","yoast_head_json":{"title":"8 Mart D\u00fcnya Kad\u0131nlar G\u00fcn\u00fc Rehberli Turlar\u0131 - SSM Shop","robots":{"index":"index","follow":"follow","max-snippet":"max-snippet:-1","max-image-preview":"max-image-preview:large","max-video-preview":"max-video-preview:-1"},"canonical":"https:\/\/sakipsabancimuzesi.org\/shop\/urun\/egitim-ve-etkinlik\/etkinlikler\/8-mart-dunya-kadinlar-gunu-rehberli-turlari\/","og_locale":"tr_TR","og_type":"article","og_title":"8 Mart D\u00fcnya Kad\u0131nlar G\u00fcn\u00fc Rehberli Turlar\u0131 - SSM Shop","og_description":"Rehberli sergi turlar\u0131 kontenjanla s\u0131n\u0131rl\u0131d\u0131r. Saat 11.00, 14.00 ve 17.00\u2019de d\u00fczenlenecektir.","og_url":"https:\/\/sakipsabancimuzesi.org\/shop\/urun\/egitim-ve-etkinlik\/etkinlikler\/8-mart-dunya-kadinlar-gunu-rehberli-turlari\/","og_site_name":"SSM Shop","article_publisher":"https:\/\/www.facebook.com\/SakipSabanciMuzesi\/","article_modified_time":"2026-03-07T20:03:19+00:00","og_image":[{"width":1200,"height":785,"url":"https:\/\/sakipsabancimuzesi.org\/shop\/wp-content\/uploads\/2024\/03\/mcs_8mart.jpg","type":"image\/jpeg"}],"twitter_card":"summary_large_image","twitter_misc":{"Tahmini okuma s\u00fcresi":"1 dakika"},"schema":{"@context":"https:\/\/schema.org","@graph":[{"@type":"WebPage","@id":"https:\/\/sakipsabancimuzesi.org\/shop\/urun\/egitim-ve-etkinlik\/etkinlikler\/8-mart-dunya-kadinlar-gunu-rehberli-turlari\/","url":"https:\/\/sakipsabancimuzesi.org\/shop\/urun\/egitim-ve-etkinlik\/etkinlikler\/8-mart-dunya-kadinlar-gunu-rehberli-turlari\/","name":"8 Mart D\u00fcnya Kad\u0131nlar G\u00fcn\u00fc Rehberli Turlar\u0131 - SSM Shop","isPartOf":{"@id":"https:\/\/sakipsabancimuzesi.org\/shop\/#website"},"primaryImageOfPage":{"@id":"https:\/\/sakipsabancimuzesi.org\/shop\/urun\/egitim-ve-etkinlik\/etkinlikler\/8-mart-dunya-kadinlar-gunu-rehberli-turlari\/#primaryimage"},"image":{"@id":"https:\/\/sakipsabancimuzesi.org\/shop\/urun\/egitim-ve-etkinlik\/etkinlikler\/8-mart-dunya-kadinlar-gunu-rehberli-turlari\/#primaryimage"},"thumbnailUrl":"https:\/\/sakipsabancimuzesi.org\/shop\/wp-content\/uploads\/2024\/03\/mcs_8mart.jpg","datePublished":"2024-03-04T07:18:14+00:00","dateModified":"2026-03-07T20:03:19+00:00","breadcrumb":{"@id":"https:\/\/sakipsabancimuzesi.org\/shop\/urun\/egitim-ve-etkinlik\/etkinlikler\/8-mart-dunya-kadinlar-gunu-rehberli-turlari\/#breadcrumb"},"inLanguage":"tr","potentialAction":[{"@type":"ReadAction","target":["https:\/\/sakipsabancimuzesi.org\/shop\/urun\/egitim-ve-etkinlik\/etkinlikler\/8-mart-dunya-kadinlar-gunu-rehberli-turlari\/"]}]},{"@type":"ImageObject","inLanguage":"tr","@id":"https:\/\/sakipsabancimuzesi.org\/shop\/urun\/egitim-ve-etkinlik\/etkinlikler\/8-mart-dunya-kadinlar-gunu-rehberli-turlari\/#primaryimage","url":"https:\/\/sakipsabancimuzesi.org\/shop\/wp-content\/uploads\/2024\/03\/mcs_8mart.jpg","contentUrl":"https:\/\/sakipsabancimuzesi.org\/shop\/wp-content\/uploads\/2024\/03\/mcs_8mart.jpg","width":1200,"height":785},{"@type":"BreadcrumbList","@id":"https:\/\/sakipsabancimuzesi.org\/shop\/urun\/egitim-ve-etkinlik\/etkinlikler\/8-mart-dunya-kadinlar-gunu-rehberli-turlari\/#breadcrumb","itemListElement":[{"@type":"ListItem","position":1,"name":"Ana sayfa","item":"https:\/\/sakipsabancimuzesi.org\/shop\/"},{"@type":"ListItem","position":2,"name":"Shop","item":"https:\/\/sakipsabancimuzesi.org\/shop\/shop\/"},{"@type":"ListItem","position":3,"name":"8 Mart D\u00fcnya Kad\u0131nlar G\u00fcn\u00fc Rehberli Turlar\u0131"}]},{"@type":"WebSite","@id":"https:\/\/sakipsabancimuzesi.org\/shop\/#website","url":"https:\/\/sakipsabancimuzesi.org\/shop\/","name":"SSM Shop","description":"Sak\u0131p Sabanc\u0131 M\u00fczesi, Ma\u011faza","publisher":{"@id":"https:\/\/sakipsabancimuzesi.org\/shop\/#organization"},"potentialAction":[{"@type":"SearchAction","target":{"@type":"EntryPoint","urlTemplate":"https:\/\/sakipsabancimuzesi.org\/shop\/?s={search_term_string}"},"query-input":{"@type":"PropertyValueSpecification","valueRequired":true,"valueName":"search_term_string"}}],"inLanguage":"tr"},{"@type":"Organization","@id":"https:\/\/sakipsabancimuzesi.org\/shop\/#organization","name":"SSM Shop","url":"https:\/\/sakipsabancimuzesi.org\/shop\/","logo":{"@type":"ImageObject","inLanguage":"tr","@id":"https:\/\/sakipsabancimuzesi.org\/shop\/#\/schema\/logo\/image\/","url":"https:\/\/sakipsabancimuzesi.org\/shop\/wp-content\/uploads\/2019\/11\/logo.png","contentUrl":"https:\/\/sakipsabancimuzesi.org\/shop\/wp-content\/uploads\/2019\/11\/logo.png","width":227,"height":87,"caption":"SSM Shop"},"image":{"@id":"https:\/\/sakipsabancimuzesi.org\/shop\/#\/schema\/logo\/image\/"},"sameAs":["https:\/\/www.facebook.com\/SakipSabanciMuzesi\/"]}]}},"jetpack_sharing_enabled":true,"_links":{"self":[{"href":"https:\/\/sakipsabancimuzesi.org\/shop\/wp-json\/wp\/v2\/product\/263134","targetHints":{"allow":["GET"]}}],"collection":[{"href":"https:\/\/sakipsabancimuzesi.org\/shop\/wp-json\/wp\/v2\/product"}],"about":[{"href":"https:\/\/sakipsabancimuzesi.org\/shop\/wp-json\/wp\/v2\/types\/product"}],"wp:featuredmedia":[{"embeddable":true,"href":"https:\/\/sakipsabancimuzesi.org\/shop\/wp-json\/wp\/v2\/media\/263135"}],"wp:attachment":[{"href":"https:\/\/sakipsabancimuzesi.org\/shop\/wp-json\/wp\/v2\/media?parent=263134"}],"wp:term":[{"taxonomy":"product_brand","embeddable":true,"href":"https:\/\/sakipsabancimuzesi.org\/shop\/wp-json\/wp\/v2\/product_brand?post=263134"},{"taxonomy":"product_cat","embeddable":true,"href":"https:\/\/sakipsabancimuzesi.org\/shop\/wp-json\/wp\/v2\/product_cat?post=263134"},{"taxonomy":"product_tag","embeddable":true,"href":"https:\/\/sakipsabancimuzesi.org\/shop\/wp-json\/wp\/v2\/product_tag?post=263134"},{"taxonomy":"woo-feed-brand","embeddable":true,"href":"https:\/\/sakipsabancimuzesi.org\/shop\/wp-json\/wp\/v2\/woo-feed-brand?post=263134"}],"curies":[{"name":"wp","href":"https:\/\/api.w.org\/{rel}","templated":true}]}}