{"id":263439,"date":"2024-03-27T14:46:04","date_gmt":"2024-03-27T11:46:04","guid":{"rendered":"https:\/\/sakipsabancimuzesi.org\/shop\/?post_type=product&#038;p=263439"},"modified":"2026-02-09T10:27:06","modified_gmt":"2026-02-09T07:27:06","slug":"benim-ulkem","status":"publish","type":"product","link":"https:\/\/sakipsabancimuzesi.org\/shop\/urun\/yayin-ve-multimedya\/cocuk-kitaplari\/benim-ulkem\/","title":{"rendered":"Benim \u00dclkem"},"content":{"rendered":"<p>T\u00dcRK\u0130YE: 783.562 km\u00b2 b\u00fcy\u00fckl\u00fc\u011f\u00fcnde bir hazine!<br \/>\nBursa\u2019n\u0131n \u201cOynar G\u00fcvercin\u201di, Rize\u2019nin \u201cKomar \u00c7i\u00e7e\u011fi\u201d, Van\u2019\u0131n \u201cKeledo\u015f\u201d yeme\u011fi, Diyarbak\u0131r\u2019\u0131n<br \/>\n\u201cOn G\u00f6zl\u00fc K\u00f6pr\u00fc\u201ds\u00fc, Antalya\u2019n\u0131n \u201cMor \u00dcz\u00fcm\u201d\u00fc, \u0130zmir\u2019in kavaklar\u0131\u2026<br \/>\n\u201cBEN\u0130M \u00dcLKEM\u201d binbir de\u011ferle, binbir tarihi eserle, binbir \u00e7i\u00e7ekle, binbir t\u00fcrk\u00fcyle dolu!<\/p>\n<p>\u00c7ocuklar\u0131m\u0131z T\u00fcrkiye\u2019yi daha yak\u0131ndan tan\u0131s\u0131n diye \u201cMerakl\u0131s\u0131na T\u00fcrkiye Atlas\u0131\u201d sizi reng\u00e2renk ve<br \/>\nne\u015feli bir yolculu\u011fa \u00e7\u0131kartmak i\u00e7in heyecanlan\u0131yor!<br \/>\nBu tatl\u0131 heyecana ortak olmak, bu muhte\u015fem yolculu\u011fa \u00e7\u0131kmak i\u00e7in\u2026<br \/>\nHayal kuranlara, soru soranlara, merak edenlere, \u00e7ocuk kalanlara:<br \/>\nYol a\u00e7\u0131k!<\/p>\n","protected":false},"excerpt":{"rendered":"<p>T\u00dcRK\u0130YE: 783.562 km\u00b2 b\u00fcy\u00fckl\u00fc\u011f\u00fcnde bir hazine! Bursa\u2019n\u0131n \u201cOynar G\u00fcvercin\u201di, Rize\u2019nin \u201cKomar \u00c7i\u00e7e\u011fi\u201d, Van\u2019\u0131n \u201cKeledo\u015f\u201d yeme\u011fi, Diyarbak\u0131r\u2019\u0131n \u201cOn G\u00f6zl\u00fc K\u00f6pr\u00fc\u201ds\u00fc, Antalya\u2019n\u0131n \u201cMor \u00dcz\u00fcm\u201d\u00fc, \u0130zmir\u2019in kavaklar\u0131\u2026 \u201cBEN\u0130M \u00dcLKEM\u201d binbir de\u011ferle, binbir tarihi eserle, binbir \u00e7i\u00e7ekle, binbir t\u00fcrk\u00fcyle dolu! \u00c7ocuklar\u0131m\u0131z T\u00fcrkiye\u2019yi daha yak\u0131ndan tan\u0131s\u0131n diye \u201cMerakl\u0131s\u0131na T\u00fcrkiye Atlas\u0131\u201d sizi reng\u00e2renk ve ne\u015feli bir yolculu\u011fa \u00e7\u0131kartmak i\u00e7in heyecanlan\u0131yor! Bu [&#8230;]\n","protected":false},"featured_media":263414,"template":"","meta":{"_exactmetrics_skip_tracking":false,"_exactmetrics_sitenote_active":false,"_exactmetrics_sitenote_note":"","_exactmetrics_sitenote_category":0},"product_brand":[],"product_cat":[662,665],"product_tag":[253,743],"woo-feed-brand":[],"class_list":{"0":"post-263439","1":"product","2":"type-product","3":"status-publish","4":"has-post-thumbnail","6":"product_cat-yayin-ve-multimedya","7":"product_cat-cocuk-kitaplari","8":"product_tag-cocuk","9":"product_tag-kitap","11":"first","12":"instock","13":"taxable","14":"shipping-taxable","15":"purchasable","16":"product-type-simple"},"yoast_head":"<!-- This site is optimized with the Yoast SEO plugin v27.1.1 - https:\/\/yoast.com\/product\/yoast-seo-wordpress\/ -->\n<title>Benim \u00dclkem - SSM Shop<\/title>\n<meta name=\"robots\" content=\"index, follow, max-snippet:-1, max-image-preview:large, max-video-preview:-1\" \/>\n<link rel=\"canonical\" href=\"https:\/\/sakipsabancimuzesi.org\/shop\/urun\/yayin-ve-multimedya\/cocuk-kitaplari\/benim-ulkem\/\" \/>\n<meta property=\"og:locale\" content=\"tr_TR\" \/>\n<meta property=\"og:type\" content=\"article\" \/>\n<meta property=\"og:title\" content=\"Benim \u00dclkem - SSM Shop\" \/>\n<meta property=\"og:description\" content=\"T\u00dcRK\u0130YE: 783.562 km\u00b2 b\u00fcy\u00fckl\u00fc\u011f\u00fcnde bir hazine! Bursa\u2019n\u0131n \u201cOynar G\u00fcvercin\u201di, Rize\u2019nin \u201cKomar \u00c7i\u00e7e\u011fi\u201d, Van\u2019\u0131n \u201cKeledo\u015f\u201d yeme\u011fi, Diyarbak\u0131r\u2019\u0131n \u201cOn G\u00f6zl\u00fc K\u00f6pr\u00fc\u201ds\u00fc, Antalya\u2019n\u0131n \u201cMor \u00dcz\u00fcm\u201d\u00fc, \u0130zmir\u2019in kavaklar\u0131\u2026 \u201cBEN\u0130M \u00dcLKEM\u201d binbir de\u011ferle, binbir tarihi eserle, binbir \u00e7i\u00e7ekle, binbir t\u00fcrk\u00fcyle dolu! \u00c7ocuklar\u0131m\u0131z T\u00fcrkiye\u2019yi daha yak\u0131ndan tan\u0131s\u0131n diye \u201cMerakl\u0131s\u0131na T\u00fcrkiye Atlas\u0131\u201d sizi reng\u00e2renk ve ne\u015feli bir yolculu\u011fa \u00e7\u0131kartmak i\u00e7in heyecanlan\u0131yor! Bu [...]\" \/>\n<meta property=\"og:url\" content=\"https:\/\/sakipsabancimuzesi.org\/shop\/urun\/yayin-ve-multimedya\/cocuk-kitaplari\/benim-ulkem\/\" \/>\n<meta property=\"og:site_name\" content=\"SSM Shop\" \/>\n<meta property=\"article:publisher\" content=\"https:\/\/www.facebook.com\/SakipSabanciMuzesi\/\" \/>\n<meta property=\"article:modified_time\" content=\"2026-02-09T07:27:06+00:00\" \/>\n<meta property=\"og:image\" content=\"https:\/\/sakipsabancimuzesi.org\/shop\/wp-content\/uploads\/2024\/03\/benim-ulkemon-kapak.jpg\" \/>\n\t<meta property=\"og:image:width\" content=\"1280\" \/>\n\t<meta property=\"og:image:height\" content=\"1600\" \/>\n\t<meta property=\"og:image:type\" content=\"image\/jpeg\" \/>\n<meta name=\"twitter:card\" content=\"summary_large_image\" \/>\n<meta name=\"twitter:label1\" content=\"Tahmini okuma s\u00fcresi\" \/>\n\t<meta name=\"twitter:data1\" content=\"1 dakika\" \/>\n<script type=\"application\/ld+json\" class=\"yoast-schema-graph\">{\"@context\":\"https:\/\/schema.org\",\"@graph\":[{\"@type\":\"WebPage\",\"@id\":\"https:\/\/sakipsabancimuzesi.org\/shop\/urun\/yayin-ve-multimedya\/cocuk-kitaplari\/benim-ulkem\/\",\"url\":\"https:\/\/sakipsabancimuzesi.org\/shop\/urun\/yayin-ve-multimedya\/cocuk-kitaplari\/benim-ulkem\/\",\"name\":\"Benim \u00dclkem - SSM Shop\",\"isPartOf\":{\"@id\":\"https:\/\/sakipsabancimuzesi.org\/shop\/#website\"},\"primaryImageOfPage\":{\"@id\":\"https:\/\/sakipsabancimuzesi.org\/shop\/urun\/yayin-ve-multimedya\/cocuk-kitaplari\/benim-ulkem\/#primaryimage\"},\"image\":{\"@id\":\"https:\/\/sakipsabancimuzesi.org\/shop\/urun\/yayin-ve-multimedya\/cocuk-kitaplari\/benim-ulkem\/#primaryimage\"},\"thumbnailUrl\":\"https:\/\/sakipsabancimuzesi.org\/shop\/wp-content\/uploads\/2024\/03\/benim-ulkemon-kapak.jpg\",\"datePublished\":\"2024-03-27T11:46:04+00:00\",\"dateModified\":\"2026-02-09T07:27:06+00:00\",\"breadcrumb\":{\"@id\":\"https:\/\/sakipsabancimuzesi.org\/shop\/urun\/yayin-ve-multimedya\/cocuk-kitaplari\/benim-ulkem\/#breadcrumb\"},\"inLanguage\":\"tr\",\"potentialAction\":[{\"@type\":\"ReadAction\",\"target\":[\"https:\/\/sakipsabancimuzesi.org\/shop\/urun\/yayin-ve-multimedya\/cocuk-kitaplari\/benim-ulkem\/\"]}]},{\"@type\":\"ImageObject\",\"inLanguage\":\"tr\",\"@id\":\"https:\/\/sakipsabancimuzesi.org\/shop\/urun\/yayin-ve-multimedya\/cocuk-kitaplari\/benim-ulkem\/#primaryimage\",\"url\":\"https:\/\/sakipsabancimuzesi.org\/shop\/wp-content\/uploads\/2024\/03\/benim-ulkemon-kapak.jpg\",\"contentUrl\":\"https:\/\/sakipsabancimuzesi.org\/shop\/wp-content\/uploads\/2024\/03\/benim-ulkemon-kapak.jpg\",\"width\":1280,\"height\":1600},{\"@type\":\"BreadcrumbList\",\"@id\":\"https:\/\/sakipsabancimuzesi.org\/shop\/urun\/yayin-ve-multimedya\/cocuk-kitaplari\/benim-ulkem\/#breadcrumb\",\"itemListElement\":[{\"@type\":\"ListItem\",\"position\":1,\"name\":\"Ana sayfa\",\"item\":\"https:\/\/sakipsabancimuzesi.org\/shop\/\"},{\"@type\":\"ListItem\",\"position\":2,\"name\":\"Shop\",\"item\":\"https:\/\/sakipsabancimuzesi.org\/shop\/shop\/\"},{\"@type\":\"ListItem\",\"position\":3,\"name\":\"Benim \u00dclkem\"}]},{\"@type\":\"WebSite\",\"@id\":\"https:\/\/sakipsabancimuzesi.org\/shop\/#website\",\"url\":\"https:\/\/sakipsabancimuzesi.org\/shop\/\",\"name\":\"SSM Shop\",\"description\":\"Sak\u0131p Sabanc\u0131 M\u00fczesi, Ma\u011faza\",\"publisher\":{\"@id\":\"https:\/\/sakipsabancimuzesi.org\/shop\/#organization\"},\"potentialAction\":[{\"@type\":\"SearchAction\",\"target\":{\"@type\":\"EntryPoint\",\"urlTemplate\":\"https:\/\/sakipsabancimuzesi.org\/shop\/?s={search_term_string}\"},\"query-input\":{\"@type\":\"PropertyValueSpecification\",\"valueRequired\":true,\"valueName\":\"search_term_string\"}}],\"inLanguage\":\"tr\"},{\"@type\":\"Organization\",\"@id\":\"https:\/\/sakipsabancimuzesi.org\/shop\/#organization\",\"name\":\"SSM Shop\",\"url\":\"https:\/\/sakipsabancimuzesi.org\/shop\/\",\"logo\":{\"@type\":\"ImageObject\",\"inLanguage\":\"tr\",\"@id\":\"https:\/\/sakipsabancimuzesi.org\/shop\/#\/schema\/logo\/image\/\",\"url\":\"https:\/\/sakipsabancimuzesi.org\/shop\/wp-content\/uploads\/2019\/11\/logo.png\",\"contentUrl\":\"https:\/\/sakipsabancimuzesi.org\/shop\/wp-content\/uploads\/2019\/11\/logo.png\",\"width\":227,\"height\":87,\"caption\":\"SSM Shop\"},\"image\":{\"@id\":\"https:\/\/sakipsabancimuzesi.org\/shop\/#\/schema\/logo\/image\/\"},\"sameAs\":[\"https:\/\/www.facebook.com\/SakipSabanciMuzesi\/\"]}]}<\/script>\n<!-- \/ Yoast SEO plugin. -->","yoast_head_json":{"title":"Benim \u00dclkem - SSM Shop","robots":{"index":"index","follow":"follow","max-snippet":"max-snippet:-1","max-image-preview":"max-image-preview:large","max-video-preview":"max-video-preview:-1"},"canonical":"https:\/\/sakipsabancimuzesi.org\/shop\/urun\/yayin-ve-multimedya\/cocuk-kitaplari\/benim-ulkem\/","og_locale":"tr_TR","og_type":"article","og_title":"Benim \u00dclkem - SSM Shop","og_description":"T\u00dcRK\u0130YE: 783.562 km\u00b2 b\u00fcy\u00fckl\u00fc\u011f\u00fcnde bir hazine! Bursa\u2019n\u0131n \u201cOynar G\u00fcvercin\u201di, Rize\u2019nin \u201cKomar \u00c7i\u00e7e\u011fi\u201d, Van\u2019\u0131n \u201cKeledo\u015f\u201d yeme\u011fi, Diyarbak\u0131r\u2019\u0131n \u201cOn G\u00f6zl\u00fc K\u00f6pr\u00fc\u201ds\u00fc, Antalya\u2019n\u0131n \u201cMor \u00dcz\u00fcm\u201d\u00fc, \u0130zmir\u2019in kavaklar\u0131\u2026 \u201cBEN\u0130M \u00dcLKEM\u201d binbir de\u011ferle, binbir tarihi eserle, binbir \u00e7i\u00e7ekle, binbir t\u00fcrk\u00fcyle dolu! \u00c7ocuklar\u0131m\u0131z T\u00fcrkiye\u2019yi daha yak\u0131ndan tan\u0131s\u0131n diye \u201cMerakl\u0131s\u0131na T\u00fcrkiye Atlas\u0131\u201d sizi reng\u00e2renk ve ne\u015feli bir yolculu\u011fa \u00e7\u0131kartmak i\u00e7in heyecanlan\u0131yor! Bu [...]","og_url":"https:\/\/sakipsabancimuzesi.org\/shop\/urun\/yayin-ve-multimedya\/cocuk-kitaplari\/benim-ulkem\/","og_site_name":"SSM Shop","article_publisher":"https:\/\/www.facebook.com\/SakipSabanciMuzesi\/","article_modified_time":"2026-02-09T07:27:06+00:00","og_image":[{"width":1280,"height":1600,"url":"https:\/\/sakipsabancimuzesi.org\/shop\/wp-content\/uploads\/2024\/03\/benim-ulkemon-kapak.jpg","type":"image\/jpeg"}],"twitter_card":"summary_large_image","twitter_misc":{"Tahmini okuma s\u00fcresi":"1 dakika"},"schema":{"@context":"https:\/\/schema.org","@graph":[{"@type":"WebPage","@id":"https:\/\/sakipsabancimuzesi.org\/shop\/urun\/yayin-ve-multimedya\/cocuk-kitaplari\/benim-ulkem\/","url":"https:\/\/sakipsabancimuzesi.org\/shop\/urun\/yayin-ve-multimedya\/cocuk-kitaplari\/benim-ulkem\/","name":"Benim \u00dclkem - SSM Shop","isPartOf":{"@id":"https:\/\/sakipsabancimuzesi.org\/shop\/#website"},"primaryImageOfPage":{"@id":"https:\/\/sakipsabancimuzesi.org\/shop\/urun\/yayin-ve-multimedya\/cocuk-kitaplari\/benim-ulkem\/#primaryimage"},"image":{"@id":"https:\/\/sakipsabancimuzesi.org\/shop\/urun\/yayin-ve-multimedya\/cocuk-kitaplari\/benim-ulkem\/#primaryimage"},"thumbnailUrl":"https:\/\/sakipsabancimuzesi.org\/shop\/wp-content\/uploads\/2024\/03\/benim-ulkemon-kapak.jpg","datePublished":"2024-03-27T11:46:04+00:00","dateModified":"2026-02-09T07:27:06+00:00","breadcrumb":{"@id":"https:\/\/sakipsabancimuzesi.org\/shop\/urun\/yayin-ve-multimedya\/cocuk-kitaplari\/benim-ulkem\/#breadcrumb"},"inLanguage":"tr","potentialAction":[{"@type":"ReadAction","target":["https:\/\/sakipsabancimuzesi.org\/shop\/urun\/yayin-ve-multimedya\/cocuk-kitaplari\/benim-ulkem\/"]}]},{"@type":"ImageObject","inLanguage":"tr","@id":"https:\/\/sakipsabancimuzesi.org\/shop\/urun\/yayin-ve-multimedya\/cocuk-kitaplari\/benim-ulkem\/#primaryimage","url":"https:\/\/sakipsabancimuzesi.org\/shop\/wp-content\/uploads\/2024\/03\/benim-ulkemon-kapak.jpg","contentUrl":"https:\/\/sakipsabancimuzesi.org\/shop\/wp-content\/uploads\/2024\/03\/benim-ulkemon-kapak.jpg","width":1280,"height":1600},{"@type":"BreadcrumbList","@id":"https:\/\/sakipsabancimuzesi.org\/shop\/urun\/yayin-ve-multimedya\/cocuk-kitaplari\/benim-ulkem\/#breadcrumb","itemListElement":[{"@type":"ListItem","position":1,"name":"Ana sayfa","item":"https:\/\/sakipsabancimuzesi.org\/shop\/"},{"@type":"ListItem","position":2,"name":"Shop","item":"https:\/\/sakipsabancimuzesi.org\/shop\/shop\/"},{"@type":"ListItem","position":3,"name":"Benim \u00dclkem"}]},{"@type":"WebSite","@id":"https:\/\/sakipsabancimuzesi.org\/shop\/#website","url":"https:\/\/sakipsabancimuzesi.org\/shop\/","name":"SSM Shop","description":"Sak\u0131p Sabanc\u0131 M\u00fczesi, Ma\u011faza","publisher":{"@id":"https:\/\/sakipsabancimuzesi.org\/shop\/#organization"},"potentialAction":[{"@type":"SearchAction","target":{"@type":"EntryPoint","urlTemplate":"https:\/\/sakipsabancimuzesi.org\/shop\/?s={search_term_string}"},"query-input":{"@type":"PropertyValueSpecification","valueRequired":true,"valueName":"search_term_string"}}],"inLanguage":"tr"},{"@type":"Organization","@id":"https:\/\/sakipsabancimuzesi.org\/shop\/#organization","name":"SSM Shop","url":"https:\/\/sakipsabancimuzesi.org\/shop\/","logo":{"@type":"ImageObject","inLanguage":"tr","@id":"https:\/\/sakipsabancimuzesi.org\/shop\/#\/schema\/logo\/image\/","url":"https:\/\/sakipsabancimuzesi.org\/shop\/wp-content\/uploads\/2019\/11\/logo.png","contentUrl":"https:\/\/sakipsabancimuzesi.org\/shop\/wp-content\/uploads\/2019\/11\/logo.png","width":227,"height":87,"caption":"SSM Shop"},"image":{"@id":"https:\/\/sakipsabancimuzesi.org\/shop\/#\/schema\/logo\/image\/"},"sameAs":["https:\/\/www.facebook.com\/SakipSabanciMuzesi\/"]}]}},"jetpack_sharing_enabled":true,"_links":{"self":[{"href":"https:\/\/sakipsabancimuzesi.org\/shop\/wp-json\/wp\/v2\/product\/263439","targetHints":{"allow":["GET"]}}],"collection":[{"href":"https:\/\/sakipsabancimuzesi.org\/shop\/wp-json\/wp\/v2\/product"}],"about":[{"href":"https:\/\/sakipsabancimuzesi.org\/shop\/wp-json\/wp\/v2\/types\/product"}],"wp:featuredmedia":[{"embeddable":true,"href":"https:\/\/sakipsabancimuzesi.org\/shop\/wp-json\/wp\/v2\/media\/263414"}],"wp:attachment":[{"href":"https:\/\/sakipsabancimuzesi.org\/shop\/wp-json\/wp\/v2\/media?parent=263439"}],"wp:term":[{"taxonomy":"product_brand","embeddable":true,"href":"https:\/\/sakipsabancimuzesi.org\/shop\/wp-json\/wp\/v2\/product_brand?post=263439"},{"taxonomy":"product_cat","embeddable":true,"href":"https:\/\/sakipsabancimuzesi.org\/shop\/wp-json\/wp\/v2\/product_cat?post=263439"},{"taxonomy":"product_tag","embeddable":true,"href":"https:\/\/sakipsabancimuzesi.org\/shop\/wp-json\/wp\/v2\/product_tag?post=263439"},{"taxonomy":"woo-feed-brand","embeddable":true,"href":"https:\/\/sakipsabancimuzesi.org\/shop\/wp-json\/wp\/v2\/woo-feed-brand?post=263439"}],"curies":[{"name":"wp","href":"https:\/\/api.w.org\/{rel}","templated":true}]}}