{"id":267959,"date":"2024-08-14T14:40:24","date_gmt":"2024-08-14T11:40:24","guid":{"rendered":"https:\/\/sakipsabancimuzesi.org\/shop\/?post_type=product&#038;p=267959"},"modified":"2024-08-21T23:51:05","modified_gmt":"2024-08-21T20:51:05","slug":"muzede-sahne-batak-arsiv-interaktif-ses-yerlestirmesi","status":"publish","type":"product","link":"https:\/\/sakipsabancimuzesi.org\/shop\/urun\/kategorilenmemis\/muzede-sahne-batak-arsiv-interaktif-ses-yerlestirmesi\/","title":{"rendered":"M\u00fczede Sahne: Batak Ar\u015fiv-\u0130nteraktif Ses Yerle\u015ftirmesi"},"content":{"rendered":"<p>Sak\u0131p Sabanc\u0131 M\u00fczesi\u2019nin b\u00fcy\u00fcleyici bah\u00e7esinde, \u2018M\u00fczede Sahne\u2019 kapsam\u0131nda yaln\u0131zca iki g\u00fcn boyunca a\u00e7\u0131k olacak Serkan Aka&#8217;n\u0131n benzersiz eseri, Batak Ar\u015fiv-su ses istasyonu sizleri bekliyor. Bu interaktif ses enstalasyonu, g\u00fcndelik hayatta s\u0131k\u00e7a kar\u015f\u0131la\u015ft\u0131\u011f\u0131m\u0131z s\u0131radan nesneleri nefesli \u00e7alg\u0131lara d\u00f6n\u00fc\u015ft\u00fcren yarat\u0131c\u0131 bir deneyim sunuyor.<\/p>\n<p>Elektrik borular\u0131, pet \u015fi\u015feler, pompalar gibi al\u0131\u015f\u0131lm\u0131\u015f nesneler, bu alanda su fl\u00fctleri, membran klarnetler ve su m\u0131z\u0131kalar\u0131 gibi \u00f6zg\u00fcn enstr\u00fcmanlara d\u00f6n\u00fc\u015f\u00fcyor. Ziyaret\u00e7iler, bu s\u0131rad\u0131\u015f\u0131 enstr\u00fcmanlar\u0131n yap\u0131m a\u015famalar\u0131n\u0131 ke\u015ffederken, nas\u0131l \u00e7al\u0131nd\u0131klar\u0131n\u0131 da bizzat deneyimleyebilecekler.<\/p>\n<p>Bu etkinlik, g\u00fcn\u00fcm\u00fczde kullan\u0131lan nefesli \u00e7alg\u0131lar\u0131n basit ama etkileyici formlar\u0131n\u0131 herkesin ula\u015fabilece\u011fi bir d\u00fczeye indirgerken, farkl\u0131 \u00e7alma teknikleriyle yarat\u0131c\u0131 ke\u015fiflere de kap\u0131 aral\u0131yor. Hem gen\u00e7ler hem yeti\u015fkinler hem de \u00e7ocuklar\u0131yla birlikte gelen aileler i\u00e7in uygun olan bu ses deneyim alan\u0131nda, m\u00fczik bilgisi olmaks\u0131z\u0131n herkesin kat\u0131l\u0131m sa\u011flayabilece\u011fi bir atmosfer yarat\u0131l\u0131yor. Bu e\u015fsiz f\u0131rsat\u0131 ka\u00e7\u0131rmay\u0131n!<\/p>\n<p><span style=\"font-weight: 400\">Deneyimin s\u00fcresi, 10-15 dakikad\u0131r. 24 A\u011fustos Cumartesi g\u00fcn\u00fc 15:00-17:30 ve 25 A\u011fustos 13:00-16.00&#8217;da ger\u00e7ekle\u015fecek deneyime, kay\u0131t olarak kat\u0131labilirsiniz.<\/span><\/p>\n<p><span style=\"font-weight: 400\">Y\u00fcr\u00fct\u00fcc\u00fc: Serkan Aka<\/span><\/p>\n<p><span style=\"font-weight: 400\">Mek\u00e2n: SSM Orta Bah\u00e7e<\/span><\/p>\n<p><span style=\"font-weight: 400\">12 ya\u015f ve \u00fczeri kat\u0131l\u0131mc\u0131 i\u00e7in uygundur.<\/span><\/p>\n<p><strong>\u00d6nemli Bilgiler:<\/strong><\/p>\n<p><span style=\"font-weight: 400\">&#8212; Kay\u0131tlar ki\u015fiye \u00f6zeldir.<\/span><\/p>\n<p><span style=\"font-weight: 400\">&#8212; Bas\u0131l\u0131 bilet g\u00f6nderilmeyecektir. Giri\u015fte size g\u00f6nderilen e-postay\u0131 g\u00f6stermeniz yeterlidir.<\/span><\/p>\n<p><span style=\"font-weight: 400\">&#8212; Oturma d\u00fczeni yoktur, etkinlik ayaktad\u0131r ve \u00e7im alandad\u0131r.<\/span><\/p>\n<p>&#8212; Vestiyer ve otopark hizmeti verilmeyecektir.<\/p>\n<p>&#8212; Etkinlik a\u00e7\u0131k havada ger\u00e7ekle\u015fece\u011finden izleyicilerin hava ko\u015fullar\u0131na uygun giyinmeleri tavsiye edilir.<\/p>\n<p><strong>Etkinlik Kurallar\u0131:\u00a0<\/strong><\/p>\n<p style=\"text-align: left\"><span style=\"font-weight: 400\">Etkinlik \u00fccretsizdir ve kat\u0131l\u0131m i\u00e7in kay\u0131t gerekmektedir. Kay\u0131tl\u0131 izleyicilere \u00f6ncelik tan\u0131nacakt\u0131r. Her etkinli\u011fe ili\u015fkin ya\u015f s\u0131n\u0131r\u0131 etkinli\u011fin kay\u0131t sayfas\u0131nda belirtilmi\u015ftir.<\/span><\/p>\n<p style=\"text-align: left\"><span style=\"font-weight: 400\">Organizasyon, \u00f6ng\u00f6r\u00fclmeyen ve ka\u00e7\u0131n\u0131lmaz nedenlerden \u00f6t\u00fcr\u00fc programda her t\u00fcrl\u00fc de\u011fi\u015fiklik yapma hakk\u0131n\u0131 sakl\u0131 tutar.\u00a0<\/span><\/p>\n<p style=\"text-align: left\"><span style=\"font-weight: 400\">Etkinli\u011fe kat\u0131lan ki\u015filerin foto\u011fraf ve video \u00e7ekimlerinin tan\u0131t\u0131m materyallerinde kullan\u0131m hakk\u0131 etkinlik organizasyonuna ait olup kat\u0131l\u0131mc\u0131, etkinli\u011fe kat\u0131larak bu hakk\u0131n kullan\u0131lmas\u0131n\u0131 kabul etmektedir.<\/span><\/p>\n<p style=\"text-align: left\">Etkinlik alan\u0131nda izleyicilerin yan\u0131nda bulunan e\u015fyalar\u0131n sorumlulu\u011fu kendilerine aittir.<\/p>\n<p style=\"text-align: left\">Etkinlik organizat\u00f6r\u00fc, alanda ba\u015fkalar\u0131n\u0131n huzurunu bozacak \u015fekilde davran\u0131\u015flar g\u00f6steren kat\u0131l\u0131mc\u0131lar\u0131 etkinlik alan\u0131ndan \u00e7\u0131karma hakk\u0131na sahiptir.<\/p>\n","protected":false},"excerpt":{"rendered":"<p>24 A\u011fustos Cumartesi, 15:00 &#8211; 17:30, Orta Bah\u00e7e<\/p>\n<p style=\"text-align: left\">25 A\u011fustos Pazar, 13:00 &#8211; 16:00, Orta Bah\u00e7e<\/p>\n","protected":false},"featured_media":267961,"template":"","meta":{"_exactmetrics_skip_tracking":false,"_exactmetrics_sitenote_active":false,"_exactmetrics_sitenote_note":"","_exactmetrics_sitenote_category":0},"product_brand":[],"product_cat":[],"product_tag":[],"woo-feed-brand":[],"class_list":{"0":"post-267959","1":"product","2":"type-product","3":"status-publish","4":"has-post-thumbnail","7":"first","8":"instock","9":"sold-individually","10":"taxable","11":"shipping-taxable","12":"purchasable","13":"product-type-variable"},"yoast_head":"<!-- This site is optimized with the Yoast SEO plugin v27.1.1 - https:\/\/yoast.com\/product\/yoast-seo-wordpress\/ -->\n<title>M\u00fczede Sahne: Batak Ar\u015fiv-\u0130nteraktif Ses Yerle\u015ftirmesi - SSM Shop<\/title>\n<meta name=\"robots\" content=\"index, follow, max-snippet:-1, max-image-preview:large, max-video-preview:-1\" \/>\n<link rel=\"canonical\" href=\"https:\/\/sakipsabancimuzesi.org\/shop\/urun\/egitim-ve-etkinlik\/muzede-sahne-batak-arsiv-interaktif-ses-yerlestirmesi\/\" \/>\n<meta property=\"og:locale\" content=\"tr_TR\" \/>\n<meta property=\"og:type\" content=\"article\" \/>\n<meta property=\"og:title\" content=\"M\u00fczede Sahne: Batak Ar\u015fiv-\u0130nteraktif Ses Yerle\u015ftirmesi - SSM Shop\" \/>\n<meta property=\"og:description\" content=\"24 A\u011fustos Cumartesi, 15:00 - 17:30, Orta Bah\u00e7e 25 A\u011fustos Pazar, 13:00 - 16:00, Orta Bah\u00e7e\" \/>\n<meta property=\"og:url\" content=\"https:\/\/sakipsabancimuzesi.org\/shop\/urun\/egitim-ve-etkinlik\/muzede-sahne-batak-arsiv-interaktif-ses-yerlestirmesi\/\" \/>\n<meta property=\"og:site_name\" content=\"SSM Shop\" \/>\n<meta property=\"article:publisher\" content=\"https:\/\/www.facebook.com\/SakipSabanciMuzesi\/\" \/>\n<meta property=\"article:modified_time\" content=\"2024-08-21T20:51:05+00:00\" \/>\n<meta property=\"og:image\" content=\"https:\/\/sakipsabancimuzesi.org\/shop\/wp-content\/uploads\/2024\/08\/batak-1.jpg\" \/>\n\t<meta property=\"og:image:width\" content=\"1080\" \/>\n\t<meta property=\"og:image:height\" content=\"1080\" \/>\n\t<meta property=\"og:image:type\" content=\"image\/jpeg\" \/>\n<meta name=\"twitter:card\" content=\"summary_large_image\" \/>\n<meta name=\"twitter:label1\" content=\"Tahmini okuma s\u00fcresi\" \/>\n\t<meta name=\"twitter:data1\" content=\"2 dakika\" \/>\n<script type=\"application\/ld+json\" class=\"yoast-schema-graph\">{\"@context\":\"https:\/\/schema.org\",\"@graph\":[{\"@type\":\"WebPage\",\"@id\":\"https:\/\/sakipsabancimuzesi.org\/shop\/urun\/egitim-ve-etkinlik\/muzede-sahne-batak-arsiv-interaktif-ses-yerlestirmesi\/\",\"url\":\"https:\/\/sakipsabancimuzesi.org\/shop\/urun\/egitim-ve-etkinlik\/muzede-sahne-batak-arsiv-interaktif-ses-yerlestirmesi\/\",\"name\":\"M\u00fczede Sahne: Batak Ar\u015fiv-\u0130nteraktif Ses Yerle\u015ftirmesi - SSM Shop\",\"isPartOf\":{\"@id\":\"https:\/\/sakipsabancimuzesi.org\/shop\/#website\"},\"primaryImageOfPage\":{\"@id\":\"https:\/\/sakipsabancimuzesi.org\/shop\/urun\/egitim-ve-etkinlik\/muzede-sahne-batak-arsiv-interaktif-ses-yerlestirmesi\/#primaryimage\"},\"image\":{\"@id\":\"https:\/\/sakipsabancimuzesi.org\/shop\/urun\/egitim-ve-etkinlik\/muzede-sahne-batak-arsiv-interaktif-ses-yerlestirmesi\/#primaryimage\"},\"thumbnailUrl\":\"https:\/\/sakipsabancimuzesi.org\/shop\/wp-content\/uploads\/2024\/08\/batak-1.jpg\",\"datePublished\":\"2024-08-14T11:40:24+00:00\",\"dateModified\":\"2024-08-21T20:51:05+00:00\",\"breadcrumb\":{\"@id\":\"https:\/\/sakipsabancimuzesi.org\/shop\/urun\/egitim-ve-etkinlik\/muzede-sahne-batak-arsiv-interaktif-ses-yerlestirmesi\/#breadcrumb\"},\"inLanguage\":\"tr\",\"potentialAction\":[{\"@type\":\"ReadAction\",\"target\":[\"https:\/\/sakipsabancimuzesi.org\/shop\/urun\/egitim-ve-etkinlik\/muzede-sahne-batak-arsiv-interaktif-ses-yerlestirmesi\/\"]}]},{\"@type\":\"ImageObject\",\"inLanguage\":\"tr\",\"@id\":\"https:\/\/sakipsabancimuzesi.org\/shop\/urun\/egitim-ve-etkinlik\/muzede-sahne-batak-arsiv-interaktif-ses-yerlestirmesi\/#primaryimage\",\"url\":\"https:\/\/sakipsabancimuzesi.org\/shop\/wp-content\/uploads\/2024\/08\/batak-1.jpg\",\"contentUrl\":\"https:\/\/sakipsabancimuzesi.org\/shop\/wp-content\/uploads\/2024\/08\/batak-1.jpg\",\"width\":1080,\"height\":1080},{\"@type\":\"BreadcrumbList\",\"@id\":\"https:\/\/sakipsabancimuzesi.org\/shop\/urun\/egitim-ve-etkinlik\/muzede-sahne-batak-arsiv-interaktif-ses-yerlestirmesi\/#breadcrumb\",\"itemListElement\":[{\"@type\":\"ListItem\",\"position\":1,\"name\":\"Ana sayfa\",\"item\":\"https:\/\/sakipsabancimuzesi.org\/shop\/\"},{\"@type\":\"ListItem\",\"position\":2,\"name\":\"Shop\",\"item\":\"https:\/\/sakipsabancimuzesi.org\/shop\/shop\/\"},{\"@type\":\"ListItem\",\"position\":3,\"name\":\"M\u00fczede Sahne: Batak Ar\u015fiv-\u0130nteraktif Ses Yerle\u015ftirmesi\"}]},{\"@type\":\"WebSite\",\"@id\":\"https:\/\/sakipsabancimuzesi.org\/shop\/#website\",\"url\":\"https:\/\/sakipsabancimuzesi.org\/shop\/\",\"name\":\"SSM Shop\",\"description\":\"Sak\u0131p Sabanc\u0131 M\u00fczesi, Ma\u011faza\",\"publisher\":{\"@id\":\"https:\/\/sakipsabancimuzesi.org\/shop\/#organization\"},\"potentialAction\":[{\"@type\":\"SearchAction\",\"target\":{\"@type\":\"EntryPoint\",\"urlTemplate\":\"https:\/\/sakipsabancimuzesi.org\/shop\/?s={search_term_string}\"},\"query-input\":{\"@type\":\"PropertyValueSpecification\",\"valueRequired\":true,\"valueName\":\"search_term_string\"}}],\"inLanguage\":\"tr\"},{\"@type\":\"Organization\",\"@id\":\"https:\/\/sakipsabancimuzesi.org\/shop\/#organization\",\"name\":\"SSM Shop\",\"url\":\"https:\/\/sakipsabancimuzesi.org\/shop\/\",\"logo\":{\"@type\":\"ImageObject\",\"inLanguage\":\"tr\",\"@id\":\"https:\/\/sakipsabancimuzesi.org\/shop\/#\/schema\/logo\/image\/\",\"url\":\"https:\/\/sakipsabancimuzesi.org\/shop\/wp-content\/uploads\/2019\/11\/logo.png\",\"contentUrl\":\"https:\/\/sakipsabancimuzesi.org\/shop\/wp-content\/uploads\/2019\/11\/logo.png\",\"width\":227,\"height\":87,\"caption\":\"SSM Shop\"},\"image\":{\"@id\":\"https:\/\/sakipsabancimuzesi.org\/shop\/#\/schema\/logo\/image\/\"},\"sameAs\":[\"https:\/\/www.facebook.com\/SakipSabanciMuzesi\/\"]}]}<\/script>\n<!-- \/ Yoast SEO plugin. -->","yoast_head_json":{"title":"M\u00fczede Sahne: Batak Ar\u015fiv-\u0130nteraktif Ses Yerle\u015ftirmesi - SSM Shop","robots":{"index":"index","follow":"follow","max-snippet":"max-snippet:-1","max-image-preview":"max-image-preview:large","max-video-preview":"max-video-preview:-1"},"canonical":"https:\/\/sakipsabancimuzesi.org\/shop\/urun\/egitim-ve-etkinlik\/muzede-sahne-batak-arsiv-interaktif-ses-yerlestirmesi\/","og_locale":"tr_TR","og_type":"article","og_title":"M\u00fczede Sahne: Batak Ar\u015fiv-\u0130nteraktif Ses Yerle\u015ftirmesi - SSM Shop","og_description":"24 A\u011fustos Cumartesi, 15:00 - 17:30, Orta Bah\u00e7e 25 A\u011fustos Pazar, 13:00 - 16:00, Orta Bah\u00e7e","og_url":"https:\/\/sakipsabancimuzesi.org\/shop\/urun\/egitim-ve-etkinlik\/muzede-sahne-batak-arsiv-interaktif-ses-yerlestirmesi\/","og_site_name":"SSM Shop","article_publisher":"https:\/\/www.facebook.com\/SakipSabanciMuzesi\/","article_modified_time":"2024-08-21T20:51:05+00:00","og_image":[{"width":1080,"height":1080,"url":"https:\/\/sakipsabancimuzesi.org\/shop\/wp-content\/uploads\/2024\/08\/batak-1.jpg","type":"image\/jpeg"}],"twitter_card":"summary_large_image","twitter_misc":{"Tahmini okuma s\u00fcresi":"2 dakika"},"schema":{"@context":"https:\/\/schema.org","@graph":[{"@type":"WebPage","@id":"https:\/\/sakipsabancimuzesi.org\/shop\/urun\/egitim-ve-etkinlik\/muzede-sahne-batak-arsiv-interaktif-ses-yerlestirmesi\/","url":"https:\/\/sakipsabancimuzesi.org\/shop\/urun\/egitim-ve-etkinlik\/muzede-sahne-batak-arsiv-interaktif-ses-yerlestirmesi\/","name":"M\u00fczede Sahne: Batak Ar\u015fiv-\u0130nteraktif Ses Yerle\u015ftirmesi - SSM Shop","isPartOf":{"@id":"https:\/\/sakipsabancimuzesi.org\/shop\/#website"},"primaryImageOfPage":{"@id":"https:\/\/sakipsabancimuzesi.org\/shop\/urun\/egitim-ve-etkinlik\/muzede-sahne-batak-arsiv-interaktif-ses-yerlestirmesi\/#primaryimage"},"image":{"@id":"https:\/\/sakipsabancimuzesi.org\/shop\/urun\/egitim-ve-etkinlik\/muzede-sahne-batak-arsiv-interaktif-ses-yerlestirmesi\/#primaryimage"},"thumbnailUrl":"https:\/\/sakipsabancimuzesi.org\/shop\/wp-content\/uploads\/2024\/08\/batak-1.jpg","datePublished":"2024-08-14T11:40:24+00:00","dateModified":"2024-08-21T20:51:05+00:00","breadcrumb":{"@id":"https:\/\/sakipsabancimuzesi.org\/shop\/urun\/egitim-ve-etkinlik\/muzede-sahne-batak-arsiv-interaktif-ses-yerlestirmesi\/#breadcrumb"},"inLanguage":"tr","potentialAction":[{"@type":"ReadAction","target":["https:\/\/sakipsabancimuzesi.org\/shop\/urun\/egitim-ve-etkinlik\/muzede-sahne-batak-arsiv-interaktif-ses-yerlestirmesi\/"]}]},{"@type":"ImageObject","inLanguage":"tr","@id":"https:\/\/sakipsabancimuzesi.org\/shop\/urun\/egitim-ve-etkinlik\/muzede-sahne-batak-arsiv-interaktif-ses-yerlestirmesi\/#primaryimage","url":"https:\/\/sakipsabancimuzesi.org\/shop\/wp-content\/uploads\/2024\/08\/batak-1.jpg","contentUrl":"https:\/\/sakipsabancimuzesi.org\/shop\/wp-content\/uploads\/2024\/08\/batak-1.jpg","width":1080,"height":1080},{"@type":"BreadcrumbList","@id":"https:\/\/sakipsabancimuzesi.org\/shop\/urun\/egitim-ve-etkinlik\/muzede-sahne-batak-arsiv-interaktif-ses-yerlestirmesi\/#breadcrumb","itemListElement":[{"@type":"ListItem","position":1,"name":"Ana sayfa","item":"https:\/\/sakipsabancimuzesi.org\/shop\/"},{"@type":"ListItem","position":2,"name":"Shop","item":"https:\/\/sakipsabancimuzesi.org\/shop\/shop\/"},{"@type":"ListItem","position":3,"name":"M\u00fczede Sahne: Batak Ar\u015fiv-\u0130nteraktif Ses Yerle\u015ftirmesi"}]},{"@type":"WebSite","@id":"https:\/\/sakipsabancimuzesi.org\/shop\/#website","url":"https:\/\/sakipsabancimuzesi.org\/shop\/","name":"SSM Shop","description":"Sak\u0131p Sabanc\u0131 M\u00fczesi, Ma\u011faza","publisher":{"@id":"https:\/\/sakipsabancimuzesi.org\/shop\/#organization"},"potentialAction":[{"@type":"SearchAction","target":{"@type":"EntryPoint","urlTemplate":"https:\/\/sakipsabancimuzesi.org\/shop\/?s={search_term_string}"},"query-input":{"@type":"PropertyValueSpecification","valueRequired":true,"valueName":"search_term_string"}}],"inLanguage":"tr"},{"@type":"Organization","@id":"https:\/\/sakipsabancimuzesi.org\/shop\/#organization","name":"SSM Shop","url":"https:\/\/sakipsabancimuzesi.org\/shop\/","logo":{"@type":"ImageObject","inLanguage":"tr","@id":"https:\/\/sakipsabancimuzesi.org\/shop\/#\/schema\/logo\/image\/","url":"https:\/\/sakipsabancimuzesi.org\/shop\/wp-content\/uploads\/2019\/11\/logo.png","contentUrl":"https:\/\/sakipsabancimuzesi.org\/shop\/wp-content\/uploads\/2019\/11\/logo.png","width":227,"height":87,"caption":"SSM Shop"},"image":{"@id":"https:\/\/sakipsabancimuzesi.org\/shop\/#\/schema\/logo\/image\/"},"sameAs":["https:\/\/www.facebook.com\/SakipSabanciMuzesi\/"]}]}},"jetpack_sharing_enabled":true,"_links":{"self":[{"href":"https:\/\/sakipsabancimuzesi.org\/shop\/wp-json\/wp\/v2\/product\/267959","targetHints":{"allow":["GET"]}}],"collection":[{"href":"https:\/\/sakipsabancimuzesi.org\/shop\/wp-json\/wp\/v2\/product"}],"about":[{"href":"https:\/\/sakipsabancimuzesi.org\/shop\/wp-json\/wp\/v2\/types\/product"}],"wp:featuredmedia":[{"embeddable":true,"href":"https:\/\/sakipsabancimuzesi.org\/shop\/wp-json\/wp\/v2\/media\/267961"}],"wp:attachment":[{"href":"https:\/\/sakipsabancimuzesi.org\/shop\/wp-json\/wp\/v2\/media?parent=267959"}],"wp:term":[{"taxonomy":"product_brand","embeddable":true,"href":"https:\/\/sakipsabancimuzesi.org\/shop\/wp-json\/wp\/v2\/product_brand?post=267959"},{"taxonomy":"product_cat","embeddable":true,"href":"https:\/\/sakipsabancimuzesi.org\/shop\/wp-json\/wp\/v2\/product_cat?post=267959"},{"taxonomy":"product_tag","embeddable":true,"href":"https:\/\/sakipsabancimuzesi.org\/shop\/wp-json\/wp\/v2\/product_tag?post=267959"},{"taxonomy":"woo-feed-brand","embeddable":true,"href":"https:\/\/sakipsabancimuzesi.org\/shop\/wp-json\/wp\/v2\/woo-feed-brand?post=267959"}],"curies":[{"name":"wp","href":"https:\/\/api.w.org\/{rel}","templated":true}]}}